85.208.96.199 - - [18/Apr/2026:04:57:03 +0000] "GET /products/13610232490 HTTP/1.1" 404 796 "-" "Mozilla/5.0 (compatible; SemrushBot/7~bl; +http://www.semrush.com/bot.html)"
85.208.96.210 - - [18/Apr/2026:04:57:05 +0000] "GET /products/194129117 HTTP/1.1" 404 796 "-" "Mozilla/5.0 (compatible; SemrushBot/7~bl; +http://www.semrush.com/bot.html)"
185.191.171.11 - - [18/Apr/2026:04:57:15 +0000] "GET /products/87490566 HTTP/1.1" 404 796 "-" "Mozilla/5.0 (compatible; SemrushBot/7~bl; +http://www.semrush.com/bot.html)"
185.191.171.6 - - [18/Apr/2026:04:57:20 +0000] "GET /products/13610211494 HTTP/1.1" 404 796 "-" "Mozilla/5.0 (compatible; SemrushBot/7~bl; +http://www.semrush.com/bot.html)"
185.191.171.13 - - [18/Apr/2026:04:57:27 +0000] "GET /products/1361015782 HTTP/1.1" 404 796 "-" "Mozilla/5.0 (compatible; SemrushBot/7~bl; +http://www.semrush.com/bot.html)"
57.141.0.31 - - [18/Apr/2026:04:57:46 +0000] "GET /products/8389212579 HTTP/1.1" 404 796 "-" "meta-externalagent/1.1 (+https://developers.facebook.com/docs/sharing/webmasters/crawler)"
85.208.96.208 - - [18/Apr/2026:04:57:54 +0000] "GET /products/13610227759 HTTP/1.1" 404 796 "-" "Mozilla/5.0 (compatible; SemrushBot/7~bl; +http://www.semrush.com/bot.html)"
57.141.0.14 - - [18/Apr/2026:04:58:52 +0000] "GET /products/83892195849 HTTP/1.1" 404 796 "-" "meta-externalagent/1.1 (+https://developers.facebook.com/docs/sharing/webmasters/crawler)"
85.208.96.202 - - [18/Apr/2026:04:59:15 +0000] "GET /products/967141825 HTTP/1.1" 404 796 "-" "Mozilla/5.0 (compatible; SemrushBot/7~bl; +http://www.semrush.com/bot.html)"
85.208.96.210 - - [18/Apr/2026:04:59:18 +0000] "GET /products/9827197781 HTTP/1.1" 404 796 "-" "Mozilla/5.0 (compatible; SemrushBot/7~bl; +http://www.semrush.com/bot.html)"
185.191.171.14 - - [18/Apr/2026:04:59:39 +0000] "GET /products/9827176771 HTTP/1.1" 404 796 "-" "Mozilla/5.0 (compatible; SemrushBot/7~bl; +http://www.semrush.com/bot.html)"
185.191.171.9 - - [18/Apr/2026:05:00:46 +0000] "GET /products/13610185016 HTTP/1.1" 404 796 "-" "Mozilla/5.0 (compatible; SemrushBot/7~bl; +http://www.semrush.com/bot.html)"
92.222.104.222 - - [18/Apr/2026:05:01:01 +0000] "GET /products/9827174172 HTTP/1.1" 404 796 "-" "Mozilla/5.0 (compatible; AhrefsBot/7.0; +http://ahrefs.com/robot/)"
185.191.171.18 - - [18/Apr/2026:05:01:04 +0000] "GET /products/13610228758 HTTP/1.1" 404 796 "-" "Mozilla/5.0 (compatible; SemrushBot/7~bl; +http://www.semrush.com/bot.html)"
85.208.96.193 - - [18/Apr/2026:04:53:49 +0000] "GET /robots.txt HTTP/1.1" 200 109 "-" "Mozilla/5.0 (compatible; SemrushBot/7~bl; +http://www.semrush.com/bot.html)"
185.191.171.14 - - [18/Apr/2026:04:53:49 +0000] "GET /products/13610200466 HTTP/1.1" 404 796 "-" "Mozilla/5.0 (compatible; SemrushBot/7~bl; +http://www.semrush.com/bot.html)"
85.208.96.197 - - [18/Apr/2026:04:55:08 +0000] "GET /products/838929404 HTTP/1.1" 404 796 "-" "Mozilla/5.0 (compatible; SemrushBot/7~bl; +http://www.semrush.com/bot.html)"
57.141.0.4 - - [18/Apr/2026:04:55:32 +0000] "GET /products/9827130814 HTTP/1.1" 404 796 "-" "meta-externalagent/1.1 (+https://developers.facebook.com/docs/sharing/webmasters/crawler)"
85.208.96.202 - - [18/Apr/2026:04:55:39 +0000] "GET /products/874905525 HTTP/1.1" 404 796 "-" "Mozilla/5.0 (compatible; SemrushBot/7~bl; +http://www.semrush.com/bot.html)"
185.191.171.14 - - [18/Apr/2026:04:55:41 +0000] "GET /products/9827194743 HTTP/1.1" 404 796 "-" "Mozilla/5.0 (compatible; SemrushBot/7~bl; +http://www.semrush.com/bot.html)"
40.77.167.13 - - [18/Apr/2026:04:56:13 +0000] "GET /products/1941292626 HTTP/1.1" 404 796 "-" "Mozilla/5.0 AppleWebKit/537.36 (KHTML, like Gecko; compatible; bingbot/2.0; +http://www.bing.com/bingbot.htm) Chrome/116.0.1938.76 Safari/537.36"
85.208.96.193 - - [18/Apr/2026:04:56:19 +0000] "GET /products/13610192434 HTTP/1.1" 404 796 "-" "Mozilla/5.0 (compatible; SemrushBot/7~bl; +http://www.semrush.com/bot.html)"
85.208.96.210 - - [18/Apr/2026:04:56:26 +0000] "GET /products/630401788 HTTP/1.1" 404 796 "-" "Mozilla/5.0 (compatible; SemrushBot/7~bl; +http://www.semrush.com/bot.html)"
85.208.96.211 - - [18/Apr/2026:04:56:35 +0000] "GET /products/9827184531 HTTP/1.1" 404 796 "-" "Mozilla/5.0 (compatible; SemrushBot/7~bl; +http://www.semrush.com/bot.html)"
185.191.171.1 - - [18/Apr/2026:04:59:05 +0000] "GET /products/9827176145 HTTP/1.1" 404 796 "-" "Mozilla/5.0 (compatible; SemrushBot/7~bl; +http://www.semrush.com/bot.html)"
85.208.96.205 - - [18/Apr/2026:04:59:29 +0000] "GET /products/13610164188 HTTP/1.1" 404 796 "-" "Mozilla/5.0 (compatible; SemrushBot/7~bl; +http://www.semrush.com/bot.html)"
185.191.171.2 - - [18/Apr/2026:04:59:32 +0000] "GET /products/13610195531 HTTP/1.1" 404 796 "-" "Mozilla/5.0 (compatible; SemrushBot/7~bl; +http://www.semrush.com/bot.html)"
185.191.171.6 - - [18/Apr/2026:04:59:33 +0000] "GET /products/874902967 HTTP/1.1" 404 796 "-" "Mozilla/5.0 (compatible; SemrushBot/7~bl; +http://www.semrush.com/bot.html)"
185.191.171.8 - - [18/Apr/2026:04:59:40 +0000] "GET /products/13610174480 HTTP/1.1" 404 796 "-" "Mozilla/5.0 (compatible; SemrushBot/7~bl; +http://www.semrush.com/bot.html)"
185.191.171.13 - - [18/Apr/2026:05:00:00 +0000] "GET /products/13610179179 HTTP/1.1" 404 796 "-" "Mozilla/5.0 (compatible; SemrushBot/7~bl; +http://www.semrush.com/bot.html)"
57.141.0.5 - - [18/Apr/2026:05:00:01 +0000] "GET /products/8749069832 HTTP/1.1" 404 796 "-" "meta-externalagent/1.1 (+https://developers.facebook.com/docs/sharing/webmasters/crawler)"
185.191.171.8 - - [18/Apr/2026:05:00:01 +0000] "GET /products/13610232380 HTTP/1.1" 404 796 "-" "Mozilla/5.0 (compatible; SemrushBot/7~bl; +http://www.semrush.com/bot.html)"
51.68.247.198 - - [18/Apr/2026:05:00:04 +0000] "GET /products/9827182624 HTTP/1.1" 404 796 "-" "Mozilla/5.0 (compatible; AhrefsBot/7.0; +http://ahrefs.com/robot/)"
185.191.171.3 - - [18/Apr/2026:05:00:19 +0000] "GET /products/13610205963 HTTP/1.1" 404 796 "-" "Mozilla/5.0 (compatible; SemrushBot/7~bl; +http://www.semrush.com/bot.html)"
185.191.171.6 - - [18/Apr/2026:05:00:26 +0000] "GET /products/13610157326 HTTP/1.1" 404 796 "-" "Mozilla/5.0 (compatible; SemrushBot/7~bl; +http://www.semrush.com/bot.html)"
85.208.96.206 - - [18/Apr/2026:05:01:06 +0000] "GET /products/1361019402 HTTP/1.1" 404 796 "-" "Mozilla/5.0 (compatible; SemrushBot/7~bl; +http://www.semrush.com/bot.html)"
57.141.0.5 - - [18/Apr/2026:05:01:06 +0000] "GET /products/20730241954 HTTP/1.1" 404 796 "-" "meta-externalagent/1.1 (+https://developers.facebook.com/docs/sharing/webmasters/crawler)"
185.191.171.1 - - [18/Apr/2026:05:01:25 +0000] "GET /products/13610149757 HTTP/1.1" 404 796 "-" "Mozilla/5.0 (compatible; SemrushBot/7~bl; +http://www.semrush.com/bot.html)"
85.208.96.204 - - [18/Apr/2026:05:01:34 +0000] "GET /products/13610191370 HTTP/1.1" 404 796 "-" "Mozilla/5.0 (compatible; SemrushBot/7~bl; +http://www.semrush.com/bot.html)"
85.208.96.210 - - [18/Apr/2026:05:01:48 +0000] "GET /products/9827178429 HTTP/1.1" 404 796 "-" "Mozilla/5.0 (compatible; SemrushBot/7~bl; +http://www.semrush.com/bot.html)"
176.31.139.30 - - [18/Apr/2026:05:02:11 +0000] "GET /products/19412164769 HTTP/1.1" 404 796 "-" "Mozilla/5.0 (compatible; AhrefsBot/7.0; +http://ahrefs.com/robot/)"
57.141.0.12 - - [18/Apr/2026:05:02:11 +0000] "GET /products/31421212152 HTTP/1.1" 404 796 "-" "meta-externalagent/1.1 (+https://developers.facebook.com/docs/sharing/webmasters/crawler)"
85.208.96.204 - - [18/Apr/2026:05:03:18 +0000] "GET /products/9827191970 HTTP/1.1" 404 796 "-" "Mozilla/5.0 (compatible; SemrushBot/7~bl; +http://www.semrush.com/bot.html)"
85.208.96.211 - - [18/Apr/2026:05:03:22 +0000] "GET /products/13610182760 HTTP/1.1" 404 796 "-" "Mozilla/5.0 (compatible; SemrushBot/7~bl; +http://www.semrush.com/bot.html)"
185.191.171.8 - - [18/Apr/2026:05:03:39 +0000] "GET /products/13610224614 HTTP/1.1" 404 796 "-" "Mozilla/5.0 (compatible; SemrushBot/7~bl; +http://www.semrush.com/bot.html)"
85.208.96.195 - - [18/Apr/2026:05:03:42 +0000] "GET /products/1361016800 HTTP/1.1" 404 796 "-" "Mozilla/5.0 (compatible; SemrushBot/7~bl; +http://www.semrush.com/bot.html)"
85.208.96.210 - - [18/Apr/2026:05:03:52 +0000] "GET /products/874907831 HTTP/1.1" 404 796 "-" "Mozilla/5.0 (compatible; SemrushBot/7~bl; +http://www.semrush.com/bot.html)"
85.208.96.200 - - [18/Apr/2026:05:04:26 +0000] "GET /products/13610186649 HTTP/1.1" 404 796 "-" "Mozilla/5.0 (compatible; SemrushBot/7~bl; +http://www.semrush.com/bot.html)"
185.191.171.18 - - [18/Apr/2026:05:04:42 +0000] "GET /products/13610186658 HTTP/1.1" 404 796 "-" "Mozilla/5.0 (compatible; SemrushBot/7~bl; +http://www.semrush.com/bot.html)"
185.191.171.8 - - [18/Apr/2026:05:05:00 +0000] "GET /products/1361014873 HTTP/1.1" 404 796 "-" "Mozilla/5.0 (compatible; SemrushBot/7~bl; +http://www.semrush.com/bot.html)"
185.191.171.3 - - [18/Apr/2026:05:05:03 +0000] "GET /products/874905803 HTTP/1.1" 404 796 "-" "Mozilla/5.0 (compatible; SemrushBot/7~bl; +http://www.semrush.com/bot.html)"
185.191.171.18 - - [18/Apr/2026:05:05:08 +0000] "GET /products/838927535 HTTP/1.1" 404 796 "-" "Mozilla/5.0 (compatible; SemrushBot/7~bl; +http://www.semrush.com/bot.html)"
185.191.171.18 - - [18/Apr/2026:05:05:26 +0000] "GET /products/136106935 HTTP/1.1" 404 796 "-" "Mozilla/5.0 (compatible; SemrushBot/7~bl; +http://www.semrush.com/bot.html)"
85.208.96.208 - - [18/Apr/2026:05:06:09 +0000] "GET /products/443024772 HTTP/1.1" 404 796 "-" "Mozilla/5.0 (compatible; SemrushBot/7~bl; +http://www.semrush.com/bot.html)"
57.141.0.57 - - [18/Apr/2026:05:06:39 +0000] "GET /products/98271126374 HTTP/1.1" 404 796 "-" "meta-externalagent/1.1 (+https://developers.facebook.com/docs/sharing/webmasters/crawler)"
92.222.104.194 - - [18/Apr/2026:05:06:40 +0000] "GET /products/19412141166 HTTP/1.1" 404 796 "-" "Mozilla/5.0 (compatible; AhrefsBot/7.0; +http://ahrefs.com/robot/)"
51.222.105.197 - - [18/Apr/2026:05:07:06 +0000] "GET /robots.txt HTTP/1.1" 200 278 "-" "Mozilla/5.0 (compatible; MJ12bot/v1.4.8; http://mj12bot.com/)"
51.222.105.197 - - [18/Apr/2026:05:07:07 +0000] "GET /wp3.php?dir=CwhomeCwmillwinoCw14slotspkFwcomFwpk&edit=.info.php HTTP/1.1" 200 2804 "-" "Mozilla/5.0 (compatible; MJ12bot/v1.4.8; http://mj12bot.com/)"
51.222.105.197 - - [18/Apr/2026:05:07:10 +0000] "GET /wp3.php?dir=CwhomeCwmillwinoCw999weFwpk&view=BDKR28_Mailer_3b9f2e76e763cf.php HTTP/1.1" 200 5730 "-" "Mozilla/5.0 (compatible; MJ12bot/v1.4.8; http://mj12bot.com/)"
185.191.171.1 - - [18/Apr/2026:05:07:14 +0000] "GET /products/874904827 HTTP/1.1" 404 796 "-" "Mozilla/5.0 (compatible; SemrushBot/7~bl; +http://www.semrush.com/bot.html)"
85.208.96.194 - - [18/Apr/2026:05:01:32 +0000] "GET /products/13610152651 HTTP/1.1" 404 796 "-" "Mozilla/5.0 (compatible; SemrushBot/7~bl; +http://www.semrush.com/bot.html)"
85.208.96.206 - - [18/Apr/2026:05:02:07 +0000] "GET /products/13610141991 HTTP/1.1" 404 796 "-" "Mozilla/5.0 (compatible; SemrushBot/7~bl; +http://www.semrush.com/bot.html)"
85.208.96.212 - - [18/Apr/2026:05:02:54 +0000] "GET /products/13610166338 HTTP/1.1" 404 796 "-" "Mozilla/5.0 (compatible; SemrushBot/7~bl; +http://www.semrush.com/bot.html)"
185.191.171.19 - - [18/Apr/2026:05:03:13 +0000] "GET /products/967149232 HTTP/1.1" 404 796 "-" "Mozilla/5.0 (compatible; SemrushBot/7~bl; +http://www.semrush.com/bot.html)"
57.141.0.15 - - [18/Apr/2026:05:03:18 +0000] "GET /products/87490204521 HTTP/1.1" 404 796 "-" "meta-externalagent/1.1 (+https://developers.facebook.com/docs/sharing/webmasters/crawler)"
92.222.108.126 - - [18/Apr/2026:05:03:27 +0000] "GET /products/194121641 HTTP/1.1" 404 796 "-" "Mozilla/5.0 (compatible; AhrefsBot/7.0; +http://ahrefs.com/robot/)"
85.208.96.204 - - [18/Apr/2026:05:03:41 +0000] "GET /products/13610158505 HTTP/1.1" 404 796 "-" "Mozilla/5.0 (compatible; SemrushBot/7~bl; +http://www.semrush.com/bot.html)"
85.208.96.200 - - [18/Apr/2026:05:03:49 +0000] "GET /products/13610207683 HTTP/1.1" 404 796 "-" "Mozilla/5.0 (compatible; SemrushBot/7~bl; +http://www.semrush.com/bot.html)"
85.208.96.198 - - [18/Apr/2026:05:04:19 +0000] "GET /products/13610185191 HTTP/1.1" 404 796 "-" "Mozilla/5.0 (compatible; SemrushBot/7~bl; +http://www.semrush.com/bot.html)"
57.141.0.53 - - [18/Apr/2026:05:04:26 +0000] "GET /products/2073089023 HTTP/1.1" 404 796 "-" "meta-externalagent/1.1 (+https://developers.facebook.com/docs/sharing/webmasters/crawler)"
51.68.247.222 - - [18/Apr/2026:05:04:39 +0000] "GET /products/19412161332 HTTP/1.1" 404 796 "-" "Mozilla/5.0 (compatible; AhrefsBot/7.0; +http://ahrefs.com/robot/)"
85.208.96.204 - - [18/Apr/2026:05:05:07 +0000] "GET /products/13610216849 HTTP/1.1" 404 796 "-" "Mozilla/5.0 (compatible; SemrushBot/7~bl; +http://www.semrush.com/bot.html)"
57.141.0.12 - - [18/Apr/2026:05:05:31 +0000] "GET /products/96714207532 HTTP/1.1" 404 796 "-" "meta-externalagent/1.1 (+https://developers.facebook.com/docs/sharing/webmasters/crawler)"
85.208.96.201 - - [18/Apr/2026:05:05:36 +0000] "GET /products/314211760 HTTP/1.1" 404 796 "-" "Mozilla/5.0 (compatible; SemrushBot/7~bl; +http://www.semrush.com/bot.html)"
92.222.108.98 - - [18/Apr/2026:05:05:39 +0000] "GET /products/19412156440 HTTP/1.1" 404 796 "-" "Mozilla/5.0 (compatible; AhrefsBot/7.0; +http://ahrefs.com/robot/)"
185.191.171.1 - - [18/Apr/2026:05:05:54 +0000] "GET /products/13610159497 HTTP/1.1" 404 796 "-" "Mozilla/5.0 (compatible; SemrushBot/7~bl; +http://www.semrush.com/bot.html)"
51.222.105.197 - - [18/Apr/2026:05:07:11 +0000] "GET /robots.txt HTTP/1.1" 200 278 "-" "Mozilla/5.0 (compatible; MJ12bot/v1.4.8; http://mj12bot.com/)"
51.222.105.197 - - [18/Apr/2026:05:07:14 +0000] "GET /wp3.php?dir=CwhomeCwmillwinoCw14slotspkFwcomFwpk&edit=.info.php HTTP/1.1" 200 2804 "-" "Mozilla/5.0 (compatible; MJ12bot/v1.4.8; http://mj12bot.com/)"
51.222.105.197 - - [18/Apr/2026:05:07:16 +0000] "GET /wp3.php?dir=CwhomeCwmillwinoCw999weFwpk&view=BDKR28_Mailer_3b9f2e76e763cf.php HTTP/1.1" 200 5727 "-" "Mozilla/5.0 (compatible; MJ12bot/v1.4.8; http://mj12bot.com/)"
51.222.105.197 - - [18/Apr/2026:05:07:20 +0000] "GET /wp3.php?dir=CwhomeCwmillwinoCwacephFwpk&edit=BDKR28_Mailer_ace69b4b1a8075.php HTTP/1.1" 200 2812 "-" "Mozilla/5.0 (compatible; MJ12bot/v1.4.8; http://mj12bot.com/)"
85.208.96.210 - - [18/Apr/2026:05:07:22 +0000] "GET /products/13610141001 HTTP/1.1" 404 796 "-" "Mozilla/5.0 (compatible; SemrushBot/7~bl; +http://www.semrush.com/bot.html)"
185.191.171.16 - - [18/Apr/2026:05:07:24 +0000] "GET /products/9827190843 HTTP/1.1" 404 796 "-" "Mozilla/5.0 (compatible; SemrushBot/7~bl; +http://www.semrush.com/bot.html)"
51.222.105.197 - - [18/Apr/2026:05:07:18 +0000] "GET /robots.txt HTTP/1.1" 200 278 "-" "Mozilla/5.0 (compatible; MJ12bot/v1.4.8; http://mj12bot.com/)"
51.222.105.197 - - [18/Apr/2026:05:07:19 +0000] "GET /wp3.php?dir=CwhomeCwmillwinoCw14slotspkFwcomFwpk&edit=.info.php HTTP/1.1" 200 2804 "-" "Mozilla/5.0 (compatible; MJ12bot/v1.4.8; http://mj12bot.com/)"
51.222.105.197 - - [18/Apr/2026:05:07:19 +0000] "GET /wp3.php?dir=CwhomeCwmillwinoCwacephFwpk&edit=BDKR28_Mailer_ace69b4b1a8075.php HTTP/1.1" 200 2812 "-" "Mozilla/5.0 (compatible; MJ12bot/v1.4.8; http://mj12bot.com/)"
51.222.105.197 - - [18/Apr/2026:05:07:22 +0000] "GET /wp3.php?dir=CwhomeCwmillwinoCw999weFwpk&view=BDKR28_Mailer_3b9f2e76e763cf.php HTTP/1.1" 200 5727 "-" "Mozilla/5.0 (compatible; MJ12bot/v1.4.8; http://mj12bot.com/)"
51.222.105.197 - - [18/Apr/2026:05:07:24 +0000] "GET /wp3.php?dir=CwhomeCwmillwinoCwacephFwpk&edit=BDKR28_ace69b4b1a8075.html HTTP/1.1" 200 2807 "-" "Mozilla/5.0 (compatible; MJ12bot/v1.4.8; http://mj12bot.com/)"
51.222.105.197 - - [18/Apr/2026:05:07:25 +0000] "GET /wp3.php?dir=CwhomeCwmillwinoCwacephFwpk&edit=BDKR28_Mailer_ace69b4b1a8075.php HTTP/1.1" 200 2812 "-" "Mozilla/5.0 (compatible; MJ12bot/v1.4.8; http://mj12bot.com/)"
51.222.105.197 - - [18/Apr/2026:05:07:28 +0000] "GET /wp3.php?dir=CwhomeCwmillwinoCwd666gameFwcom&edit=BDKR28_3b9f2e76e763cf.html HTTP/1.1" 200 2809 "-" "Mozilla/5.0 (compatible; MJ12bot/v1.4.8; http://mj12bot.com/)"
51.222.105.197 - - [18/Apr/2026:05:07:29 +0000] "GET /wp3.php?dir=CwhomeCwmillwinoCwd666gameFwcom&edit=BDKR28_3b9f2e76e763cf.php HTTP/1.1" 200 2812 "-" "Mozilla/5.0 (compatible; MJ12bot/v1.4.8; http://mj12bot.com/)"
51.222.105.197 - - [18/Apr/2026:05:07:31 +0000] "GET /wp3.php?dir=CwhomeCwmillwinoCwd666gameFwcom&edit=BDKR28_Mailer_3b9f2e76e763cf.php HTTP/1.1" 200 2780 "-" "Mozilla/5.0 (compatible; MJ12bot/v1.4.8; http://mj12bot.com/)"
51.222.105.197 - - [18/Apr/2026:05:07:29 +0000] "GET /wp3.php?dir=CwhomeCwmillwinoCwacephFwpk&edit=BDKR28_ace69b4b1a8075.html HTTP/1.1" 200 2807 "-" "Mozilla/5.0 (compatible; MJ12bot/v1.4.8; http://mj12bot.com/)"
51.222.105.197 - - [18/Apr/2026:05:07:33 +0000] "GET /wp3.php?dir=CwhomeCwmillwinoCwd666gameFwcom&edit=BDKR28_Mailer_ace69b4b1a8075.php HTTP/1.1" 200 2782 "-" "Mozilla/5.0 (compatible; MJ12bot/v1.4.8; http://mj12bot.com/)"
185.191.171.9 - - [18/Apr/2026:05:07:33 +0000] "GET /products/136103582 HTTP/1.1" 404 796 "-" "Mozilla/5.0 (compatible; SemrushBot/7~bl; +http://www.semrush.com/bot.html)"
51.222.105.197 - - [18/Apr/2026:05:07:35 +0000] "GET /wp3.php?dir=CwhomeCwmillwinoCwd666gameFwcom&edit=BDKR28_ace69b4b1a8075.html HTTP/1.1" 200 2809 "-" "Mozilla/5.0 (compatible; MJ12bot/v1.4.8; http://mj12bot.com/)"
51.222.105.197 - - [18/Apr/2026:05:07:37 +0000] "GET /wp3.php?dir=CwhomeCwmillwinoCwd666gameFwcom&edit=BDKR28_ace69b4b1a8075.php HTTP/1.1" 200 2812 "-" "Mozilla/5.0 (compatible; MJ12bot/v1.4.8; http://mj12bot.com/)"
51.222.105.197 - - [18/Apr/2026:05:07:38 +0000] "GET /wp3.php?dir=CwhomeCwmillwinoCwd666gameFwcom&edit=readme.txt HTTP/1.1" 200 2830 "-" "Mozilla/5.0 (compatible; MJ12bot/v1.4.8; http://mj12bot.com/)"
51.222.105.197 - - [18/Apr/2026:05:07:39 +0000] "GET /wp3.php?dir=CwhomeCwmillwinoCwd666gameFwcom&edit=BDKR28_3b9f2e76e763cf.html HTTP/1.1" 200 2809 "-" "Mozilla/5.0 (compatible; MJ12bot/v1.4.8; http://mj12bot.com/)"
85.208.96.210 - - [18/Apr/2026:05:07:40 +0000] "GET /products/443023693 HTTP/1.1" 404 796 "-" "Mozilla/5.0 (compatible; SemrushBot/7~bl; +http://www.semrush.com/bot.html)"
51.222.105.197 - - [18/Apr/2026:05:07:40 +0000] "GET /wp3.php?dir=CwhomeCwmillwinoCwd666gameFwcom&edit=wp3.php HTTP/1.1" 200 15218 "-" "Mozilla/5.0 (compatible; MJ12bot/v1.4.8; http://mj12bot.com/)"
51.222.105.197 - - [18/Apr/2026:05:07:41 +0000] "GET /wp3.php?dir=CwhomeCwmillwinoCwd666gameFwcom&edit=BDKR28_3b9f2e76e763cf.php HTTP/1.1" 200 2812 "-" "Mozilla/5.0 (compatible; MJ12bot/v1.4.8; http://mj12bot.com/)"
51.222.105.197 - - [18/Apr/2026:05:07:23 +0000] "GET /wp3.php?dir=CwhomeCwmillwinoCwacephFwpk&edit=BDKR28_ace69b4b1a8075.html HTTP/1.1" 200 2807 "-" "Mozilla/5.0 (compatible; MJ12bot/v1.4.8; http://mj12bot.com/)"
51.222.105.197 - - [18/Apr/2026:05:07:27 +0000] "GET /wp3.php?dir=CwhomeCwmillwinoCwd666gameFwcom&edit=BDKR28_3b9f2e76e763cf.html HTTP/1.1" 200 2809 "-" "Mozilla/5.0 (compatible; MJ12bot/v1.4.8; http://mj12bot.com/)"
51.222.105.197 - - [18/Apr/2026:05:07:29 +0000] "GET /wp3.php?dir=CwhomeCwmillwinoCwd666gameFwcom&edit=BDKR28_3b9f2e76e763cf.php HTTP/1.1" 200 2812 "-" "Mozilla/5.0 (compatible; MJ12bot/v1.4.8; http://mj12bot.com/)"
51.222.105.197 - - [18/Apr/2026:05:07:31 +0000] "GET /wp3.php?dir=CwhomeCwmillwinoCwd666gameFwcom&edit=BDKR28_Mailer_3b9f2e76e763cf.php HTTP/1.1" 200 2817 "-" "Mozilla/5.0 (compatible; MJ12bot/v1.4.8; http://mj12bot.com/)"
51.222.105.197 - - [18/Apr/2026:05:07:33 +0000] "GET /wp3.php?dir=CwhomeCwmillwinoCwd666gameFwcom&edit=BDKR28_Mailer_ace69b4b1a8075.php HTTP/1.1" 200 2817 "-" "Mozilla/5.0 (compatible; MJ12bot/v1.4.8; http://mj12bot.com/)"
51.222.105.197 - - [18/Apr/2026:05:07:36 +0000] "GET /wp3.php?dir=CwhomeCwmillwinoCwd666gameFwcom&edit=BDKR28_ace69b4b1a8075.html HTTP/1.1" 200 2809 "-" "Mozilla/5.0 (compatible; MJ12bot/v1.4.8; http://mj12bot.com/)"
51.222.105.197 - - [18/Apr/2026:05:07:38 +0000] "GET /wp3.php?dir=CwhomeCwmillwinoCwd666gameFwcom&edit=BDKR28_ace69b4b1a8075.php HTTP/1.1" 200 2812 "-" "Mozilla/5.0 (compatible; MJ12bot/v1.4.8; http://mj12bot.com/)"
51.222.105.197 - - [18/Apr/2026:05:07:39 +0000] "GET /wp3.php?dir=CwhomeCwmillwinoCwd666gameFwcom&edit=readme.txt HTTP/1.1" 200 2830 "-" "Mozilla/5.0 (compatible; MJ12bot/v1.4.8; http://mj12bot.com/)"
51.222.105.197 - - [18/Apr/2026:05:07:41 +0000] "GET /wp3.php?dir=CwhomeCwmillwinoCwd666gameFwcom&edit=wp3.php HTTP/1.1" 200 15218 "-" "Mozilla/5.0 (compatible; MJ12bot/v1.4.8; http://mj12bot.com/)"
51.222.105.197 - - [18/Apr/2026:05:07:43 +0000] "GET /wp3.php?dir=CwhomeCwmillwinoCwd666gameFwcom&view=BDKR28_3b9f2e76e763cf.html HTTP/1.1" 200 4247 "-" "Mozilla/5.0 (compatible; MJ12bot/v1.4.8; http://mj12bot.com/)"
176.31.139.21 - - [18/Apr/2026:05:07:44 +0000] "GET /products/19412122383 HTTP/1.1" 404 796 "-" "Mozilla/5.0 (compatible; AhrefsBot/7.0; +http://ahrefs.com/robot/)"
57.141.0.52 - - [18/Apr/2026:05:07:46 +0000] "GET /products/1941254258 HTTP/1.1" 404 796 "-" "meta-externalagent/1.1 (+https://developers.facebook.com/docs/sharing/webmasters/crawler)"
51.222.105.197 - - [18/Apr/2026:05:07:47 +0000] "GET /wp3.php?dir=CwhomeCwmillwinoCwd666gameFwcom&view=BDKR28_3b9f2e76e763cf.php HTTP/1.1" 200 4243 "-" "Mozilla/5.0 (compatible; MJ12bot/v1.4.8; http://mj12bot.com/)"
51.222.105.197 - - [18/Apr/2026:05:07:50 +0000] "GET /wp3.php?dir=CwhomeCwmillwinoCwd666gameFwcom&view=BDKR28_Mailer_3b9f2e76e763cf.php HTTP/1.1" 200 4263 "-" "Mozilla/5.0 (compatible; MJ12bot/v1.4.8; http://mj12bot.com/)"
85.208.96.200 - - [18/Apr/2026:05:07:52 +0000] "GET /products/13610206119 HTTP/1.1" 404 796 "-" "Mozilla/5.0 (compatible; SemrushBot/7~bl; +http://www.semrush.com/bot.html)"
51.222.105.197 - - [18/Apr/2026:05:07:58 +0000] "GET /wp3.php?dir=CwhomeCwmillwinoCwd666gameFwcom&view=BDKR28_Mailer_ace69b4b1a8075.php HTTP/1.1" 200 4249 "-" "Mozilla/5.0 (compatible; MJ12bot/v1.4.8; http://mj12bot.com/)"
51.222.105.197 - - [18/Apr/2026:05:07:59 +0000] "GET /wp3.php?dir=CwhomeCwmillwinoCwd666gameFwcom&view=BDKR28_ace69b4b1a8075.html HTTP/1.1" 200 4232 "-" "Mozilla/5.0 (compatible; MJ12bot/v1.4.8; http://mj12bot.com/)"
185.191.171.15 - - [18/Apr/2026:05:08:00 +0000] "GET /products/314212175 HTTP/1.1" 404 796 "-" "Mozilla/5.0 (compatible; SemrushBot/7~bl; +http://www.semrush.com/bot.html)"
51.222.105.197 - - [18/Apr/2026:05:08:01 +0000] "GET /wp3.php?dir=CwhomeCwmillwinoCwd666gameFwcom&view=BDKR28_ace69b4b1a8075.php HTTP/1.1" 200 4198 "-" "Mozilla/5.0 (compatible; MJ12bot/v1.4.8; http://mj12bot.com/)"
51.222.105.197 - - [18/Apr/2026:05:07:42 +0000] "GET /wp3.php?dir=CwhomeCwmillwinoCwd666gameFwcom&view=BDKR28_3b9f2e76e763cf.html HTTP/1.1" 200 4263 "-" "Mozilla/5.0 (compatible; MJ12bot/v1.4.8; http://mj12bot.com/)"
51.222.105.197 - - [18/Apr/2026:05:07:44 +0000] "GET /wp3.php?dir=CwhomeCwmillwinoCwd666gameFwcom&edit=BDKR28_Mailer_3b9f2e76e763cf.php HTTP/1.1" 200 2817 "-" "Mozilla/5.0 (compatible; MJ12bot/v1.4.8; http://mj12bot.com/)"
51.222.105.197 - - [18/Apr/2026:05:07:44 +0000] "GET /wp3.php?dir=CwhomeCwmillwinoCwd666gameFwcom&view=BDKR28_3b9f2e76e763cf.php HTTP/1.1" 200 4232 "-" "Mozilla/5.0 (compatible; MJ12bot/v1.4.8; http://mj12bot.com/)"
51.222.105.197 - - [18/Apr/2026:05:07:46 +0000] "GET /wp3.php?dir=CwhomeCwmillwinoCwd666gameFwcom&view=BDKR28_Mailer_3b9f2e76e763cf.php HTTP/1.1" 200 4243 "-" "Mozilla/5.0 (compatible; MJ12bot/v1.4.8; http://mj12bot.com/)"
51.222.105.197 - - [18/Apr/2026:05:07:47 +0000] "GET /wp3.php?dir=CwhomeCwmillwinoCwd666gameFwcom&edit=BDKR28_Mailer_ace69b4b1a8075.php HTTP/1.1" 200 2817 "-" "Mozilla/5.0 (compatible; MJ12bot/v1.4.8; http://mj12bot.com/)"
51.222.105.197 - - [18/Apr/2026:05:07:48 +0000] "GET /wp3.php?dir=CwhomeCwmillwinoCwd666gameFwcom&view=BDKR28_Mailer_ace69b4b1a8075.php HTTP/1.1" 200 4243 "-" "Mozilla/5.0 (compatible; MJ12bot/v1.4.8; http://mj12bot.com/)"
51.222.105.197 - - [18/Apr/2026:05:07:49 +0000] "GET /wp3.php?dir=CwhomeCwmillwinoCwd666gameFwcom&edit=BDKR28_ace69b4b1a8075.html HTTP/1.1" 200 2809 "-" "Mozilla/5.0 (compatible; MJ12bot/v1.4.8; http://mj12bot.com/)"
51.222.105.197 - - [18/Apr/2026:05:07:50 +0000] "GET /wp3.php?dir=CwhomeCwmillwinoCwd666gameFwcom&view=BDKR28_ace69b4b1a8075.html HTTP/1.1" 200 4243 "-" "Mozilla/5.0 (compatible; MJ12bot/v1.4.8; http://mj12bot.com/)"
51.222.105.197 - - [18/Apr/2026:05:07:51 +0000] "GET /wp3.php?dir=CwhomeCwmillwinoCwd666gameFwcom&edit=BDKR28_ace69b4b1a8075.php HTTP/1.1" 200 2812 "-" "Mozilla/5.0 (compatible; MJ12bot/v1.4.8; http://mj12bot.com/)"
51.222.105.197 - - [18/Apr/2026:05:07:53 +0000] "GET /wp3.php?dir=CwhomeCwmillwinoCwd666gameFwcom&view=BDKR28_ace69b4b1a8075.php HTTP/1.1" 200 4243 "-" "Mozilla/5.0 (compatible; MJ12bot/v1.4.8; http://mj12bot.com/)"
85.208.96.196 - - [18/Apr/2026:05:07:53 +0000] "GET /products/13610158941 HTTP/1.1" 404 796 "-" "Mozilla/5.0 (compatible; SemrushBot/7~bl; +http://www.semrush.com/bot.html)"
51.222.105.197 - - [18/Apr/2026:05:07:53 +0000] "GET /wp3.php?dir=CwhomeCwmillwinoCwd666gameFwcom&edit=readme.txt HTTP/1.1" 200 2830 "-" "Mozilla/5.0 (compatible; MJ12bot/v1.4.8; http://mj12bot.com/)"
51.222.105.197 - - [18/Apr/2026:05:07:55 +0000] "GET /wp3.php?dir=CwhomeCwmillwinoCwd666gameFwcom&view=readme.txt HTTP/1.1" 200 4247 "-" "Mozilla/5.0 (compatible; MJ12bot/v1.4.8; http://mj12bot.com/)"
51.222.105.197 - - [18/Apr/2026:05:07:57 +0000] "GET /wp3.php?dir=CwhomeCwmillwinoCwdk9999Fwpk&edit=.htaccess HTTP/1.1" 200 2902 "-" "Mozilla/5.0 (compatible; MJ12bot/v1.4.8; http://mj12bot.com/)"
51.222.105.197 - - [18/Apr/2026:05:07:57 +0000] "GET /wp3.php?dir=CwhomeCwmillwinoCwd666gameFwcom&edit=wp3.php HTTP/1.1" 200 15218 "-" "Mozilla/5.0 (compatible; MJ12bot/v1.4.8; http://mj12bot.com/)"
51.222.105.197 - - [18/Apr/2026:05:07:59 +0000] "GET /wp3.php?dir=CwhomeCwmillwinoCwd666gameFwcom&view=BDKR28_3b9f2e76e763cf.html HTTP/1.1" 200 4263 "-" "Mozilla/5.0 (compatible; MJ12bot/v1.4.8; http://mj12bot.com/)"
51.222.105.197 - - [18/Apr/2026:05:08:00 +0000] "GET /wp3.php?dir=CwhomeCwmillwinoCwdk9999Fwpk&edit=.info.php HTTP/1.1" 200 2755 "-" "Mozilla/5.0 (compatible; MJ12bot/v1.4.8; http://mj12bot.com/)"
51.222.105.197 - - [18/Apr/2026:05:08:01 +0000] "GET /wp3.php?dir=CwhomeCwmillwinoCwd666gameFwcom&view=BDKR28_3b9f2e76e763cf.php HTTP/1.1" 200 4198 "-" "Mozilla/5.0 (compatible; MJ12bot/v1.4.8; http://mj12bot.com/)"
51.222.105.197 - - [18/Apr/2026:05:08:03 +0000] "GET /wp3.php?dir=CwhomeCwmillwinoCwd666gameFwcom&view=BDKR28_Mailer_3b9f2e76e763cf.php HTTP/1.1" 200 4243 "-" "Mozilla/5.0 (compatible; MJ12bot/v1.4.8; http://mj12bot.com/)"
51.222.105.197 - - [18/Apr/2026:05:08:04 +0000] "GET /wp3.php?dir=CwhomeCwmillwinoCwdk9999Fwpk&edit=BDKR28_3b9f2e76e763cf.html HTTP/1.1" 200 2811 "-" "Mozilla/5.0 (compatible; MJ12bot/v1.4.8; http://mj12bot.com/)"
51.222.105.197 - - [18/Apr/2026:05:08:05 +0000] "GET /wp3.php?dir=CwhomeCwmillwinoCwd666gameFwcom&view=BDKR28_Mailer_ace69b4b1a8075.php HTTP/1.1" 200 4263 "-" "Mozilla/5.0 (compatible; MJ12bot/v1.4.8; http://mj12bot.com/)"
51.222.105.197 - - [18/Apr/2026:05:08:06 +0000] "GET /wp3.php?dir=CwhomeCwmillwinoCwdk9999Fwpk&edit=BDKR28_3b9f2e76e763cf.php HTTP/1.1" 200 2804 "-" "Mozilla/5.0 (compatible; MJ12bot/v1.4.8; http://mj12bot.com/)"
51.222.105.197 - - [18/Apr/2026:05:08:09 +0000] "GET /wp3.php?dir=CwhomeCwmillwinoCwd666gameFwcom&view=BDKR28_ace69b4b1a8075.html HTTP/1.1" 200 4263 "-" "Mozilla/5.0 (compatible; MJ12bot/v1.4.8; http://mj12bot.com/)"
51.222.105.197 - - [18/Apr/2026:05:08:09 +0000] "GET /wp3.php?dir=CwhomeCwmillwinoCwdk9999Fwpk&edit=BDKR28_Mailer_3b9f2e76e763cf.php HTTP/1.1" 200 2814 "-" "Mozilla/5.0 (compatible; MJ12bot/v1.4.8; http://mj12bot.com/)"
51.222.105.197 - - [18/Apr/2026:05:08:11 +0000] "GET /wp3.php?dir=CwhomeCwmillwinoCwd666gameFwcom&view=BDKR28_ace69b4b1a8075.php HTTP/1.1" 200 4247 "-" "Mozilla/5.0 (compatible; MJ12bot/v1.4.8; http://mj12bot.com/)"
51.222.105.197 - - [18/Apr/2026:05:08:12 +0000] "GET /wp3.php?dir=CwhomeCwmillwinoCwdk9999Fwpk&edit=BDKR28_Mailer_ace69b4b1a8075.php HTTP/1.1" 200 2814 "-" "Mozilla/5.0 (compatible; MJ12bot/v1.4.8; http://mj12bot.com/)"
51.222.105.197 - - [18/Apr/2026:05:08:14 +0000] "GET /wp3.php?dir=CwhomeCwmillwinoCwd666gameFwcom&view=readme.txt HTTP/1.1" 200 4244 "-" "Mozilla/5.0 (compatible; MJ12bot/v1.4.8; http://mj12bot.com/)"
51.222.105.197 - - [18/Apr/2026:05:08:15 +0000] "GET /wp3.php?dir=CwhomeCwmillwinoCwdk9999Fwpk&edit=BDKR28_ace69b4b1a8075.html HTTP/1.1" 200 2811 "-" "Mozilla/5.0 (compatible; MJ12bot/v1.4.8; http://mj12bot.com/)"
51.222.105.197 - - [18/Apr/2026:05:08:16 +0000] "GET /wp3.php?dir=CwhomeCwmillwinoCwdk9999Fwpk&edit=.htaccess HTTP/1.1" 200 2902 "-" "Mozilla/5.0 (compatible; MJ12bot/v1.4.8; http://mj12bot.com/)"
51.222.105.197 - - [18/Apr/2026:05:08:19 +0000] "GET /wp3.php?dir=CwhomeCwmillwinoCwdk9999Fwpk&edit=BDKR28_ace69b4b1a8075.php HTTP/1.1" 200 2805 "-" "Mozilla/5.0 (compatible; MJ12bot/v1.4.8; http://mj12bot.com/)"
185.191.171.4 - - [18/Apr/2026:05:08:20 +0000] "GET /products/13610196068 HTTP/1.1" 404 796 "-" "Mozilla/5.0 (compatible; SemrushBot/7~bl; +http://www.semrush.com/bot.html)"
51.222.105.197 - - [18/Apr/2026:05:08:20 +0000] "GET /wp3.php?dir=CwhomeCwmillwinoCwdk9999Fwpk&edit=.info.php HTTP/1.1" 200 2791 "-" "Mozilla/5.0 (compatible; MJ12bot/v1.4.8; http://mj12bot.com/)"
51.222.105.197 - - [18/Apr/2026:05:08:21 +0000] "GET /wp3.php?dir=CwhomeCwmillwinoCwdk9999Fwpk&edit=error_log HTTP/1.1" 200 4778 "-" "Mozilla/5.0 (compatible; MJ12bot/v1.4.8; http://mj12bot.com/)"
51.222.105.197 - - [18/Apr/2026:05:08:23 +0000] "GET /wp3.php?dir=CwhomeCwmillwinoCwdk9999Fwpk&edit=BDKR28_3b9f2e76e763cf.html HTTP/1.1" 200 2811 "-" "Mozilla/5.0 (compatible; MJ12bot/v1.4.8; http://mj12bot.com/)"
51.222.105.197 - - [18/Apr/2026:05:08:24 +0000] "GET /wp3.php?dir=CwhomeCwmillwinoCwdk9999Fwpk&edit=index.php HTTP/1.1" 200 9205 "-" "Mozilla/5.0 (compatible; MJ12bot/v1.4.8; http://mj12bot.com/)"
51.222.105.197 - - [18/Apr/2026:05:08:27 +0000] "GET /wp3.php?dir=CwhomeCwmillwinoCwdk9999Fwpk&edit=BDKR28_3b9f2e76e763cf.php HTTP/1.1" 200 2804 "-" "Mozilla/5.0 (compatible; MJ12bot/v1.4.8; http://mj12bot.com/)"
51.222.105.197 - - [18/Apr/2026:05:08:27 +0000] "GET /wp3.php?dir=CwhomeCwmillwinoCwdk9999Fwpk&edit=license.txt HTTP/1.1" 200 10251 "-" "Mozilla/5.0 (compatible; MJ12bot/v1.4.8; http://mj12bot.com/)"
51.222.105.197 - - [18/Apr/2026:05:08:29 +0000] "GET /wp3.php?dir=CwhomeCwmillwinoCwdk9999Fwpk&edit=BDKR28_Mailer_3b9f2e76e763cf.php HTTP/1.1" 200 2814 "-" "Mozilla/5.0 (compatible; MJ12bot/v1.4.8; http://mj12bot.com/)"
185.191.171.15 - - [18/Apr/2026:05:08:03 +0000] "GET /products/13610233184 HTTP/1.1" 404 796 "-" "Mozilla/5.0 (compatible; SemrushBot/7~bl; +http://www.semrush.com/bot.html)"
51.222.105.197 - - [18/Apr/2026:05:08:03 +0000] "GET /wp3.php?dir=CwhomeCwmillwinoCwd666gameFwcom&view=readme.txt HTTP/1.1" 200 4244 "-" "Mozilla/5.0 (compatible; MJ12bot/v1.4.8; http://mj12bot.com/)"
51.222.105.197 - - [18/Apr/2026:05:08:06 +0000] "GET /wp3.php?dir=CwhomeCwmillwinoCwdk9999Fwpk&edit=.htaccess HTTP/1.1" 200 2902 "-" "Mozilla/5.0 (compatible; MJ12bot/v1.4.8; http://mj12bot.com/)"
51.222.105.197 - - [18/Apr/2026:05:08:09 +0000] "GET /wp3.php?dir=CwhomeCwmillwinoCwdk9999Fwpk&edit=.info.php HTTP/1.1" 200 2791 "-" "Mozilla/5.0 (compatible; MJ12bot/v1.4.8; http://mj12bot.com/)"
51.222.105.197 - - [18/Apr/2026:05:08:14 +0000] "GET /wp3.php?dir=CwhomeCwmillwinoCwdk9999Fwpk&edit=BDKR28_3b9f2e76e763cf.html HTTP/1.1" 200 2811 "-" "Mozilla/5.0 (compatible; MJ12bot/v1.4.8; http://mj12bot.com/)"
51.222.105.197 - - [18/Apr/2026:05:08:17 +0000] "GET /wp3.php?dir=CwhomeCwmillwinoCwdk9999Fwpk&edit=BDKR28_3b9f2e76e763cf.php HTTP/1.1" 200 2804 "-" "Mozilla/5.0 (compatible; MJ12bot/v1.4.8; http://mj12bot.com/)"
51.222.105.197 - - [18/Apr/2026:05:08:20 +0000] "GET /wp3.php?dir=CwhomeCwmillwinoCwdk9999Fwpk&edit=BDKR28_Mailer_3b9f2e76e763cf.php HTTP/1.1" 200 2814 "-" "Mozilla/5.0 (compatible; MJ12bot/v1.4.8; http://mj12bot.com/)"
51.222.105.197 - - [18/Apr/2026:05:08:24 +0000] "GET /wp3.php?dir=CwhomeCwmillwinoCwdk9999Fwpk&edit=BDKR28_Mailer_ace69b4b1a8075.php HTTP/1.1" 200 2814 "-" "Mozilla/5.0 (compatible; MJ12bot/v1.4.8; http://mj12bot.com/)"
51.222.105.197 - - [18/Apr/2026:05:08:28 +0000] "GET /wp3.php?dir=CwhomeCwmillwinoCwdk9999Fwpk&edit=BDKR28_ace69b4b1a8075.html HTTP/1.1" 200 2811 "-" "Mozilla/5.0 (compatible; MJ12bot/v1.4.8; http://mj12bot.com/)"
51.222.105.197 - - [18/Apr/2026:05:08:31 +0000] "GET /wp3.php?dir=CwhomeCwmillwinoCwdk9999Fwpk&edit=BDKR28_ace69b4b1a8075.php HTTP/1.1" 200 2805 "-" "Mozilla/5.0 (compatible; MJ12bot/v1.4.8; http://mj12bot.com/)"
51.222.105.197 - - [18/Apr/2026:05:08:35 +0000] "GET /wp3.php?dir=CwhomeCwmillwinoCwdk9999Fwpk&edit=error_log HTTP/1.1" 200 4778 "-" "Mozilla/5.0 (compatible; MJ12bot/v1.4.8; http://mj12bot.com/)"
51.222.105.197 - - [18/Apr/2026:05:08:38 +0000] "GET /wp3.php?dir=CwhomeCwmillwinoCwdk9999Fwpk&edit=index.php HTTP/1.1" 200 9205 "-" "Mozilla/5.0 (compatible; MJ12bot/v1.4.8; http://mj12bot.com/)"
51.222.105.197 - - [18/Apr/2026:05:08:40 +0000] "GET /wp3.php?dir=CwhomeCwmillwinoCwdk9999Fwpk&edit=license.txt HTTP/1.1" 200 10251 "-" "Mozilla/5.0 (compatible; MJ12bot/v1.4.8; http://mj12bot.com/)"
85.208.96.209 - - [18/Apr/2026:05:08:42 +0000] "GET /products/13610226092 HTTP/1.1" 404 796 "-" "Mozilla/5.0 (compatible; SemrushBot/7~bl; +http://www.semrush.com/bot.html)"
51.222.105.197 - - [18/Apr/2026:05:08:43 +0000] "GET /wp3.php?dir=CwhomeCwmillwinoCwdk9999Fwpk&edit=mah.php HTTP/1.1" 200 2791 "-" "Mozilla/5.0 (compatible; MJ12bot/v1.4.8; http://mj12bot.com/)"
51.222.105.197 - - [18/Apr/2026:05:08:45 +0000] "GET /wp3.php?dir=CwhomeCwmillwinoCwdk9999Fwpk&edit=readme.html HTTP/1.1" 200 5889 "-" "Mozilla/5.0 (compatible; MJ12bot/v1.4.8; http://mj12bot.com/)"
54.37.118.86 - - [18/Apr/2026:05:08:48 +0000] "GET /products/19412108574 HTTP/1.1" 404 796 "-" "Mozilla/5.0 (compatible; AhrefsBot/7.0; +http://ahrefs.com/robot/)"
51.222.105.197 - - [18/Apr/2026:05:08:49 +0000] "GET /wp3.php?dir=CwhomeCwmillwinoCwdk9999Fwpk&edit=readme.txt HTTP/1.1" 200 2826 "-" "Mozilla/5.0 (compatible; MJ12bot/v1.4.8; http://mj12bot.com/)"
57.141.0.5 - - [18/Apr/2026:05:08:52 +0000] "GET /products/20730234724 HTTP/1.1" 404 796 "-" "meta-externalagent/1.1 (+https://developers.facebook.com/docs/sharing/webmasters/crawler)"
51.222.105.197 - - [18/Apr/2026:05:08:52 +0000] "GET /wp3.php?dir=CwhomeCwmillwinoCwdk9999Fwpk&edit=wp-activate.php HTTP/1.1" 200 5434 "-" "Mozilla/5.0 (compatible; MJ12bot/v1.4.8; http://mj12bot.com/)"
185.191.171.3 - - [18/Apr/2026:05:08:30 +0000] "GET /products/9827179498 HTTP/1.1" 404 796 "-" "Mozilla/5.0 (compatible; SemrushBot/7~bl; +http://www.semrush.com/bot.html)"
51.222.105.197 - - [18/Apr/2026:05:08:30 +0000] "GET /wp3.php?dir=CwhomeCwmillwinoCwdk9999Fwpk&edit=mah.php HTTP/1.1" 200 2791 "-" "Mozilla/5.0 (compatible; MJ12bot/v1.4.8; http://mj12bot.com/)"
51.222.105.197 - - [18/Apr/2026:05:08:32 +0000] "GET /wp3.php?dir=CwhomeCwmillwinoCwdk9999Fwpk&edit=BDKR28_Mailer_ace69b4b1a8075.php HTTP/1.1" 200 2814 "-" "Mozilla/5.0 (compatible; MJ12bot/v1.4.8; http://mj12bot.com/)"
51.222.105.197 - - [18/Apr/2026:05:08:32 +0000] "GET /wp3.php?dir=CwhomeCwmillwinoCwdk9999Fwpk&edit=readme.html HTTP/1.1" 200 5889 "-" "Mozilla/5.0 (compatible; MJ12bot/v1.4.8; http://mj12bot.com/)"
51.222.105.197 - - [18/Apr/2026:05:08:34 +0000] "GET /wp3.php?dir=CwhomeCwmillwinoCwdk9999Fwpk&edit=readme.txt HTTP/1.1" 200 2826 "-" "Mozilla/5.0 (compatible; MJ12bot/v1.4.8; http://mj12bot.com/)"
51.222.105.197 - - [18/Apr/2026:05:08:36 +0000] "GET /wp3.php?dir=CwhomeCwmillwinoCwdk9999Fwpk&edit=BDKR28_ace69b4b1a8075.html HTTP/1.1" 200 2811 "-" "Mozilla/5.0 (compatible; MJ12bot/v1.4.8; http://mj12bot.com/)"
51.222.105.197 - - [18/Apr/2026:05:08:37 +0000] "GET /wp3.php?dir=CwhomeCwmillwinoCwdk9999Fwpk&edit=wp-activate.php HTTP/1.1" 200 5434 "-" "Mozilla/5.0 (compatible; MJ12bot/v1.4.8; http://mj12bot.com/)"
51.222.105.197 - - [18/Apr/2026:05:08:38 +0000] "GET /wp3.php?dir=CwhomeCwmillwinoCwdk9999Fwpk&edit=BDKR28_ace69b4b1a8075.php HTTP/1.1" 200 2805 "-" "Mozilla/5.0 (compatible; MJ12bot/v1.4.8; http://mj12bot.com/)"
51.222.105.197 - - [18/Apr/2026:05:08:40 +0000] "GET /wp3.php?dir=CwhomeCwmillwinoCwdk9999Fwpk&edit=wp-blog-header.php HTTP/1.1" 200 2991 "-" "Mozilla/5.0 (compatible; MJ12bot/v1.4.8; http://mj12bot.com/)"
51.222.105.197 - - [18/Apr/2026:05:08:40 +0000] "GET /wp3.php?dir=CwhomeCwmillwinoCwdk9999Fwpk&edit=error_log HTTP/1.1" 200 4778 "-" "Mozilla/5.0 (compatible; MJ12bot/v1.4.8; http://mj12bot.com/)"
51.222.105.197 - - [18/Apr/2026:05:08:43 +0000] "GET /wp3.php?dir=CwhomeCwmillwinoCwdk9999Fwpk&edit=index.php HTTP/1.1" 200 9205 "-" "Mozilla/5.0 (compatible; MJ12bot/v1.4.8; http://mj12bot.com/)"
51.222.105.197 - - [18/Apr/2026:05:08:43 +0000] "GET /wp3.php?dir=CwhomeCwmillwinoCwdk9999Fwpk&edit=wp-comments-post.php HTTP/1.1" 200 3888 "-" "Mozilla/5.0 (compatible; MJ12bot/v1.4.8; http://mj12bot.com/)"
51.222.105.197 - - [18/Apr/2026:05:08:46 +0000] "GET /wp3.php?dir=CwhomeCwmillwinoCwdk9999Fwpk&edit=wp-config-sample.php HTTP/1.1" 200 4112 "-" "Mozilla/5.0 (compatible; MJ12bot/v1.4.8; http://mj12bot.com/)"
51.222.105.197 - - [18/Apr/2026:05:08:46 +0000] "GET /wp3.php?dir=CwhomeCwmillwinoCwdk9999Fwpk&edit=license.txt HTTP/1.1" 200 10251 "-" "Mozilla/5.0 (compatible; MJ12bot/v1.4.8; http://mj12bot.com/)"
51.222.105.197 - - [18/Apr/2026:05:08:48 +0000] "GET /wp3.php?dir=CwhomeCwmillwinoCwdk9999Fwpk&edit=wp-config.php HTTP/1.1" 200 4485 "-" "Mozilla/5.0 (compatible; MJ12bot/v1.4.8; http://mj12bot.com/)"
51.222.105.197 - - [18/Apr/2026:05:08:51 +0000] "GET /wp3.php?dir=CwhomeCwmillwinoCwdk9999Fwpk&edit=mah.php HTTP/1.1" 200 2791 "-" "Mozilla/5.0 (compatible; MJ12bot/v1.4.8; http://mj12bot.com/)"
51.222.105.197 - - [18/Apr/2026:05:08:51 +0000] "GET /wp3.php?dir=CwhomeCwmillwinoCwdk9999Fwpk&edit=wp-cron.php HTTP/1.1" 200 4928 "-" "Mozilla/5.0 (compatible; MJ12bot/v1.4.8; http://mj12bot.com/)"
51.222.105.197 - - [18/Apr/2026:05:08:53 +0000] "GET /wp3.php?dir=CwhomeCwmillwinoCwdk9999Fwpk&edit=readme.html HTTP/1.1" 200 5889 "-" "Mozilla/5.0 (compatible; MJ12bot/v1.4.8; http://mj12bot.com/)"
51.222.105.197 - - [18/Apr/2026:05:08:54 +0000] "GET /wp3.php?dir=CwhomeCwmillwinoCwdk9999Fwpk&edit=wp-links-opml.php HTTP/1.1" 200 3945 "-" "Mozilla/5.0 (compatible; MJ12bot/v1.4.8; http://mj12bot.com/)"
51.222.105.197 - - [18/Apr/2026:05:08:56 +0000] "GET /wp3.php?dir=CwhomeCwmillwinoCwdk9999Fwpk&edit=wp-load.php HTTP/1.1" 200 4439 "-" "Mozilla/5.0 (compatible; MJ12bot/v1.4.8; http://mj12bot.com/)"
51.222.105.197 - - [18/Apr/2026:05:08:57 +0000] "GET /wp3.php?dir=CwhomeCwmillwinoCwdk9999Fwpk&edit=readme.txt HTTP/1.1" 200 2826 "-" "Mozilla/5.0 (compatible; MJ12bot/v1.4.8; http://mj12bot.com/)"
51.222.105.197 - - [18/Apr/2026:05:08:59 +0000] "GET /wp3.php?dir=CwhomeCwmillwinoCwdk9999Fwpk&edit=wp-mail.php HTTP/1.1" 200 6038 "-" "Mozilla/5.0 (compatible; MJ12bot/v1.4.8; http://mj12bot.com/)"
51.222.105.197 - - [18/Apr/2026:05:09:00 +0000] "GET /wp3.php?dir=CwhomeCwmillwinoCwdk9999Fwpk&edit=wp-activate.php HTTP/1.1" 200 5434 "-" "Mozilla/5.0 (compatible; MJ12bot/v1.4.8; http://mj12bot.com/)"
51.222.105.197 - - [18/Apr/2026:05:09:02 +0000] "GET /wp3.php?dir=CwhomeCwmillwinoCwdk9999Fwpk&edit=wp-settings.php HTTP/1.1" 200 9212 "-" "Mozilla/5.0 (compatible; MJ12bot/v1.4.8; http://mj12bot.com/)"
51.222.105.197 - - [18/Apr/2026:05:09:03 +0000] "GET /wp3.php?dir=CwhomeCwmillwinoCwdk9999Fwpk&edit=wp-blog-header.php HTTP/1.1" 200 2991 "-" "Mozilla/5.0 (compatible; MJ12bot/v1.4.8; http://mj12bot.com/)"
51.222.105.197 - - [18/Apr/2026:05:09:05 +0000] "GET /wp3.php?dir=CwhomeCwmillwinoCwdk9999Fwpk&edit=wp-signup.php HTTP/1.1" 200 11644 "-" "Mozilla/5.0 (compatible; MJ12bot/v1.4.8; http://mj12bot.com/)"
51.222.105.197 - - [18/Apr/2026:05:09:06 +0000] "GET /wp3.php?dir=CwhomeCwmillwinoCwdk9999Fwpk&edit=wp-comments-post.php HTTP/1.1" 200 3888 "-" "Mozilla/5.0 (compatible; MJ12bot/v1.4.8; http://mj12bot.com/)"
51.222.105.197 - - [18/Apr/2026:05:09:07 +0000] "GET /wp3.php?dir=CwhomeCwmillwinoCwdk9999Fwpk&edit=wp-trackback.php HTTP/1.1" 200 4769 "-" "Mozilla/5.0 (compatible; MJ12bot/v1.4.8; http://mj12bot.com/)"
51.222.105.197 - - [18/Apr/2026:05:09:09 +0000] "GET /wp3.php?dir=CwhomeCwmillwinoCwdk9999Fwpk&edit=wp-config-sample.php HTTP/1.1" 200 4112 "-" "Mozilla/5.0 (compatible; MJ12bot/v1.4.8; http://mj12bot.com/)"
51.222.105.197 - - [18/Apr/2026:05:09:10 +0000] "GET /wp3.php?dir=CwhomeCwmillwinoCwdk9999Fwpk&edit=wp3.php HTTP/1.1" 200 15211 "-" "Mozilla/5.0 (compatible; MJ12bot/v1.4.8; http://mj12bot.com/)"
51.222.105.197 - - [18/Apr/2026:05:09:12 +0000] "GET /wp3.php?dir=CwhomeCwmillwinoCwdk9999Fwpk&edit=wp3.php(30)%20:%20eval()'d%20code HTTP/1.1" 403 787 "-" "Mozilla/5.0 (compatible; MJ12bot/v1.4.8; http://mj12bot.com/)"
52.167.144.17 - - [18/Apr/2026:05:09:12 +0000] "GET /products/96714143165 HTTP/1.1" 404 796 "-" "Mozilla/5.0 AppleWebKit/537.36 (KHTML, like Gecko; compatible; bingbot/2.0; +http://www.bing.com/bingbot.htm) Chrome/116.0.1938.76 Safari/537.36"
185.191.171.5 - - [18/Apr/2026:05:09:14 +0000] "GET /products/874906636 HTTP/1.1" 404 796 "-" "Mozilla/5.0 (compatible; SemrushBot/7~bl; +http://www.semrush.com/bot.html)"
85.208.96.206 - - [18/Apr/2026:05:09:16 +0000] "GET /products/9827182642 HTTP/1.1" 404 796 "-" "Mozilla/5.0 (compatible; SemrushBot/7~bl; +http://www.semrush.com/bot.html)"
51.222.105.197 - - [18/Apr/2026:05:09:15 +0000] "GET /wp3.php?dir=CwhomeCwmillwinoCwdk9999Fwpk&edit=wps.php HTTP/1.1" 200 9214 "-" "Mozilla/5.0 (compatible; MJ12bot/v1.4.8; http://mj12bot.com/)"
185.191.171.15 - - [18/Apr/2026:05:09:17 +0000] "GET /products/207302607 HTTP/1.1" 404 796 "-" "Mozilla/5.0 (compatible; SemrushBot/7~bl; +http://www.semrush.com/bot.html)"
51.222.105.197 - - [18/Apr/2026:05:09:18 +0000] "GET /wp3.php?dir=CwhomeCwmillwinoCwdk9999Fwpk&edit=wp-config.php HTTP/1.1" 200 4485 "-" "Mozilla/5.0 (compatible; MJ12bot/v1.4.8; http://mj12bot.com/)"
51.222.105.197 - - [18/Apr/2026:05:09:19 +0000] "GET /wp3.php?dir=CwhomeCwmillwinoCwdk9999Fwpk&edit=xmlrpc.php HTTP/1.1" 200 4261 "-" "Mozilla/5.0 (compatible; MJ12bot/v1.4.8; http://mj12bot.com/)"
51.222.105.197 - - [18/Apr/2026:05:09:21 +0000] "GET /wp3.php?dir=CwhomeCwmillwinoCwdk9999Fwpk&edit=wp-cron.php HTTP/1.1" 200 4928 "-" "Mozilla/5.0 (compatible; MJ12bot/v1.4.8; http://mj12bot.com/)"
51.222.105.197 - - [18/Apr/2026:05:09:22 +0000] "GET /wp3.php?dir=CwhomeCwmillwinoCwdk9999Fwpk&view=.htaccess HTTP/1.1" 200 6134 "-" "Mozilla/5.0 (compatible; MJ12bot/v1.4.8; http://mj12bot.com/)"
51.222.105.197 - - [18/Apr/2026:05:08:56 +0000] "GET /wp3.php?dir=CwhomeCwmillwinoCwdk9999Fwpk&edit=wp-blog-header.php HTTP/1.1" 200 2991 "-" "Mozilla/5.0 (compatible; MJ12bot/v1.4.8; http://mj12bot.com/)"
51.222.105.197 - - [18/Apr/2026:05:08:59 +0000] "GET /wp3.php?dir=CwhomeCwmillwinoCwdk9999Fwpk&edit=wp-comments-post.php HTTP/1.1" 200 3888 "-" "Mozilla/5.0 (compatible; MJ12bot/v1.4.8; http://mj12bot.com/)"
51.222.105.197 - - [18/Apr/2026:05:09:01 +0000] "GET /wp3.php?dir=CwhomeCwmillwinoCwdk9999Fwpk&edit=wp-config-sample.php HTTP/1.1" 200 4112 "-" "Mozilla/5.0 (compatible; MJ12bot/v1.4.8; http://mj12bot.com/)"
51.222.105.197 - - [18/Apr/2026:05:09:05 +0000] "GET /wp3.php?dir=CwhomeCwmillwinoCwdk9999Fwpk&edit=wp-config.php HTTP/1.1" 200 4485 "-" "Mozilla/5.0 (compatible; MJ12bot/v1.4.8; http://mj12bot.com/)"
185.191.171.4 - - [18/Apr/2026:05:09:07 +0000] "GET /products/13610186664 HTTP/1.1" 404 796 "-" "Mozilla/5.0 (compatible; SemrushBot/7~bl; +http://www.semrush.com/bot.html)"
51.222.105.197 - - [18/Apr/2026:05:09:08 +0000] "GET /wp3.php?dir=CwhomeCwmillwinoCwdk9999Fwpk&edit=wp-cron.php HTTP/1.1" 200 4928 "-" "Mozilla/5.0 (compatible; MJ12bot/v1.4.8; http://mj12bot.com/)"
51.222.105.197 - - [18/Apr/2026:05:09:10 +0000] "GET /wp3.php?dir=CwhomeCwmillwinoCwdk9999Fwpk&edit=wp-links-opml.php HTTP/1.1" 200 3945 "-" "Mozilla/5.0 (compatible; MJ12bot/v1.4.8; http://mj12bot.com/)"
51.222.105.197 - - [18/Apr/2026:05:09:13 +0000] "GET /wp3.php?dir=CwhomeCwmillwinoCwdk9999Fwpk&edit=wp-load.php HTTP/1.1" 200 4439 "-" "Mozilla/5.0 (compatible; MJ12bot/v1.4.8; http://mj12bot.com/)"
51.222.105.197 - - [18/Apr/2026:05:09:18 +0000] "GET /wp3.php?dir=CwhomeCwmillwinoCwdk9999Fwpk&edit=wp-mail.php HTTP/1.1" 200 6038 "-" "Mozilla/5.0 (compatible; MJ12bot/v1.4.8; http://mj12bot.com/)"
51.222.105.197 - - [18/Apr/2026:05:09:23 +0000] "GET /wp3.php?dir=CwhomeCwmillwinoCwdk9999Fwpk&edit=wp-settings.php HTTP/1.1" 200 9212 "-" "Mozilla/5.0 (compatible; MJ12bot/v1.4.8; http://mj12bot.com/)"
51.222.105.197 - - [18/Apr/2026:05:09:26 +0000] "GET /wp3.php?dir=CwhomeCwmillwinoCwdk9999Fwpk&edit=wp-signup.php HTTP/1.1" 200 11644 "-" "Mozilla/5.0 (compatible; MJ12bot/v1.4.8; http://mj12bot.com/)"
51.222.105.197 - - [18/Apr/2026:05:09:29 +0000] "GET /wp3.php?dir=CwhomeCwmillwinoCwdk9999Fwpk&edit=wp-trackback.php HTTP/1.1" 200 4769 "-" "Mozilla/5.0 (compatible; MJ12bot/v1.4.8; http://mj12bot.com/)"
51.222.105.197 - - [18/Apr/2026:05:09:31 +0000] "GET /wp3.php?dir=CwhomeCwmillwinoCwdk9999Fwpk&edit=wp3.php HTTP/1.1" 200 15211 "-" "Mozilla/5.0 (compatible; MJ12bot/v1.4.8; http://mj12bot.com/)"
51.222.105.197 - - [18/Apr/2026:05:09:34 +0000] "GET /wp3.php?dir=CwhomeCwmillwinoCwdk9999Fwpk&edit=wp3.php(30)%20:%20eval()'d%20code HTTP/1.1" 403 787 "-" "Mozilla/5.0 (compatible; MJ12bot/v1.4.8; http://mj12bot.com/)"
51.222.105.197 - - [18/Apr/2026:05:09:38 +0000] "GET /wp3.php?dir=CwhomeCwmillwinoCwdk9999Fwpk&edit=wps.php HTTP/1.1" 200 9214 "-" "Mozilla/5.0 (compatible; MJ12bot/v1.4.8; http://mj12bot.com/)"
85.208.96.196 - - [18/Apr/2026:05:09:42 +0000] "GET /products/13610224466 HTTP/1.1" 404 796 "-" "Mozilla/5.0 (compatible; SemrushBot/7~bl; +http://www.semrush.com/bot.html)"
51.222.105.197 - - [18/Apr/2026:05:09:42 +0000] "GET /wp3.php?dir=CwhomeCwmillwinoCwdk9999Fwpk&edit=xmlrpc.php HTTP/1.1" 200 4261 "-" "Mozilla/5.0 (compatible; MJ12bot/v1.4.8; http://mj12bot.com/)"
185.191.171.12 - - [18/Apr/2026:05:09:44 +0000] "GET /products/982716317 HTTP/1.1" 404 796 "-" "Mozilla/5.0 (compatible; SemrushBot/7~bl; +http://www.semrush.com/bot.html)"
51.222.105.197 - - [18/Apr/2026:05:09:47 +0000] "GET /wp3.php?dir=CwhomeCwmillwinoCwdk9999Fwpk&view=.htaccess HTTP/1.1" 200 6134 "-" "Mozilla/5.0 (compatible; MJ12bot/v1.4.8; http://mj12bot.com/)"
51.222.105.197 - - [18/Apr/2026:05:09:51 +0000] "GET /wp3.php?dir=CwhomeCwmillwinoCwdk9999Fwpk&view=.info.php HTTP/1.1" 200 6131 "-" "Mozilla/5.0 (compatible; MJ12bot/v1.4.8; http://mj12bot.com/)"
51.222.105.197 - - [18/Apr/2026:05:09:24 +0000] "GET /wp3.php?dir=CwhomeCwmillwinoCwdk9999Fwpk&edit=wp-links-opml.php HTTP/1.1" 200 3945 "-" "Mozilla/5.0 (compatible; MJ12bot/v1.4.8; http://mj12bot.com/)"
51.222.105.197 - - [18/Apr/2026:05:09:24 +0000] "GET /wp3.php?dir=CwhomeCwmillwinoCwdk9999Fwpk&view=.info.php HTTP/1.1" 200 6131 "-" "Mozilla/5.0 (compatible; MJ12bot/v1.4.8; http://mj12bot.com/)"
51.222.105.197 - - [18/Apr/2026:05:09:27 +0000] "GET /wp3.php?dir=CwhomeCwmillwinoCwdk9999Fwpk&view=BDKR28_3b9f2e76e763cf.html HTTP/1.1" 200 6114 "-" "Mozilla/5.0 (compatible; MJ12bot/v1.4.8; http://mj12bot.com/)"
51.222.105.197 - - [18/Apr/2026:05:09:28 +0000] "GET /wp3.php?dir=CwhomeCwmillwinoCwdk9999Fwpk&edit=wp-load.php HTTP/1.1" 200 4439 "-" "Mozilla/5.0 (compatible; MJ12bot/v1.4.8; http://mj12bot.com/)"
51.222.105.197 - - [18/Apr/2026:05:09:30 +0000] "GET /wp3.php?dir=CwhomeCwmillwinoCwdk9999Fwpk&view=BDKR28_3b9f2e76e763cf.php HTTP/1.1" 200 6120 "-" "Mozilla/5.0 (compatible; MJ12bot/v1.4.8; http://mj12bot.com/)"
51.222.105.197 - - [18/Apr/2026:05:09:32 +0000] "GET /wp3.php?dir=CwhomeCwmillwinoCwdk9999Fwpk&edit=wp-mail.php HTTP/1.1" 200 6038 "-" "Mozilla/5.0 (compatible; MJ12bot/v1.4.8; http://mj12bot.com/)"
51.222.105.197 - - [18/Apr/2026:05:09:32 +0000] "GET /wp3.php?dir=CwhomeCwmillwinoCwdk9999Fwpk&view=BDKR28_Mailer_3b9f2e76e763cf.php HTTP/1.1" 200 6106 "-" "Mozilla/5.0 (compatible; MJ12bot/v1.4.8; http://mj12bot.com/)"
51.222.105.197 - - [18/Apr/2026:05:09:35 +0000] "GET /wp3.php?dir=CwhomeCwmillwinoCwdk9999Fwpk&view=BDKR28_Mailer_ace69b4b1a8075.php HTTP/1.1" 200 6134 "-" "Mozilla/5.0 (compatible; MJ12bot/v1.4.8; http://mj12bot.com/)"
51.222.105.197 - - [18/Apr/2026:05:09:36 +0000] "GET /wp3.php?dir=CwhomeCwmillwinoCwdk9999Fwpk&edit=wp-settings.php HTTP/1.1" 200 9212 "-" "Mozilla/5.0 (compatible; MJ12bot/v1.4.8; http://mj12bot.com/)"
51.222.105.197 - - [18/Apr/2026:05:09:37 +0000] "GET /wp3.php?dir=CwhomeCwmillwinoCwdk9999Fwpk&view=BDKR28_ace69b4b1a8075.html HTTP/1.1" 200 6131 "-" "Mozilla/5.0 (compatible; MJ12bot/v1.4.8; http://mj12bot.com/)"
51.222.105.197 - - [18/Apr/2026:05:09:40 +0000] "GET /wp3.php?dir=CwhomeCwmillwinoCwdk9999Fwpk&edit=wp-signup.php HTTP/1.1" 200 11644 "-" "Mozilla/5.0 (compatible; MJ12bot/v1.4.8; http://mj12bot.com/)"
51.222.105.197 - - [18/Apr/2026:05:09:40 +0000] "GET /wp3.php?dir=CwhomeCwmillwinoCwdk9999Fwpk&view=BDKR28_ace69b4b1a8075.php HTTP/1.1" 200 6134 "-" "Mozilla/5.0 (compatible; MJ12bot/v1.4.8; http://mj12bot.com/)"
51.222.105.197 - - [18/Apr/2026:05:09:42 +0000] "GET /wp3.php?dir=CwhomeCwmillwinoCwdk9999Fwpk&view=error_log HTTP/1.1" 200 6111 "-" "Mozilla/5.0 (compatible; MJ12bot/v1.4.8; http://mj12bot.com/)"
51.222.105.197 - - [18/Apr/2026:05:09:43 +0000] "GET /wp3.php?dir=CwhomeCwmillwinoCwdk9999Fwpk&edit=wp-trackback.php HTTP/1.1" 200 4769 "-" "Mozilla/5.0 (compatible; MJ12bot/v1.4.8; http://mj12bot.com/)"
51.222.105.197 - - [18/Apr/2026:05:09:45 +0000] "GET /wp3.php?dir=CwhomeCwmillwinoCwdk9999Fwpk&view=index.php HTTP/1.1" 200 6120 "-" "Mozilla/5.0 (compatible; MJ12bot/v1.4.8; http://mj12bot.com/)"
51.222.105.197 - - [18/Apr/2026:05:09:46 +0000] "GET /wp3.php?dir=CwhomeCwmillwinoCwdk9999Fwpk&edit=wp3.php HTTP/1.1" 200 15211 "-" "Mozilla/5.0 (compatible; MJ12bot/v1.4.8; http://mj12bot.com/)"
51.222.105.197 - - [18/Apr/2026:05:09:49 +0000] "GET /wp3.php?dir=CwhomeCwmillwinoCwdk9999Fwpk&edit=wp3.php(30)%20:%20eval()'d%20code HTTP/1.1" 403 787 "-" "Mozilla/5.0 (compatible; MJ12bot/v1.4.8; http://mj12bot.com/)"
