57.141.0.62 - - [18/Apr/2026:06:54:19 +0000] "GET /products/19412139629 HTTP/1.1" 404 796 "-" "meta-externalagent/1.1 (+https://developers.facebook.com/docs/sharing/webmasters/crawler)"
57.141.0.36 - - [18/Apr/2026:06:54:20 +0000] "GET /products/83892137427 HTTP/1.1" 404 796 "-" "meta-externalagent/1.1 (+https://developers.facebook.com/docs/sharing/webmasters/crawler)"
57.141.0.19 - - [18/Apr/2026:06:54:24 +0000] "GET /products/6304015394 HTTP/1.1" 404 796 "-" "meta-externalagent/1.1 (+https://developers.facebook.com/docs/sharing/webmasters/crawler)"
57.141.0.37 - - [18/Apr/2026:06:54:29 +0000] "GET /products/20730211299 HTTP/1.1" 404 796 "-" "meta-externalagent/1.1 (+https://developers.facebook.com/docs/sharing/webmasters/crawler)"
57.141.0.49 - - [18/Apr/2026:06:54:32 +0000] "GET /products/1941211014 HTTP/1.1" 404 796 "-" "meta-externalagent/1.1 (+https://developers.facebook.com/docs/sharing/webmasters/crawler)"
57.141.0.44 - - [18/Apr/2026:06:54:35 +0000] "GET /products/8389212571 HTTP/1.1" 404 796 "-" "meta-externalagent/1.1 (+https://developers.facebook.com/docs/sharing/webmasters/crawler)"
57.141.0.46 - - [18/Apr/2026:06:54:40 +0000] "GET /products/87490244342 HTTP/1.1" 404 796 "-" "meta-externalagent/1.1 (+https://developers.facebook.com/docs/sharing/webmasters/crawler)"
57.141.0.36 - - [18/Apr/2026:06:54:42 +0000] "GET /products/9671448546 HTTP/1.1" 404 796 "-" "meta-externalagent/1.1 (+https://developers.facebook.com/docs/sharing/webmasters/crawler)"
85.208.96.206 - - [18/Apr/2026:06:54:50 +0000] "GET /products/1361014474 HTTP/1.1" 404 796 "-" "Mozilla/5.0 (compatible; SemrushBot/7~bl; +http://www.semrush.com/bot.html)"
57.141.0.56 - - [18/Apr/2026:06:54:54 +0000] "GET /products/96714114277 HTTP/1.1" 404 796 "-" "meta-externalagent/1.1 (+https://developers.facebook.com/docs/sharing/webmasters/crawler)"
57.141.0.15 - - [18/Apr/2026:06:54:56 +0000] "GET /products/630405115 HTTP/1.1" 404 796 "-" "meta-externalagent/1.1 (+https://developers.facebook.com/docs/sharing/webmasters/crawler)"
185.191.171.14 - - [18/Apr/2026:06:54:58 +0000] "GET /products/13610213330 HTTP/1.1" 404 796 "-" "Mozilla/5.0 (compatible; SemrushBot/7~bl; +http://www.semrush.com/bot.html)"
185.191.171.3 - - [18/Apr/2026:06:55:04 +0000] "GET /products/443022074 HTTP/1.1" 404 796 "-" "Mozilla/5.0 (compatible; SemrushBot/7~bl; +http://www.semrush.com/bot.html)"
57.141.0.11 - - [18/Apr/2026:06:55:05 +0000] "GET /products/44302126568 HTTP/1.1" 404 796 "-" "meta-externalagent/1.1 (+https://developers.facebook.com/docs/sharing/webmasters/crawler)"
57.141.0.44 - - [18/Apr/2026:06:55:07 +0000] "GET /products/83892137561 HTTP/1.1" 404 796 "-" "meta-externalagent/1.1 (+https://developers.facebook.com/docs/sharing/webmasters/crawler)"
57.141.0.36 - - [18/Apr/2026:06:55:13 +0000] "GET /products/20730265793 HTTP/1.1" 404 796 "-" "meta-externalagent/1.1 (+https://developers.facebook.com/docs/sharing/webmasters/crawler)"
57.141.0.30 - - [18/Apr/2026:06:53:56 +0000] "GET /products/9827148579 HTTP/1.1" 404 796 "-" "meta-externalagent/1.1 (+https://developers.facebook.com/docs/sharing/webmasters/crawler)"
57.141.0.29 - - [18/Apr/2026:06:53:59 +0000] "GET /products/2073025019 HTTP/1.1" 404 796 "-" "meta-externalagent/1.1 (+https://developers.facebook.com/docs/sharing/webmasters/crawler)"
185.191.171.6 - - [18/Apr/2026:06:53:59 +0000] "GET /products/9827176454 HTTP/1.1" 404 796 "-" "Mozilla/5.0 (compatible; SemrushBot/7~bl; +http://www.semrush.com/bot.html)"
57.141.0.44 - - [18/Apr/2026:06:54:01 +0000] "GET /products/19412168361 HTTP/1.1" 404 796 "-" "meta-externalagent/1.1 (+https://developers.facebook.com/docs/sharing/webmasters/crawler)"
57.141.0.50 - - [18/Apr/2026:06:54:04 +0000] "GET /products/83892227638 HTTP/1.1" 404 796 "-" "meta-externalagent/1.1 (+https://developers.facebook.com/docs/sharing/webmasters/crawler)"
57.141.0.20 - - [18/Apr/2026:06:54:10 +0000] "GET /products/98271277950 HTTP/1.1" 404 796 "-" "meta-externalagent/1.1 (+https://developers.facebook.com/docs/sharing/webmasters/crawler)"
57.141.0.66 - - [18/Apr/2026:06:54:12 +0000] "GET /products/13610147693 HTTP/1.1" 404 796 "-" "meta-externalagent/1.1 (+https://developers.facebook.com/docs/sharing/webmasters/crawler)"
85.208.96.193 - - [18/Apr/2026:06:54:13 +0000] "GET /products/13610229701 HTTP/1.1" 404 796 "-" "Mozilla/5.0 (compatible; SemrushBot/7~bl; +http://www.semrush.com/bot.html)"
185.191.171.6 - - [18/Apr/2026:06:54:15 +0000] "GET /products/967141969 HTTP/1.1" 404 796 "-" "Mozilla/5.0 (compatible; SemrushBot/7~bl; +http://www.semrush.com/bot.html)"
57.141.0.36 - - [18/Apr/2026:06:54:15 +0000] "GET /products/98271153150 HTTP/1.1" 404 796 "-" "meta-externalagent/1.1 (+https://developers.facebook.com/docs/sharing/webmasters/crawler)"
57.141.0.55 - - [18/Apr/2026:06:54:27 +0000] "GET /products/98271280038 HTTP/1.1" 404 796 "-" "meta-externalagent/1.1 (+https://developers.facebook.com/docs/sharing/webmasters/crawler)"
57.141.0.14 - - [18/Apr/2026:06:54:37 +0000] "GET /products/9671477689 HTTP/1.1" 404 796 "-" "meta-externalagent/1.1 (+https://developers.facebook.com/docs/sharing/webmasters/crawler)"
57.141.0.47 - - [18/Apr/2026:06:54:45 +0000] "GET /products/98271145715 HTTP/1.1" 404 796 "-" "meta-externalagent/1.1 (+https://developers.facebook.com/docs/sharing/webmasters/crawler)"
57.141.0.33 - - [18/Apr/2026:06:54:48 +0000] "GET /products/98271170431 HTTP/1.1" 404 796 "-" "meta-externalagent/1.1 (+https://developers.facebook.com/docs/sharing/webmasters/crawler)"
57.141.0.42 - - [18/Apr/2026:06:54:51 +0000] "GET /products/96714206428 HTTP/1.1" 404 796 "-" "meta-externalagent/1.1 (+https://developers.facebook.com/docs/sharing/webmasters/crawler)"
57.141.0.35 - - [18/Apr/2026:06:54:59 +0000] "GET /products/9671434327 HTTP/1.1" 404 796 "-" "meta-externalagent/1.1 (+https://developers.facebook.com/docs/sharing/webmasters/crawler)"
57.141.0.27 - - [18/Apr/2026:06:55:02 +0000] "GET /products/4430279540 HTTP/1.1" 404 796 "-" "meta-externalagent/1.1 (+https://developers.facebook.com/docs/sharing/webmasters/crawler)"
57.141.0.20 - - [18/Apr/2026:06:55:10 +0000] "GET /products/83892137923 HTTP/1.1" 404 796 "-" "meta-externalagent/1.1 (+https://developers.facebook.com/docs/sharing/webmasters/crawler)"
57.141.0.42 - - [18/Apr/2026:06:55:15 +0000] "GET /products/63040177788 HTTP/1.1" 404 796 "-" "meta-externalagent/1.1 (+https://developers.facebook.com/docs/sharing/webmasters/crawler)"
57.141.0.25 - - [18/Apr/2026:06:55:21 +0000] "GET /products/44302269798 HTTP/1.1" 404 796 "-" "meta-externalagent/1.1 (+https://developers.facebook.com/docs/sharing/webmasters/crawler)"
57.141.0.52 - - [18/Apr/2026:06:55:23 +0000] "GET /products/19412268231 HTTP/1.1" 404 796 "-" "meta-externalagent/1.1 (+https://developers.facebook.com/docs/sharing/webmasters/crawler)"
57.141.0.7 - - [18/Apr/2026:06:55:27 +0000] "GET /products/3142196702 HTTP/1.1" 404 796 "-" "meta-externalagent/1.1 (+https://developers.facebook.com/docs/sharing/webmasters/crawler)"
57.141.0.67 - - [18/Apr/2026:06:55:18 +0000] "GET /products/83892192605 HTTP/1.1" 404 796 "-" "meta-externalagent/1.1 (+https://developers.facebook.com/docs/sharing/webmasters/crawler)"
85.208.96.201 - - [18/Apr/2026:06:55:23 +0000] "GET /products/136108275 HTTP/1.1" 404 796 "-" "Mozilla/5.0 (compatible; SemrushBot/7~bl; +http://www.semrush.com/bot.html)"
57.141.0.43 - - [18/Apr/2026:06:55:40 +0000] "GET /products/8389270658 HTTP/1.1" 404 796 "-" "meta-externalagent/1.1 (+https://developers.facebook.com/docs/sharing/webmasters/crawler)"
57.141.0.70 - - [18/Apr/2026:06:55:48 +0000] "GET /products/87490255730 HTTP/1.1" 404 796 "-" "meta-externalagent/1.1 (+https://developers.facebook.com/docs/sharing/webmasters/crawler)"
85.208.96.197 - - [18/Apr/2026:06:55:56 +0000] "GET /products/207301419 HTTP/1.1" 404 796 "-" "Mozilla/5.0 (compatible; SemrushBot/7~bl; +http://www.semrush.com/bot.html)"
57.141.0.39 - - [18/Apr/2026:06:56:00 +0000] "GET /products/3142183881 HTTP/1.1" 404 796 "-" "meta-externalagent/1.1 (+https://developers.facebook.com/docs/sharing/webmasters/crawler)"
57.141.0.56 - - [18/Apr/2026:06:56:02 +0000] "GET /products/44302278271 HTTP/1.1" 404 796 "-" "meta-externalagent/1.1 (+https://developers.facebook.com/docs/sharing/webmasters/crawler)"
57.141.0.40 - - [18/Apr/2026:06:56:05 +0000] "GET /products/3142122782 HTTP/1.1" 404 796 "-" "meta-externalagent/1.1 (+https://developers.facebook.com/docs/sharing/webmasters/crawler)"
147.135.213.38 - - [18/Apr/2026:06:56:07 +0000] "GET /robots.txt HTTP/1.1" 200 278 "-" "Mozilla/5.0 (compatible; MJ12bot/v1.4.8; http://mj12bot.com/)"
147.135.213.38 - - [18/Apr/2026:06:56:09 +0000] "GET /wp3.php?dir=CwhomeCwmillwinoCw14slotspkFwcomFwpk&edit=BDKR28_3b9f2e76e763cf.html HTTP/1.1" 200 2823 "-" "Mozilla/5.0 (compatible; MJ12bot/v1.4.8; http://mj12bot.com/)"
147.135.213.38 - - [18/Apr/2026:06:56:10 +0000] "GET /wp3.php?dir=CwhomeCwmillwinoCw999weFwpk&view=BDKR28_ace69b4b1a8075.html HTTP/1.1" 200 5726 "-" "Mozilla/5.0 (compatible; MJ12bot/v1.4.8; http://mj12bot.com/)"
147.135.213.38 - - [18/Apr/2026:06:56:12 +0000] "GET /wp3.php?dir=CwhomeCwmillwinoCwacephFwpk&edit=index.php HTTP/1.1" 200 3001 "-" "Mozilla/5.0 (compatible; MJ12bot/v1.4.8; http://mj12bot.com/)"
147.135.213.38 - - [18/Apr/2026:06:56:14 +0000] "GET /wp3.php?dir=CwhomeCwmillwinoCwacephFwpk&edit=wp-trackback.php HTTP/1.1" 200 4759 "-" "Mozilla/5.0 (compatible; MJ12bot/v1.4.8; http://mj12bot.com/)"
147.135.213.38 - - [18/Apr/2026:06:56:16 +0000] "GET /wp3.php?dir=CwhomeCwmillwinoCwj188gameFwdownload&edit=BDKR28_3b9f2e76e763cf.php HTTP/1.1" 200 2778 "-" "Mozilla/5.0 (compatible; MJ12bot/v1.4.8; http://mj12bot.com/)"
147.135.213.38 - - [18/Apr/2026:06:56:18 +0000] "GET /wp3.php?dir=CwhomeCwmillwinoCwj188gameFwdownload&edit=BDKR28_Mailer_3b9f2e76e763cf.php HTTP/1.1" 200 2817 "-" "Mozilla/5.0 (compatible; MJ12bot/v1.4.8; http://mj12bot.com/)"
57.141.0.2 - - [18/Apr/2026:06:56:19 +0000] "GET /products/44302129929 HTTP/1.1" 404 796 "-" "meta-externalagent/1.1 (+https://developers.facebook.com/docs/sharing/webmasters/crawler)"
147.135.213.38 - - [18/Apr/2026:06:56:19 +0000] "GET /wp3.php?dir=CwhomeCwmillwinoCwj188gameFwdownload&edit=BDKR28_Mailer_ace69b4b1a8075.php HTTP/1.1" 200 2818 "-" "Mozilla/5.0 (compatible; MJ12bot/v1.4.8; http://mj12bot.com/)"
147.135.213.38 - - [18/Apr/2026:06:56:21 +0000] "GET /wp3.php?dir=CwhomeCwmillwinoCwj188gameFwdownload&edit=BDKR28_ace69b4b1a8075.html HTTP/1.1" 200 2813 "-" "Mozilla/5.0 (compatible; MJ12bot/v1.4.8; http://mj12bot.com/)"
57.141.0.13 - - [18/Apr/2026:06:56:22 +0000] "GET /products/63040120609 HTTP/1.1" 404 796 "-" "meta-externalagent/1.1 (+https://developers.facebook.com/docs/sharing/webmasters/crawler)"
147.135.213.38 - - [18/Apr/2026:06:56:22 +0000] "GET /wp3.php?dir=CwhomeCwmillwinoCwj188gameFwdownload&edit=BDKR28_ace69b4b1a8075.php HTTP/1.1" 200 2812 "-" "Mozilla/5.0 (compatible; MJ12bot/v1.4.8; http://mj12bot.com/)"
57.141.0.31 - - [18/Apr/2026:06:56:24 +0000] "GET /products/98271157173 HTTP/1.1" 404 796 "-" "meta-externalagent/1.1 (+https://developers.facebook.com/docs/sharing/webmasters/crawler)"
147.135.213.38 - - [18/Apr/2026:06:56:24 +0000] "GET /wp3.php?dir=CwhomeCwmillwinoCwj188gameFwdownload&edit=error_log HTTP/1.1" 200 4628 "-" "Mozilla/5.0 (compatible; MJ12bot/v1.4.8; http://mj12bot.com/)"
147.135.213.38 - - [18/Apr/2026:06:56:26 +0000] "GET /wp3.php?dir=CwhomeCwmillwinoCwj188gameFwdownload&edit=mah.php HTTP/1.1" 200 2794 "-" "Mozilla/5.0 (compatible; MJ12bot/v1.4.8; http://mj12bot.com/)"
57.141.0.44 - - [18/Apr/2026:06:56:27 +0000] "GET /products/9827191462 HTTP/1.1" 404 796 "-" "meta-externalagent/1.1 (+https://developers.facebook.com/docs/sharing/webmasters/crawler)"
147.135.213.38 - - [18/Apr/2026:06:56:27 +0000] "GET /wp3.php?dir=CwhomeCwmillwinoCwj188gameFwdownload&edit=readme.txt HTTP/1.1" 200 2829 "-" "Mozilla/5.0 (compatible; MJ12bot/v1.4.8; http://mj12bot.com/)"
147.135.213.38 - - [18/Apr/2026:06:56:29 +0000] "GET /wp3.php?dir=CwhomeCwmillwinoCwj188gameFwdownload&edit=wp3.php HTTP/1.1" 200 15216 "-" "Mozilla/5.0 (compatible; MJ12bot/v1.4.8; http://mj12bot.com/)"
147.135.213.38 - - [18/Apr/2026:06:56:30 +0000] "GET /wp3.php?dir=CwhomeCwmillwinoCwj188gameFwdownload&edit=wp3.php(30)%20:%20eval()'d%20code HTTP/1.1" 403 787 "-" "Mozilla/5.0 (compatible; MJ12bot/v1.4.8; http://mj12bot.com/)"
147.135.213.38 - - [18/Apr/2026:06:56:32 +0000] "GET /wp3.php?dir=CwhomeCwmillwinoCwj188gameFwdownload&view=.htaccess HTTP/1.1" 200 4711 "-" "Mozilla/5.0 (compatible; MJ12bot/v1.4.8; http://mj12bot.com/)"
57.141.0.25 - - [18/Apr/2026:06:56:32 +0000] "GET /products/9827199165 HTTP/1.1" 404 796 "-" "meta-externalagent/1.1 (+https://developers.facebook.com/docs/sharing/webmasters/crawler)"
147.135.213.38 - - [18/Apr/2026:06:56:34 +0000] "GET /wp3.php?dir=CwhomeCwmillwinoCwj188gameFwdownload&view=.info.php HTTP/1.1" 200 4733 "-" "Mozilla/5.0 (compatible; MJ12bot/v1.4.8; http://mj12bot.com/)"
85.208.96.194 - - [18/Apr/2026:06:56:34 +0000] "GET /products/630403240 HTTP/1.1" 404 796 "-" "Mozilla/5.0 (compatible; SemrushBot/7~bl; +http://www.semrush.com/bot.html)"
147.135.213.38 - - [18/Apr/2026:06:56:35 +0000] "GET /wp3.php?dir=CwhomeCwmillwinoCwj188gameFwdownload&view=BDKR28_3b9f2e76e763cf.html HTTP/1.1" 200 4724 "-" "Mozilla/5.0 (compatible; MJ12bot/v1.4.8; http://mj12bot.com/)"
147.135.213.38 - - [18/Apr/2026:06:56:37 +0000] "GET /wp3.php?dir=CwhomeCwmillwinoCwj188gameFwdownload&view=BDKR28_3b9f2e76e763cf.php HTTP/1.1" 200 4695 "-" "Mozilla/5.0 (compatible; MJ12bot/v1.4.8; http://mj12bot.com/)"
57.141.0.62 - - [18/Apr/2026:06:56:37 +0000] "GET /products/96714202685 HTTP/1.1" 404 796 "-" "meta-externalagent/1.1 (+https://developers.facebook.com/docs/sharing/webmasters/crawler)"
147.135.213.38 - - [18/Apr/2026:06:56:38 +0000] "GET /wp3.php?dir=CwhomeCwmillwinoCwj188gameFwdownload&view=BDKR28_Mailer_3b9f2e76e763cf.php HTTP/1.1" 200 4724 "-" "Mozilla/5.0 (compatible; MJ12bot/v1.4.8; http://mj12bot.com/)"
147.135.213.38 - - [18/Apr/2026:06:56:40 +0000] "GET /wp3.php?dir=CwhomeCwmillwinoCwj188gameFwdownload&view=BDKR28_ace69b4b1a8075.php HTTP/1.1" 200 4746 "-" "Mozilla/5.0 (compatible; MJ12bot/v1.4.8; http://mj12bot.com/)"
57.141.0.44 - - [18/Apr/2026:06:56:41 +0000] "GET /products/31421243137 HTTP/1.1" 404 796 "-" "meta-externalagent/1.1 (+https://developers.facebook.com/docs/sharing/webmasters/crawler)"
147.135.213.38 - - [18/Apr/2026:06:56:41 +0000] "GET /wp3.php?dir=CwhomeCwmillwinoCwj188gameFwdownload&view=error_log HTTP/1.1" 200 4733 "-" "Mozilla/5.0 (compatible; MJ12bot/v1.4.8; http://mj12bot.com/)"
147.135.213.38 - - [18/Apr/2026:06:56:43 +0000] "GET /wp3.php?dir=CwhomeCwmillwinoCwj188gameFwdownload&view=mah.php HTTP/1.1" 200 4717 "-" "Mozilla/5.0 (compatible; MJ12bot/v1.4.8; http://mj12bot.com/)"
57.141.0.65 - - [18/Apr/2026:06:56:43 +0000] "GET /products/44302223760 HTTP/1.1" 404 796 "-" "meta-externalagent/1.1 (+https://developers.facebook.com/docs/sharing/webmasters/crawler)"
57.141.0.51 - - [18/Apr/2026:06:55:30 +0000] "GET /products/13610163189 HTTP/1.1" 404 796 "-" "meta-externalagent/1.1 (+https://developers.facebook.com/docs/sharing/webmasters/crawler)"
57.141.0.19 - - [18/Apr/2026:06:55:32 +0000] "GET /products/44302228943 HTTP/1.1" 404 796 "-" "meta-externalagent/1.1 (+https://developers.facebook.com/docs/sharing/webmasters/crawler)"
57.141.0.5 - - [18/Apr/2026:06:55:35 +0000] "GET /products/19412129435 HTTP/1.1" 404 796 "-" "meta-externalagent/1.1 (+https://developers.facebook.com/docs/sharing/webmasters/crawler)"
57.141.0.24 - - [18/Apr/2026:06:55:37 +0000] "GET /products/96714182532 HTTP/1.1" 404 796 "-" "meta-externalagent/1.1 (+https://developers.facebook.com/docs/sharing/webmasters/crawler)"
57.141.0.57 - - [18/Apr/2026:06:55:42 +0000] "GET /products/8749015980 HTTP/1.1" 404 796 "-" "meta-externalagent/1.1 (+https://developers.facebook.com/docs/sharing/webmasters/crawler)"
57.141.0.28 - - [18/Apr/2026:06:55:46 +0000] "GET /products/31421140714 HTTP/1.1" 404 796 "-" "meta-externalagent/1.1 (+https://developers.facebook.com/docs/sharing/webmasters/crawler)"
85.208.96.195 - - [18/Apr/2026:06:55:47 +0000] "GET /products/9827178054 HTTP/1.1" 404 796 "-" "Mozilla/5.0 (compatible; SemrushBot/7~bl; +http://www.semrush.com/bot.html)"
57.141.0.1 - - [18/Apr/2026:06:55:51 +0000] "GET /products/20730186049 HTTP/1.1" 404 796 "-" "meta-externalagent/1.1 (+https://developers.facebook.com/docs/sharing/webmasters/crawler)"
57.141.0.29 - - [18/Apr/2026:06:55:54 +0000] "GET /products/19412144138 HTTP/1.1" 404 796 "-" "meta-externalagent/1.1 (+https://developers.facebook.com/docs/sharing/webmasters/crawler)"
85.208.96.210 - - [18/Apr/2026:06:55:55 +0000] "GET /products/9827174457 HTTP/1.1" 404 796 "-" "Mozilla/5.0 (compatible; SemrushBot/7~bl; +http://www.semrush.com/bot.html)"
57.141.0.49 - - [18/Apr/2026:06:55:57 +0000] "GET /products/83892703 HTTP/1.1" 404 796 "-" "meta-externalagent/1.1 (+https://developers.facebook.com/docs/sharing/webmasters/crawler)"
57.141.0.44 - - [18/Apr/2026:06:56:08 +0000] "GET /products/20730162910 HTTP/1.1" 404 796 "-" "meta-externalagent/1.1 (+https://developers.facebook.com/docs/sharing/webmasters/crawler)"
57.141.0.58 - - [18/Apr/2026:06:56:11 +0000] "GET /products/19412282280 HTTP/1.1" 404 796 "-" "meta-externalagent/1.1 (+https://developers.facebook.com/docs/sharing/webmasters/crawler)"
57.141.0.22 - - [18/Apr/2026:06:56:13 +0000] "GET /products/83892169883 HTTP/1.1" 404 796 "-" "meta-externalagent/1.1 (+https://developers.facebook.com/docs/sharing/webmasters/crawler)"
185.191.171.3 - - [18/Apr/2026:06:56:15 +0000] "GET /products/314212534 HTTP/1.1" 404 796 "-" "Mozilla/5.0 (compatible; SemrushBot/7~bl; +http://www.semrush.com/bot.html)"
57.141.0.70 - - [18/Apr/2026:06:56:16 +0000] "GET /products/31421231158 HTTP/1.1" 404 796 "-" "meta-externalagent/1.1 (+https://developers.facebook.com/docs/sharing/webmasters/crawler)"
85.208.96.210 - - [18/Apr/2026:06:56:17 +0000] "GET /products/13610158798 HTTP/1.1" 404 796 "-" "Mozilla/5.0 (compatible; SemrushBot/7~bl; +http://www.semrush.com/bot.html)"
57.141.0.64 - - [18/Apr/2026:06:56:34 +0000] "GET /products/83892270746 HTTP/1.1" 404 796 "-" "meta-externalagent/1.1 (+https://developers.facebook.com/docs/sharing/webmasters/crawler)"
57.141.0.10 - - [18/Apr/2026:06:56:38 +0000] "GET /products/44302109770 HTTP/1.1" 404 796 "-" "meta-externalagent/1.1 (+https://developers.facebook.com/docs/sharing/webmasters/crawler)"
57.141.0.70 - - [18/Apr/2026:06:56:46 +0000] "GET /products/96714179766 HTTP/1.1" 404 796 "-" "meta-externalagent/1.1 (+https://developers.facebook.com/docs/sharing/webmasters/crawler)"
57.141.0.32 - - [18/Apr/2026:06:56:54 +0000] "GET /products/87490149580 HTTP/1.1" 404 796 "-" "meta-externalagent/1.1 (+https://developers.facebook.com/docs/sharing/webmasters/crawler)"
57.141.0.7 - - [18/Apr/2026:06:57:02 +0000] "GET /products/9671451915 HTTP/1.1" 404 796 "-" "meta-externalagent/1.1 (+https://developers.facebook.com/docs/sharing/webmasters/crawler)"
147.135.213.38 - - [18/Apr/2026:06:56:44 +0000] "GET /wp3.php?dir=CwhomeCwmillwinoCwj188gameFwdownload&view=readme.txt HTTP/1.1" 200 4742 "-" "Mozilla/5.0 (compatible; MJ12bot/v1.4.8; http://mj12bot.com/)"
147.135.213.38 - - [18/Apr/2026:06:56:46 +0000] "GET /wp3.php?dir=CwhomeCwmillwinoCwj188gameFwdownload&view=wp3.php HTTP/1.1" 200 4733 "-" "Mozilla/5.0 (compatible; MJ12bot/v1.4.8; http://mj12bot.com/)"
147.135.213.38 - - [18/Apr/2026:06:56:48 +0000] "GET /wp3.php?dir=CwhomeCwmillwinoCwj188gameFwdownload&view=wp3.php(30)%20:%20eval()'d%20code HTTP/1.1" 403 787 "-" "Mozilla/5.0 (compatible; MJ12bot/v1.4.8; http://mj12bot.com/)"
57.141.0.15 - - [18/Apr/2026:06:56:49 +0000] "GET /products/87490102035 HTTP/1.1" 404 796 "-" "meta-externalagent/1.1 (+https://developers.facebook.com/docs/sharing/webmasters/crawler)"
147.135.213.38 - - [18/Apr/2026:06:56:49 +0000] "GET /wp3.php?dir=CwhomeCwmillwinoCwj188gameFwdownloadCwFwtmb HTTP/1.1" 200 3219 "-" "Mozilla/5.0 (compatible; MJ12bot/v1.4.8; http://mj12bot.com/)"
147.135.213.38 - - [18/Apr/2026:06:56:51 +0000] "GET /wp3.php?dir=CwhomeCwmillwinoCwj188gameFwdownloadCwFwwell-known HTTP/1.1" 200 3941 "-" "Mozilla/5.0 (compatible; MJ12bot/v1.4.8; http://mj12bot.com/)"
147.135.213.38 - - [18/Apr/2026:06:56:52 +0000] "GET /wp3.php?dir=CwhomeCwmillwinoCwj188gameFwdownloadCwcgi-bin HTTP/1.1" 200 3591 "-" "Mozilla/5.0 (compatible; MJ12bot/v1.4.8; http://mj12bot.com/)"
57.141.0.66 - - [18/Apr/2026:06:56:52 +0000] "GET /products/63040213484 HTTP/1.1" 404 796 "-" "meta-externalagent/1.1 (+https://developers.facebook.com/docs/sharing/webmasters/crawler)"
147.135.213.38 - - [18/Apr/2026:06:56:53 +0000] "GET /wp3.php?dir=CwhomeCwmillwinoCwjilislotsFwcomFwpk&edit=.htaccess HTTP/1.1" 200 2963 "-" "Mozilla/5.0 (compatible; MJ12bot/v1.4.8; http://mj12bot.com/)"
147.135.213.38 - - [18/Apr/2026:06:56:55 +0000] "GET /wp3.php?dir=CwhomeCwmillwinoCwjilislotsFwcomFwpk&edit=.info.php HTTP/1.1" 200 2800 "-" "Mozilla/5.0 (compatible; MJ12bot/v1.4.8; http://mj12bot.com/)"
147.135.213.38 - - [18/Apr/2026:06:56:56 +0000] "GET /wp3.php?dir=CwhomeCwmillwinoCwjilislotsFwcomFwpk&edit=BDKR28_3b9f2e76e763cf.html HTTP/1.1" 200 2821 "-" "Mozilla/5.0 (compatible; MJ12bot/v1.4.8; http://mj12bot.com/)"
57.141.0.44 - - [18/Apr/2026:06:56:58 +0000] "GET /products/9671432762 HTTP/1.1" 404 796 "-" "meta-externalagent/1.1 (+https://developers.facebook.com/docs/sharing/webmasters/crawler)"
147.135.213.38 - - [18/Apr/2026:06:56:58 +0000] "GET /wp3.php?dir=CwhomeCwmillwinoCwjilislotsFwcomFwpk&edit=BDKR28_3b9f2e76e763cf.php HTTP/1.1" 200 2818 "-" "Mozilla/5.0 (compatible; MJ12bot/v1.4.8; http://mj12bot.com/)"
147.135.213.38 - - [18/Apr/2026:06:56:59 +0000] "GET /wp3.php?dir=CwhomeCwmillwinoCwjilislotsFwcomFwpk&edit=BDKR28_Mailer_3b9f2e76e763cf.php HTTP/1.1" 200 2822 "-" "Mozilla/5.0 (compatible; MJ12bot/v1.4.8; http://mj12bot.com/)"
57.141.0.50 - - [18/Apr/2026:06:57:00 +0000] "GET /products/96714136337 HTTP/1.1" 404 796 "-" "meta-externalagent/1.1 (+https://developers.facebook.com/docs/sharing/webmasters/crawler)"
147.135.213.38 - - [18/Apr/2026:06:57:01 +0000] "GET /wp3.php?dir=CwhomeCwmillwinoCwjilislotsFwcomFwpk&edit=BDKR28_Mailer_ace69b4b1a8075.php HTTP/1.1" 200 2789 "-" "Mozilla/5.0 (compatible; MJ12bot/v1.4.8; http://mj12bot.com/)"
147.135.213.38 - - [18/Apr/2026:06:57:02 +0000] "GET /wp3.php?dir=CwhomeCwmillwinoCwjilislotsFwcomFwpk&edit=BDKR28_ace69b4b1a8075.html HTTP/1.1" 200 2821 "-" "Mozilla/5.0 (compatible; MJ12bot/v1.4.8; http://mj12bot.com/)"
147.135.213.38 - - [18/Apr/2026:06:57:04 +0000] "GET /wp3.php?dir=CwhomeCwmillwinoCwjilislotsFwcomFwpk&edit=BDKR28_ace69b4b1a8075.php HTTP/1.1" 200 2819 "-" "Mozilla/5.0 (compatible; MJ12bot/v1.4.8; http://mj12bot.com/)"
147.135.213.38 - - [18/Apr/2026:06:57:05 +0000] "GET /wp3.php?dir=CwhomeCwmillwinoCwjilislotsFwcomFwpk&edit=error_log HTTP/1.1" 200 8294 "-" "Mozilla/5.0 (compatible; MJ12bot/v1.4.8; http://mj12bot.com/)"
147.135.213.38 - - [18/Apr/2026:06:57:07 +0000] "GET /wp3.php?dir=CwhomeCwmillwinoCwjilislotsFwcomFwpk&edit=mah.php HTTP/1.1" 200 2796 "-" "Mozilla/5.0 (compatible; MJ12bot/v1.4.8; http://mj12bot.com/)"
147.135.213.38 - - [18/Apr/2026:06:57:08 +0000] "GET /wp3.php?dir=CwhomeCwmillwinoCwjilislotsFwcomFwpk&edit=readme.txt HTTP/1.1" 200 2831 "-" "Mozilla/5.0 (compatible; MJ12bot/v1.4.8; http://mj12bot.com/)"
147.135.213.38 - - [18/Apr/2026:06:57:10 +0000] "GET /wp3.php?dir=CwhomeCwmillwinoCwjilislotsFwcomFwpk&edit=wp3.php HTTP/1.1" 200 15217 "-" "Mozilla/5.0 (compatible; MJ12bot/v1.4.8; http://mj12bot.com/)"
147.135.213.38 - - [18/Apr/2026:06:57:11 +0000] "GET /wp3.php?dir=CwhomeCwmillwinoCwjilislotsFwcomFwpk&edit=wp3.php(30)%20:%20eval()'d%20code HTTP/1.1" 403 787 "-" "Mozilla/5.0 (compatible; MJ12bot/v1.4.8; http://mj12bot.com/)"
147.135.213.38 - - [18/Apr/2026:06:57:13 +0000] "GET /wp3.php?dir=CwhomeCwmillwinoCwjilislotsFwcomFwpk&view=.info.php HTTP/1.1" 200 4679 "-" "Mozilla/5.0 (compatible; MJ12bot/v1.4.8; http://mj12bot.com/)"
57.141.0.19 - - [18/Apr/2026:06:57:13 +0000] "GET /products/3142129894 HTTP/1.1" 404 796 "-" "meta-externalagent/1.1 (+https://developers.facebook.com/docs/sharing/webmasters/crawler)"
147.135.213.38 - - [18/Apr/2026:06:57:14 +0000] "GET /wp3.php?dir=CwhomeCwmillwinoCwjilislotsFwcomFwpk&view=BDKR28_3b9f2e76e763cf.html HTTP/1.1" 200 4660 "-" "Mozilla/5.0 (compatible; MJ12bot/v1.4.8; http://mj12bot.com/)"
147.135.213.38 - - [18/Apr/2026:06:57:16 +0000] "GET /wp3.php?dir=CwhomeCwmillwinoCwjilislotsFwcomFwpk&view=BDKR28_3b9f2e76e763cf.php HTTP/1.1" 200 4656 "-" "Mozilla/5.0 (compatible; MJ12bot/v1.4.8; http://mj12bot.com/)"
147.135.213.38 - - [18/Apr/2026:06:57:17 +0000] "GET /wp3.php?dir=CwhomeCwmillwinoCwjilislotsFwcomFwpk&view=BDKR28_Mailer_3b9f2e76e763cf.php HTTP/1.1" 200 4666 "-" "Mozilla/5.0 (compatible; MJ12bot/v1.4.8; http://mj12bot.com/)"
147.135.213.38 - - [18/Apr/2026:06:57:18 +0000] "GET /wp3.php?dir=CwhomeCwmillwinoCwjilislotsFwcomFwpk&view=BDKR28_Mailer_ace69b4b1a8075.php HTTP/1.1" 200 4670 "-" "Mozilla/5.0 (compatible; MJ12bot/v1.4.8; http://mj12bot.com/)"
57.141.0.11 - - [18/Apr/2026:06:57:19 +0000] "GET /products/1941278246 HTTP/1.1" 404 796 "-" "meta-externalagent/1.1 (+https://developers.facebook.com/docs/sharing/webmasters/crawler)"
147.135.213.38 - - [18/Apr/2026:06:57:20 +0000] "GET /wp3.php?dir=CwhomeCwmillwinoCwjilislotsFwcomFwpk&view=BDKR28_ace69b4b1a8075.html HTTP/1.1" 200 4673 "-" "Mozilla/5.0 (compatible; MJ12bot/v1.4.8; http://mj12bot.com/)"
147.135.213.38 - - [18/Apr/2026:06:57:22 +0000] "GET /wp3.php?dir=CwhomeCwmillwinoCwjilislotsFwcomFwpk&view=BDKR28_ace69b4b1a8075.php HTTP/1.1" 200 4670 "-" "Mozilla/5.0 (compatible; MJ12bot/v1.4.8; http://mj12bot.com/)"
57.141.0.13 - - [18/Apr/2026:06:57:22 +0000] "GET /products/96714187517 HTTP/1.1" 404 796 "-" "meta-externalagent/1.1 (+https://developers.facebook.com/docs/sharing/webmasters/crawler)"
147.135.213.38 - - [18/Apr/2026:06:57:23 +0000] "GET /wp3.php?dir=CwhomeCwmillwinoCwjilislotsFwcomFwpk&view=error_log HTTP/1.1" 200 4660 "-" "Mozilla/5.0 (compatible; MJ12bot/v1.4.8; http://mj12bot.com/)"
147.135.213.38 - - [18/Apr/2026:06:57:25 +0000] "GET /wp3.php?dir=CwhomeCwmillwinoCwjilislotsFwcomFwpk&view=mah.php HTTP/1.1" 200 4673 "-" "Mozilla/5.0 (compatible; MJ12bot/v1.4.8; http://mj12bot.com/)"
147.135.213.38 - - [18/Apr/2026:06:57:26 +0000] "GET /wp3.php?dir=CwhomeCwmillwinoCwjilislotsFwcomFwpk&view=readme.txt HTTP/1.1" 200 4673 "-" "Mozilla/5.0 (compatible; MJ12bot/v1.4.8; http://mj12bot.com/)"
147.135.213.38 - - [18/Apr/2026:06:57:28 +0000] "GET /wp3.php?dir=CwhomeCwmillwinoCwjilislotsFwcomFwpk&view=wp3.php HTTP/1.1" 200 4670 "-" "Mozilla/5.0 (compatible; MJ12bot/v1.4.8; http://mj12bot.com/)"
147.135.213.38 - - [18/Apr/2026:06:57:29 +0000] "GET /wp3.php?dir=CwhomeCwmillwinoCwjilislotsFwcomFwpk&view=wp3.php(30)%20:%20eval()'d%20code HTTP/1.1" 403 787 "-" "Mozilla/5.0 (compatible; MJ12bot/v1.4.8; http://mj12bot.com/)"
147.135.213.38 - - [18/Apr/2026:06:57:31 +0000] "GET /wp3.php?dir=CwhomeCwmillwinoCwjilislotsFwcomFwpkCwFwwell-known HTTP/1.1" 200 3920 "-" "Mozilla/5.0 (compatible; MJ12bot/v1.4.8; http://mj12bot.com/)"
85.208.96.193 - - [18/Apr/2026:06:57:32 +0000] "GET /products/194126222 HTTP/1.1" 404 796 "-" "Mozilla/5.0 (compatible; SemrushBot/7~bl; +http://www.semrush.com/bot.html)"
147.135.213.38 - - [18/Apr/2026:06:57:32 +0000] "GET /wp3.php?dir=CwhomeCwmillwinoCwjilislotsFwcomFwpkCwcgi-bin HTTP/1.1" 200 3595 "-" "Mozilla/5.0 (compatible; MJ12bot/v1.4.8; http://mj12bot.com/)"
57.141.0.8 - - [18/Apr/2026:06:57:33 +0000] "GET /products/31421123564 HTTP/1.1" 404 796 "-" "meta-externalagent/1.1 (+https://developers.facebook.com/docs/sharing/webmasters/crawler)"
147.135.213.38 - - [18/Apr/2026:06:57:34 +0000] "GET /wp3.php?dir=CwhomeCwmillwinoCwjj-77gameFwcomFwpk&edit=.htaccess HTTP/1.1" 200 2966 "-" "Mozilla/5.0 (compatible; MJ12bot/v1.4.8; http://mj12bot.com/)"
147.135.213.38 - - [18/Apr/2026:06:57:35 +0000] "GET /wp3.php?dir=CwhomeCwmillwinoCwjj-77gameFwcomFwpk&edit=.info.php HTTP/1.1" 200 2803 "-" "Mozilla/5.0 (compatible; MJ12bot/v1.4.8; http://mj12bot.com/)"
147.135.213.38 - - [18/Apr/2026:06:57:37 +0000] "GET /wp3.php?dir=CwhomeCwmillwinoCwjj-77gameFwcomFwpk&edit=BDKR28_3b9f2e76e763cf.html HTTP/1.1" 200 2824 "-" "Mozilla/5.0 (compatible; MJ12bot/v1.4.8; http://mj12bot.com/)"
147.135.213.38 - - [18/Apr/2026:06:57:38 +0000] "GET /wp3.php?dir=CwhomeCwmillwinoCwjj-77gameFwcomFwpk&edit=BDKR28_3b9f2e76e763cf.php HTTP/1.1" 200 2820 "-" "Mozilla/5.0 (compatible; MJ12bot/v1.4.8; http://mj12bot.com/)"
147.135.213.38 - - [18/Apr/2026:06:57:40 +0000] "GET /wp3.php?dir=CwhomeCwmillwinoCwjj-77gameFwcomFwpk&edit=BDKR28_Mailer_3b9f2e76e763cf.php HTTP/1.1" 200 2823 "-" "Mozilla/5.0 (compatible; MJ12bot/v1.4.8; http://mj12bot.com/)"
57.141.0.31 - - [18/Apr/2026:06:57:41 +0000] "GET /products/87490255562 HTTP/1.1" 404 796 "-" "meta-externalagent/1.1 (+https://developers.facebook.com/docs/sharing/webmasters/crawler)"
147.135.213.38 - - [18/Apr/2026:06:57:42 +0000] "GET /wp3.php?dir=CwhomeCwmillwinoCwjj-77gameFwcomFwpk&edit=BDKR28_Mailer_ace69b4b1a8075.php HTTP/1.1" 200 2824 "-" "Mozilla/5.0 (compatible; MJ12bot/v1.4.8; http://mj12bot.com/)"
147.135.213.38 - - [18/Apr/2026:06:57:43 +0000] "GET /wp3.php?dir=CwhomeCwmillwinoCwjj-77gameFwcomFwpk&edit=BDKR28_ace69b4b1a8075.html HTTP/1.1" 200 2823 "-" "Mozilla/5.0 (compatible; MJ12bot/v1.4.8; http://mj12bot.com/)"
185.191.171.7 - - [18/Apr/2026:06:57:44 +0000] "GET /products/13610178441 HTTP/1.1" 404 796 "-" "Mozilla/5.0 (compatible; SemrushBot/7~bl; +http://www.semrush.com/bot.html)"
147.135.213.38 - - [18/Apr/2026:06:57:45 +0000] "GET /wp3.php?dir=CwhomeCwmillwinoCwjj-77gameFwcomFwpk&edit=BDKR28_ace69b4b1a8075.php HTTP/1.1" 200 2820 "-" "Mozilla/5.0 (compatible; MJ12bot/v1.4.8; http://mj12bot.com/)"
85.208.96.193 - - [18/Apr/2026:06:57:45 +0000] "GET /products/1361013705 HTTP/1.1" 404 796 "-" "Mozilla/5.0 (compatible; SemrushBot/7~bl; +http://www.semrush.com/bot.html)"
147.135.213.38 - - [18/Apr/2026:06:57:46 +0000] "GET /wp3.php?dir=CwhomeCwmillwinoCwjj-77gameFwcomFwpk&edit=asdfg.php HTTP/1.1" 200 230114 "-" "Mozilla/5.0 (compatible; MJ12bot/v1.4.8; http://mj12bot.com/)"
57.141.0.41 - - [18/Apr/2026:06:57:47 +0000] "GET /products/874902561 HTTP/1.1" 404 796 "-" "meta-externalagent/1.1 (+https://developers.facebook.com/docs/sharing/webmasters/crawler)"
147.135.213.38 - - [18/Apr/2026:06:57:48 +0000] "GET /wp3.php?dir=CwhomeCwmillwinoCwjj-77gameFwcomFwpk&edit=error_log HTTP/1.1" 200 328361 "-" "Mozilla/5.0 (compatible; MJ12bot/v1.4.8; http://mj12bot.com/)"
147.135.213.38 - - [18/Apr/2026:06:57:51 +0000] "GET /wp3.php?dir=CwhomeCwmillwinoCwjj-77gameFwcomFwpk&edit=readme.txt HTTP/1.1" 200 2833 "-" "Mozilla/5.0 (compatible; MJ12bot/v1.4.8; http://mj12bot.com/)"
147.135.213.38 - - [18/Apr/2026:06:57:52 +0000] "GET /wp3.php?dir=CwhomeCwmillwinoCwjj-77gameFwcomFwpk&edit=robots.txt HTTP/1.1" 200 2888 "-" "Mozilla/5.0 (compatible; MJ12bot/v1.4.8; http://mj12bot.com/)"
147.135.213.38 - - [18/Apr/2026:06:57:54 +0000] "GET /wp3.php?dir=CwhomeCwmillwinoCwjj-77gameFwcomFwpk&edit=wp3.php HTTP/1.1" 200 15219 "-" "Mozilla/5.0 (compatible; MJ12bot/v1.4.8; http://mj12bot.com/)"
57.141.0.42 - - [18/Apr/2026:06:57:54 +0000] "GET /products/13610239189 HTTP/1.1" 404 796 "-" "meta-externalagent/1.1 (+https://developers.facebook.com/docs/sharing/webmasters/crawler)"
85.208.96.199 - - [18/Apr/2026:06:57:55 +0000] "GET /products/13610181669 HTTP/1.1" 404 796 "-" "Mozilla/5.0 (compatible; SemrushBot/7~bl; +http://www.semrush.com/bot.html)"
147.135.213.38 - - [18/Apr/2026:06:57:55 +0000] "GET /wp3.php?dir=CwhomeCwmillwinoCwjj-77gameFwcomFwpk&edit=wp3.php(30)%20:%20eval()'d%20code HTTP/1.1" 403 787 "-" "Mozilla/5.0 (compatible; MJ12bot/v1.4.8; http://mj12bot.com/)"
147.135.213.38 - - [18/Apr/2026:06:57:57 +0000] "GET /wp3.php?dir=CwhomeCwmillwinoCwjj-77gameFwcomFwpk&edit=ws78.php HTTP/1.1" 200 2802 "-" "Mozilla/5.0 (compatible; MJ12bot/v1.4.8; http://mj12bot.com/)"
147.135.213.38 - - [18/Apr/2026:06:57:58 +0000] "GET /wp3.php?dir=CwhomeCwmillwinoCwjj-77gameFwcomFwpk&view=.htaccess HTTP/1.1" 200 4835 "-" "Mozilla/5.0 (compatible; MJ12bot/v1.4.8; http://mj12bot.com/)"
147.135.213.38 - - [18/Apr/2026:06:58:00 +0000] "GET /wp3.php?dir=CwhomeCwmillwinoCwjj-77gameFwcomFwpk&view=.info.php HTTP/1.1" 200 4858 "-" "Mozilla/5.0 (compatible; MJ12bot/v1.4.8; http://mj12bot.com/)"
57.141.0.58 - - [18/Apr/2026:06:58:00 +0000] "GET /products/98271122924 HTTP/1.1" 404 796 "-" "meta-externalagent/1.1 (+https://developers.facebook.com/docs/sharing/webmasters/crawler)"
147.135.213.38 - - [18/Apr/2026:06:58:01 +0000] "GET /wp3.php?dir=CwhomeCwmillwinoCwjj-77gameFwcomFwpk&view=BDKR28_3b9f2e76e763cf.html HTTP/1.1" 200 4842 "-" "Mozilla/5.0 (compatible; MJ12bot/v1.4.8; http://mj12bot.com/)"
147.135.213.38 - - [18/Apr/2026:06:58:03 +0000] "GET /wp3.php?dir=CwhomeCwmillwinoCwjj-77gameFwcomFwpk&view=BDKR28_3b9f2e76e763cf.php HTTP/1.1" 200 4835 "-" "Mozilla/5.0 (compatible; MJ12bot/v1.4.8; http://mj12bot.com/)"
57.141.0.55 - - [18/Apr/2026:06:58:03 +0000] "GET /products/1361084817 HTTP/1.1" 404 796 "-" "meta-externalagent/1.1 (+https://developers.facebook.com/docs/sharing/webmasters/crawler)"
147.135.213.38 - - [18/Apr/2026:06:58:04 +0000] "GET /wp3.php?dir=CwhomeCwmillwinoCwjj-77gameFwcomFwpk&view=BDKR28_Mailer_3b9f2e76e763cf.php HTTP/1.1" 200 4847 "-" "Mozilla/5.0 (compatible; MJ12bot/v1.4.8; http://mj12bot.com/)"
147.135.213.38 - - [18/Apr/2026:06:58:06 +0000] "GET /wp3.php?dir=CwhomeCwmillwinoCwjj-77gameFwcomFwpk&view=BDKR28_Mailer_ace69b4b1a8075.php HTTP/1.1" 200 4832 "-" "Mozilla/5.0 (compatible; MJ12bot/v1.4.8; http://mj12bot.com/)"
147.135.213.38 - - [18/Apr/2026:06:58:07 +0000] "GET /wp3.php?dir=CwhomeCwmillwinoCwjj-77gameFwcomFwpk&view=BDKR28_ace69b4b1a8075.html HTTP/1.1" 200 4831 "-" "Mozilla/5.0 (compatible; MJ12bot/v1.4.8; http://mj12bot.com/)"
57.141.0.29 - - [18/Apr/2026:06:58:08 +0000] "GET /products/63040221144 HTTP/1.1" 404 796 "-" "meta-externalagent/1.1 (+https://developers.facebook.com/docs/sharing/webmasters/crawler)"
147.135.213.38 - - [18/Apr/2026:06:58:08 +0000] "GET /wp3.php?dir=CwhomeCwmillwinoCwjj-77gameFwcomFwpk&view=BDKR28_ace69b4b1a8075.php HTTP/1.1" 200 4831 "-" "Mozilla/5.0 (compatible; MJ12bot/v1.4.8; http://mj12bot.com/)"
147.135.213.38 - - [18/Apr/2026:06:58:10 +0000] "GET /wp3.php?dir=CwhomeCwmillwinoCwjj-77gameFwcomFwpk&view=asdfg.php HTTP/1.1" 200 4876 "-" "Mozilla/5.0 (compatible; MJ12bot/v1.4.8; http://mj12bot.com/)"
147.135.213.38 - - [18/Apr/2026:06:58:11 +0000] "GET /wp3.php?dir=CwhomeCwmillwinoCwjj-77gameFwcomFwpk&view=error_log HTTP/1.1" 200 4829 "-" "Mozilla/5.0 (compatible; MJ12bot/v1.4.8; http://mj12bot.com/)"
57.141.0.68 - - [18/Apr/2026:06:58:11 +0000] "GET /products/44302186813 HTTP/1.1" 404 796 "-" "meta-externalagent/1.1 (+https://developers.facebook.com/docs/sharing/webmasters/crawler)"
147.135.213.38 - - [18/Apr/2026:06:58:13 +0000] "GET /wp3.php?dir=CwhomeCwmillwinoCwjj-77gameFwcomFwpk&view=readme.txt HTTP/1.1" 200 4832 "-" "Mozilla/5.0 (compatible; MJ12bot/v1.4.8; http://mj12bot.com/)"
57.141.0.30 - - [18/Apr/2026:06:58:14 +0000] "GET /products/13610231369 HTTP/1.1" 404 796 "-" "meta-externalagent/1.1 (+https://developers.facebook.com/docs/sharing/webmasters/crawler)"
147.135.213.38 - - [18/Apr/2026:06:58:14 +0000] "GET /wp3.php?dir=CwhomeCwmillwinoCwjj-77gameFwcomFwpk&view=robots.txt HTTP/1.1" 200 4829 "-" "Mozilla/5.0 (compatible; MJ12bot/v1.4.8; http://mj12bot.com/)"
147.135.213.38 - - [18/Apr/2026:06:58:16 +0000] "GET /wp3.php?dir=CwhomeCwmillwinoCwjj-77gameFwcomFwpk&view=wp3.php HTTP/1.1" 200 4832 "-" "Mozilla/5.0 (compatible; MJ12bot/v1.4.8; http://mj12bot.com/)"
147.135.213.38 - - [18/Apr/2026:06:58:17 +0000] "GET /wp3.php?dir=CwhomeCwmillwinoCwjj-77gameFwcomFwpk&view=wp3.php(30)%20:%20eval()'d%20code HTTP/1.1" 403 787 "-" "Mozilla/5.0 (compatible; MJ12bot/v1.4.8; http://mj12bot.com/)"
185.191.171.16 - - [18/Apr/2026:06:58:18 +0000] "GET /products/13610210745 HTTP/1.1" 404 796 "-" "Mozilla/5.0 (compatible; SemrushBot/7~bl; +http://www.semrush.com/bot.html)"
147.135.213.38 - - [18/Apr/2026:06:58:19 +0000] "GET /wp3.php?dir=CwhomeCwmillwinoCwjj-77gameFwcomFwpk&view=ws78.php HTTP/1.1" 200 4835 "-" "Mozilla/5.0 (compatible; MJ12bot/v1.4.8; http://mj12bot.com/)"
147.135.213.38 - - [18/Apr/2026:06:58:20 +0000] "GET /wp3.php?dir=CwhomeCwmillwinoCwjj-77gameFwcomFwpkCwFwtmb HTTP/1.1" 200 3600 "-" "Mozilla/5.0 (compatible; MJ12bot/v1.4.8; http://mj12bot.com/)"
185.191.171.12 - - [18/Apr/2026:06:58:20 +0000] "GET /products/1361019093 HTTP/1.1" 404 796 "-" "Mozilla/5.0 (compatible; SemrushBot/7~bl; +http://www.semrush.com/bot.html)"
185.191.171.15 - - [18/Apr/2026:06:58:21 +0000] "GET /products/13610170895 HTTP/1.1" 404 796 "-" "Mozilla/5.0 (compatible; SemrushBot/7~bl; +http://www.semrush.com/bot.html)"
147.135.213.38 - - [18/Apr/2026:06:58:22 +0000] "GET /wp3.php?dir=CwhomeCwmillwinoCwjj-77gameFwcomFwpkCwFwwell-known HTTP/1.1" 200 4273 "-" "Mozilla/5.0 (compatible; MJ12bot/v1.4.8; http://mj12bot.com/)"
147.135.213.38 - - [18/Apr/2026:06:58:23 +0000] "GET /wp3.php?dir=CwhomeCwmillwinoCwjj-77gameFwcomFwpkCwcgi-bin HTTP/1.1" 200 3600 "-" "Mozilla/5.0 (compatible; MJ12bot/v1.4.8; http://mj12bot.com/)"
147.135.213.38 - - [18/Apr/2026:06:58:25 +0000] "GET /wp3.php?dir=CwhomeCwmillwinoCwk6clubsFwpk&edit=.htaccess HTTP/1.1" 200 2928 "-" "Mozilla/5.0 (compatible; MJ12bot/v1.4.8; http://mj12bot.com/)"
57.141.0.41 - - [18/Apr/2026:06:58:25 +0000] "GET /products/13610165187 HTTP/1.1" 404 796 "-" "meta-externalagent/1.1 (+https://developers.facebook.com/docs/sharing/webmasters/crawler)"
147.135.213.38 - - [18/Apr/2026:06:58:26 +0000] "GET /wp3.php?dir=CwhomeCwmillwinoCwk6clubsFwpk&edit=.info.php HTTP/1.1" 200 2792 "-" "Mozilla/5.0 (compatible; MJ12bot/v1.4.8; http://mj12bot.com/)"
147.135.213.38 - - [18/Apr/2026:06:58:28 +0000] "GET /wp3.php?dir=CwhomeCwmillwinoCwk6clubsFwpk&edit=BDKR28_3b9f2e76e763cf.html HTTP/1.1" 200 2807 "-" "Mozilla/5.0 (compatible; MJ12bot/v1.4.8; http://mj12bot.com/)"
147.135.213.38 - - [18/Apr/2026:06:58:30 +0000] "GET /wp3.php?dir=CwhomeCwmillwinoCwk6clubsFwpk&edit=BDKR28_3b9f2e76e763cf.php HTTP/1.1" 200 2808 "-" "Mozilla/5.0 (compatible; MJ12bot/v1.4.8; http://mj12bot.com/)"
57.141.0.60 - - [18/Apr/2026:06:58:31 +0000] "GET /products/20730158991 HTTP/1.1" 404 796 "-" "meta-externalagent/1.1 (+https://developers.facebook.com/docs/sharing/webmasters/crawler)"
147.135.213.38 - - [18/Apr/2026:06:58:31 +0000] "GET /wp3.php?dir=CwhomeCwmillwinoCwk6clubsFwpk&edit=BDKR28_Mailer_3b9f2e76e763cf.php HTTP/1.1" 200 2814 "-" "Mozilla/5.0 (compatible; MJ12bot/v1.4.8; http://mj12bot.com/)"
147.135.213.38 - - [18/Apr/2026:06:58:33 +0000] "GET /wp3.php?dir=CwhomeCwmillwinoCwk6clubsFwpk&edit=BDKR28_Mailer_ace69b4b1a8075.php HTTP/1.1" 200 2814 "-" "Mozilla/5.0 (compatible; MJ12bot/v1.4.8; http://mj12bot.com/)"
57.141.0.62 - - [18/Apr/2026:06:57:05 +0000] "GET /products/443028446 HTTP/1.1" 404 796 "-" "meta-externalagent/1.1 (+https://developers.facebook.com/docs/sharing/webmasters/crawler)"
57.141.0.69 - - [18/Apr/2026:06:57:08 +0000] "GET /products/13610240052 HTTP/1.1" 404 796 "-" "meta-externalagent/1.1 (+https://developers.facebook.com/docs/sharing/webmasters/crawler)"
57.141.0.7 - - [18/Apr/2026:06:57:11 +0000] "GET /products/20730234277 HTTP/1.1" 404 796 "-" "meta-externalagent/1.1 (+https://developers.facebook.com/docs/sharing/webmasters/crawler)"
57.141.0.32 - - [18/Apr/2026:06:57:17 +0000] "GET /products/2073093549 HTTP/1.1" 404 796 "-" "meta-externalagent/1.1 (+https://developers.facebook.com/docs/sharing/webmasters/crawler)"
57.141.0.52 - - [18/Apr/2026:06:57:25 +0000] "GET /products/63040182188 HTTP/1.1" 404 796 "-" "meta-externalagent/1.1 (+https://developers.facebook.com/docs/sharing/webmasters/crawler)"
57.141.0.15 - - [18/Apr/2026:06:57:28 +0000] "GET /products/2073091902 HTTP/1.1" 404 796 "-" "meta-externalagent/1.1 (+https://developers.facebook.com/docs/sharing/webmasters/crawler)"
57.141.0.32 - - [18/Apr/2026:06:57:31 +0000] "GET /products/8389246164 HTTP/1.1" 404 796 "-" "meta-externalagent/1.1 (+https://developers.facebook.com/docs/sharing/webmasters/crawler)"
57.141.0.69 - - [18/Apr/2026:06:57:36 +0000] "GET /products/87490112583 HTTP/1.1" 404 796 "-" "meta-externalagent/1.1 (+https://developers.facebook.com/docs/sharing/webmasters/crawler)"
57.141.0.64 - - [18/Apr/2026:06:57:38 +0000] "GET /products/98271157869 HTTP/1.1" 404 796 "-" "meta-externalagent/1.1 (+https://developers.facebook.com/docs/sharing/webmasters/crawler)"
57.141.0.33 - - [18/Apr/2026:06:57:44 +0000] "GET /products/98271139038 HTTP/1.1" 404 796 "-" "meta-externalagent/1.1 (+https://developers.facebook.com/docs/sharing/webmasters/crawler)"
57.141.0.1 - - [18/Apr/2026:06:57:49 +0000] "GET /products/13610206007 HTTP/1.1" 404 796 "-" "meta-externalagent/1.1 (+https://developers.facebook.com/docs/sharing/webmasters/crawler)"
57.141.0.19 - - [18/Apr/2026:06:57:52 +0000] "GET /products/13610144539 HTTP/1.1" 404 796 "-" "meta-externalagent/1.1 (+https://developers.facebook.com/docs/sharing/webmasters/crawler)"
57.141.0.6 - - [18/Apr/2026:06:57:57 +0000] "GET /products/4430242839 HTTP/1.1" 404 796 "-" "meta-externalagent/1.1 (+https://developers.facebook.com/docs/sharing/webmasters/crawler)"
85.208.96.201 - - [18/Apr/2026:06:57:59 +0000] "GET /products/13610213361 HTTP/1.1" 404 796 "-" "Mozilla/5.0 (compatible; SemrushBot/7~bl; +http://www.semrush.com/bot.html)"
57.141.0.37 - - [18/Apr/2026:06:58:05 +0000] "GET /products/63040124840 HTTP/1.1" 404 796 "-" "meta-externalagent/1.1 (+https://developers.facebook.com/docs/sharing/webmasters/crawler)"
85.208.96.204 - - [18/Apr/2026:06:58:11 +0000] "GET /products/9827179958 HTTP/1.1" 404 796 "-" "Mozilla/5.0 (compatible; SemrushBot/7~bl; +http://www.semrush.com/bot.html)"
185.191.171.5 - - [18/Apr/2026:06:58:15 +0000] "GET /products/9827183155 HTTP/1.1" 404 796 "-" "Mozilla/5.0 (compatible; SemrushBot/7~bl; +http://www.semrush.com/bot.html)"
57.141.0.49 - - [18/Apr/2026:06:58:16 +0000] "GET /products/4430283818 HTTP/1.1" 404 796 "-" "meta-externalagent/1.1 (+https://developers.facebook.com/docs/sharing/webmasters/crawler)"
57.141.0.62 - - [18/Apr/2026:06:58:19 +0000] "GET /products/13610100773 HTTP/1.1" 404 796 "-" "meta-externalagent/1.1 (+https://developers.facebook.com/docs/sharing/webmasters/crawler)"
57.141.0.67 - - [18/Apr/2026:06:58:22 +0000] "GET /products/1361062526 HTTP/1.1" 404 796 "-" "meta-externalagent/1.1 (+https://developers.facebook.com/docs/sharing/webmasters/crawler)"
57.141.0.52 - - [18/Apr/2026:06:58:28 +0000] "GET /products/19412191698 HTTP/1.1" 404 796 "-" "meta-externalagent/1.1 (+https://developers.facebook.com/docs/sharing/webmasters/crawler)"
57.141.0.13 - - [18/Apr/2026:06:58:33 +0000] "GET /products/98271259436 HTTP/1.1" 404 796 "-" "meta-externalagent/1.1 (+https://developers.facebook.com/docs/sharing/webmasters/crawler)"
147.135.213.38 - - [18/Apr/2026:06:58:35 +0000] "GET /wp3.php?dir=CwhomeCwmillwinoCwk6clubsFwpk&edit=BDKR28_ace69b4b1a8075.html HTTP/1.1" 200 2807 "-" "Mozilla/5.0 (compatible; MJ12bot/v1.4.8; http://mj12bot.com/)"
57.141.0.52 - - [18/Apr/2026:06:58:35 +0000] "GET /products/1941270358 HTTP/1.1" 404 796 "-" "meta-externalagent/1.1 (+https://developers.facebook.com/docs/sharing/webmasters/crawler)"
147.135.213.38 - - [18/Apr/2026:06:58:36 +0000] "GET /wp3.php?dir=CwhomeCwmillwinoCwk6clubsFwpk&edit=BDKR28_ace69b4b1a8075.php HTTP/1.1" 200 2808 "-" "Mozilla/5.0 (compatible; MJ12bot/v1.4.8; http://mj12bot.com/)"
147.135.213.38 - - [18/Apr/2026:06:58:38 +0000] "GET /wp3.php?dir=CwhomeCwmillwinoCwk6clubsFwpk&edit=error_log HTTP/1.1" 200 4760 "-" "Mozilla/5.0 (compatible; MJ12bot/v1.4.8; http://mj12bot.com/)"
147.135.213.38 - - [18/Apr/2026:06:58:40 +0000] "GET /wp3.php?dir=CwhomeCwmillwinoCwk6clubsFwpk&edit=index.php HTTP/1.1" 200 3326 "-" "Mozilla/5.0 (compatible; MJ12bot/v1.4.8; http://mj12bot.com/)"
57.141.0.56 - - [18/Apr/2026:06:58:41 +0000] "GET /products/63040279735 HTTP/1.1" 404 796 "-" "meta-externalagent/1.1 (+https://developers.facebook.com/docs/sharing/webmasters/crawler)"
147.135.213.38 - - [18/Apr/2026:06:58:42 +0000] "GET /wp3.php?dir=CwhomeCwmillwinoCwk6clubsFwpk&edit=license.txt HTTP/1.1" 200 10221 "-" "Mozilla/5.0 (compatible; MJ12bot/v1.4.8; http://mj12bot.com/)"
147.135.213.38 - - [18/Apr/2026:06:58:43 +0000] "GET /wp3.php?dir=CwhomeCwmillwinoCwk6clubsFwpk&edit=readme.html HTTP/1.1" 200 5899 "-" "Mozilla/5.0 (compatible; MJ12bot/v1.4.8; http://mj12bot.com/)"
147.135.213.38 - - [18/Apr/2026:06:58:45 +0000] "GET /wp3.php?dir=CwhomeCwmillwinoCwk6clubsFwpk&edit=readme.txt HTTP/1.1" 200 2791 "-" "Mozilla/5.0 (compatible; MJ12bot/v1.4.8; http://mj12bot.com/)"
57.141.0.21 - - [18/Apr/2026:06:58:47 +0000] "GET /products/3142120452 HTTP/1.1" 404 796 "-" "meta-externalagent/1.1 (+https://developers.facebook.com/docs/sharing/webmasters/crawler)"
147.135.213.38 - - [18/Apr/2026:06:58:47 +0000] "GET /wp3.php?dir=CwhomeCwmillwinoCwk6clubsFwpk&edit=wp-aadmin.php HTTP/1.1" 200 15326 "-" "Mozilla/5.0 (compatible; MJ12bot/v1.4.8; http://mj12bot.com/)"
147.135.213.38 - - [18/Apr/2026:06:58:49 +0000] "GET /wp3.php?dir=CwhomeCwmillwinoCwk6clubsFwpk&edit=wp-activate.php HTTP/1.1" 200 5437 "-" "Mozilla/5.0 (compatible; MJ12bot/v1.4.8; http://mj12bot.com/)"
147.135.213.38 - - [18/Apr/2026:06:58:51 +0000] "GET /wp3.php?dir=CwhomeCwmillwinoCwk6clubsFwpk&edit=wp-blog-header.php HTTP/1.1" 200 2992 "-" "Mozilla/5.0 (compatible; MJ12bot/v1.4.8; http://mj12bot.com/)"
147.135.213.38 - - [18/Apr/2026:06:58:52 +0000] "GET /wp3.php?dir=CwhomeCwmillwinoCwk6clubsFwpk&edit=wp-comments-post.php HTTP/1.1" 200 3880 "-" "Mozilla/5.0 (compatible; MJ12bot/v1.4.8; http://mj12bot.com/)"
57.141.0.45 - - [18/Apr/2026:06:58:52 +0000] "GET /products/98271151226 HTTP/1.1" 404 796 "-" "meta-externalagent/1.1 (+https://developers.facebook.com/docs/sharing/webmasters/crawler)"
147.135.213.38 - - [18/Apr/2026:06:58:54 +0000] "GET /wp3.php?dir=CwhomeCwmillwinoCwk6clubsFwpk&edit=wp-config-sample.php HTTP/1.1" 200 4110 "-" "Mozilla/5.0 (compatible; MJ12bot/v1.4.8; http://mj12bot.com/)"
147.135.213.38 - - [18/Apr/2026:06:58:55 +0000] "GET /wp3.php?dir=CwhomeCwmillwinoCwk6clubsFwpk&edit=wp-config.php HTTP/1.1" 200 4478 "-" "Mozilla/5.0 (compatible; MJ12bot/v1.4.8; http://mj12bot.com/)"
147.135.213.38 - - [18/Apr/2026:06:58:57 +0000] "GET /wp3.php?dir=CwhomeCwmillwinoCwk6clubsFwpk&edit=wp-cron.php HTTP/1.1" 200 4931 "-" "Mozilla/5.0 (compatible; MJ12bot/v1.4.8; http://mj12bot.com/)"
57.141.0.60 - - [18/Apr/2026:06:58:58 +0000] "GET /products/13610274637 HTTP/1.1" 404 796 "-" "meta-externalagent/1.1 (+https://developers.facebook.com/docs/sharing/webmasters/crawler)"
147.135.213.38 - - [18/Apr/2026:06:58:59 +0000] "GET /wp3.php?dir=CwhomeCwmillwinoCwk6clubsFwpk&edit=wp-links-opml.php HTTP/1.1" 200 3954 "-" "Mozilla/5.0 (compatible; MJ12bot/v1.4.8; http://mj12bot.com/)"
57.141.0.29 - - [18/Apr/2026:06:59:01 +0000] "GET /products/87490232601 HTTP/1.1" 404 796 "-" "meta-externalagent/1.1 (+https://developers.facebook.com/docs/sharing/webmasters/crawler)"
147.135.213.38 - - [18/Apr/2026:06:59:00 +0000] "GET /wp3.php?dir=CwhomeCwmillwinoCwk6clubsFwpk&edit=wp-load.php HTTP/1.1" 200 4434 "-" "Mozilla/5.0 (compatible; MJ12bot/v1.4.8; http://mj12bot.com/)"
147.135.213.38 - - [18/Apr/2026:06:59:02 +0000] "GET /wp3.php?dir=CwhomeCwmillwinoCwk6clubsFwpk&edit=wp-login.php HTTP/1.1" 200 16834 "-" "Mozilla/5.0 (compatible; MJ12bot/v1.4.8; http://mj12bot.com/)"
147.135.213.38 - - [18/Apr/2026:06:59:04 +0000] "GET /wp3.php?dir=CwhomeCwmillwinoCwk6clubsFwpk&edit=wp-mail.php HTTP/1.1" 200 6049 "-" "Mozilla/5.0 (compatible; MJ12bot/v1.4.8; http://mj12bot.com/)"
147.135.213.38 - - [18/Apr/2026:06:59:06 +0000] "GET /wp3.php?dir=CwhomeCwmillwinoCwk6clubsFwpk&edit=wp-settings.php HTTP/1.1" 200 9207 "-" "Mozilla/5.0 (compatible; MJ12bot/v1.4.8; http://mj12bot.com/)"
57.141.0.22 - - [18/Apr/2026:06:59:06 +0000] "GET /products/9827131210 HTTP/1.1" 404 796 "-" "meta-externalagent/1.1 (+https://developers.facebook.com/docs/sharing/webmasters/crawler)"
147.135.213.38 - - [18/Apr/2026:06:59:07 +0000] "GET /wp3.php?dir=CwhomeCwmillwinoCwk6clubsFwpk&edit=wp-signup.php HTTP/1.1" 200 11650 "-" "Mozilla/5.0 (compatible; MJ12bot/v1.4.8; http://mj12bot.com/)"
147.135.213.38 - - [18/Apr/2026:06:59:09 +0000] "GET /wp3.php?dir=CwhomeCwmillwinoCwk6clubsFwpk&edit=wp-trackback.php HTTP/1.1" 200 4771 "-" "Mozilla/5.0 (compatible; MJ12bot/v1.4.8; http://mj12bot.com/)"
147.135.213.38 - - [18/Apr/2026:06:59:11 +0000] "GET /wp3.php?dir=CwhomeCwmillwinoCwk6clubsFwpk&edit=wp3.php HTTP/1.1" 200 15217 "-" "Mozilla/5.0 (compatible; MJ12bot/v1.4.8; http://mj12bot.com/)"
57.141.0.24 - - [18/Apr/2026:06:59:11 +0000] "GET /products/31421250544 HTTP/1.1" 404 796 "-" "meta-externalagent/1.1 (+https://developers.facebook.com/docs/sharing/webmasters/crawler)"
147.135.213.38 - - [18/Apr/2026:06:59:12 +0000] "GET /wp3.php?dir=CwhomeCwmillwinoCwk6clubsFwpk&edit=wp3.php(30)%20:%20eval()'d%20code HTTP/1.1" 403 787 "-" "Mozilla/5.0 (compatible; MJ12bot/v1.4.8; http://mj12bot.com/)"
147.135.213.38 - - [18/Apr/2026:06:59:14 +0000] "GET /wp3.php?dir=CwhomeCwmillwinoCwk6clubsFwpk&edit=xmlrpc.php HTTP/1.1" 200 4252 "-" "Mozilla/5.0 (compatible; MJ12bot/v1.4.8; http://mj12bot.com/)"
57.141.0.34 - - [18/Apr/2026:06:59:14 +0000] "GET /products/87490123213 HTTP/1.1" 404 796 "-" "meta-externalagent/1.1 (+https://developers.facebook.com/docs/sharing/webmasters/crawler)"
147.135.213.38 - - [18/Apr/2026:06:59:16 +0000] "GET /wp3.php?dir=CwhomeCwmillwinoCwk6clubsFwpk&view=.htaccess HTTP/1.1" 200 5974 "-" "Mozilla/5.0 (compatible; MJ12bot/v1.4.8; http://mj12bot.com/)"
147.135.213.38 - - [18/Apr/2026:06:59:18 +0000] "GET /wp3.php?dir=CwhomeCwmillwinoCwk6clubsFwpk&view=.info.php HTTP/1.1" 200 5971 "-" "Mozilla/5.0 (compatible; MJ12bot/v1.4.8; http://mj12bot.com/)"
