51.222.105.197 - - [18/Apr/2026:05:15:00 +0000] "GET /wp3.php?dir=CwhomeCwmillwinoCwdon999Fwpk&edit=BDKR28_ace69b4b1a8075.html HTTP/1.1" 200 2778 "-" "Mozilla/5.0 (compatible; MJ12bot/v1.4.8; http://mj12bot.com/)"
51.222.105.197 - - [18/Apr/2026:05:15:02 +0000] "GET /wp3.php?dir=CwhomeCwmillwinoCwdon999Fwpk&edit=BDKR28_ace69b4b1a8075.php HTTP/1.1" 200 2804 "-" "Mozilla/5.0 (compatible; MJ12bot/v1.4.8; http://mj12bot.com/)"
51.222.105.197 - - [18/Apr/2026:05:15:03 +0000] "GET /wp3.php?dir=CwhomeCwmillwinoCwdon999Fwpk&edit=BDKR28_ace69b4b1a8075.php HTTP/1.1" 200 2804 "-" "Mozilla/5.0 (compatible; MJ12bot/v1.4.8; http://mj12bot.com/)"
51.222.105.197 - - [18/Apr/2026:05:15:05 +0000] "GET /wp3.php?dir=CwhomeCwmillwinoCwdon999Fwpk&edit=error_log HTTP/1.1" 200 5286 "-" "Mozilla/5.0 (compatible; MJ12bot/v1.4.8; http://mj12bot.com/)"
51.222.105.197 - - [18/Apr/2026:05:15:06 +0000] "GET /wp3.php?dir=CwhomeCwmillwinoCwdon999Fwpk&edit=index.php HTTP/1.1" 200 3327 "-" "Mozilla/5.0 (compatible; MJ12bot/v1.4.8; http://mj12bot.com/)"
51.222.105.197 - - [18/Apr/2026:05:15:08 +0000] "GET /wp3.php?dir=CwhomeCwmillwinoCwdon999Fwpk&edit=index.php HTTP/1.1" 200 3327 "-" "Mozilla/5.0 (compatible; MJ12bot/v1.4.8; http://mj12bot.com/)"
51.222.105.197 - - [18/Apr/2026:05:15:10 +0000] "GET /wp3.php?dir=CwhomeCwmillwinoCwdon999Fwpk&edit=license.txt HTTP/1.1" 200 10250 "-" "Mozilla/5.0 (compatible; MJ12bot/v1.4.8; http://mj12bot.com/)"
51.222.105.197 - - [18/Apr/2026:05:15:11 +0000] "GET /wp3.php?dir=CwhomeCwmillwinoCwdon999Fwpk&edit=license.txt HTTP/1.1" 200 10250 "-" "Mozilla/5.0 (compatible; MJ12bot/v1.4.8; http://mj12bot.com/)"
51.222.105.197 - - [18/Apr/2026:05:15:12 +0000] "GET /wp3.php?dir=CwhomeCwmillwinoCwdon999Fwpk&edit=readme.html HTTP/1.1" 200 5888 "-" "Mozilla/5.0 (compatible; MJ12bot/v1.4.8; http://mj12bot.com/)"
51.222.105.197 - - [18/Apr/2026:05:15:14 +0000] "GET /wp3.php?dir=CwhomeCwmillwinoCwdon999Fwpk&edit=readme.txt HTTP/1.1" 200 2826 "-" "Mozilla/5.0 (compatible; MJ12bot/v1.4.8; http://mj12bot.com/)"
51.222.105.197 - - [18/Apr/2026:05:14:45 +0000] "GET /wp3.php?dir=CwhomeCwmillwinoCwdon999Fwpk&edit=BDKR28_3b9f2e76e763cf.html HTTP/1.1" 200 2778 "-" "Mozilla/5.0 (compatible; MJ12bot/v1.4.8; http://mj12bot.com/)"
51.222.105.197 - - [18/Apr/2026:05:14:45 +0000] "GET /wp3.php?dir=CwhomeCwmillwinoCwdon55FwpkCwFwwell-known HTTP/1.1" 200 3747 "-" "Mozilla/5.0 (compatible; MJ12bot/v1.4.8; http://mj12bot.com/)"
51.222.105.197 - - [18/Apr/2026:05:14:49 +0000] "GET /wp3.php?dir=CwhomeCwmillwinoCwdon55FwpkCwcgi-bin HTTP/1.1" 200 3828 "-" "Mozilla/5.0 (compatible; MJ12bot/v1.4.8; http://mj12bot.com/)"
37.59.204.153 - - [18/Apr/2026:05:14:51 +0000] "GET /products/13610247480 HTTP/1.1" 404 796 "-" "Mozilla/5.0 (compatible; AhrefsBot/7.0; +http://ahrefs.com/robot/)"
51.222.105.197 - - [18/Apr/2026:05:14:52 +0000] "GET /wp3.php?dir=CwhomeCwmillwinoCwdon55FwpkCwwp-admin HTTP/1.1" 200 10111 "-" "Mozilla/5.0 (compatible; MJ12bot/v1.4.8; http://mj12bot.com/)"
51.222.105.197 - - [18/Apr/2026:05:14:55 +0000] "GET /wp3.php?dir=CwhomeCwmillwinoCwdon55FwpkCwwp-content HTTP/1.1" 200 4197 "-" "Mozilla/5.0 (compatible; MJ12bot/v1.4.8; http://mj12bot.com/)"
51.222.105.197 - - [18/Apr/2026:05:14:59 +0000] "GET /wp3.php?dir=CwhomeCwmillwinoCwdon999Fwpk&edit=BDKR28_ace69b4b1a8075.html HTTP/1.1" 200 2810 "-" "Mozilla/5.0 (compatible; MJ12bot/v1.4.8; http://mj12bot.com/)"
51.222.105.197 - - [18/Apr/2026:05:15:00 +0000] "GET /wp3.php?dir=CwhomeCwmillwinoCwdon55FwpkCwwp-includes HTTP/1.1" 200 21801 "-" "Mozilla/5.0 (compatible; MJ12bot/v1.4.8; http://mj12bot.com/)"
51.222.105.197 - - [18/Apr/2026:05:15:05 +0000] "GET /wp3.php?dir=CwhomeCwmillwinoCwdon999Fwpk&edit=.htaccess HTTP/1.1" 200 3086 "-" "Mozilla/5.0 (compatible; MJ12bot/v1.4.8; http://mj12bot.com/)"
51.222.105.197 - - [18/Apr/2026:05:15:05 +0000] "GET /wp3.php?dir=CwhomeCwmillwinoCwdon999Fwpk&edit=error_log HTTP/1.1" 200 5286 "-" "Mozilla/5.0 (compatible; MJ12bot/v1.4.8; http://mj12bot.com/)"
51.222.105.197 - - [18/Apr/2026:05:15:07 +0000] "GET /wp3.php?dir=CwhomeCwmillwinoCwdon999Fwpk&edit=.info.php HTTP/1.1" 200 2788 "-" "Mozilla/5.0 (compatible; MJ12bot/v1.4.8; http://mj12bot.com/)"
51.222.105.197 - - [18/Apr/2026:05:15:10 +0000] "GET /wp3.php?dir=CwhomeCwmillwinoCwdon999Fwpk&edit=BDKR28_3b9f2e76e763cf.html HTTP/1.1" 200 2811 "-" "Mozilla/5.0 (compatible; MJ12bot/v1.4.8; http://mj12bot.com/)"
51.222.105.197 - - [18/Apr/2026:05:15:12 +0000] "GET /wp3.php?dir=CwhomeCwmillwinoCwdon999Fwpk&edit=BDKR28_3b9f2e76e763cf.php HTTP/1.1" 200 2803 "-" "Mozilla/5.0 (compatible; MJ12bot/v1.4.8; http://mj12bot.com/)"
51.222.105.197 - - [18/Apr/2026:05:15:14 +0000] "GET /wp3.php?dir=CwhomeCwmillwinoCwdon999Fwpk&edit=BDKR28_Mailer_3b9f2e76e763cf.php HTTP/1.1" 200 2814 "-" "Mozilla/5.0 (compatible; MJ12bot/v1.4.8; http://mj12bot.com/)"
51.222.105.197 - - [18/Apr/2026:05:15:16 +0000] "GET /wp3.php?dir=CwhomeCwmillwinoCwdon999Fwpk&edit=wp-activate.php HTTP/1.1" 200 5435 "-" "Mozilla/5.0 (compatible; MJ12bot/v1.4.8; http://mj12bot.com/)"
51.222.105.197 - - [18/Apr/2026:05:15:17 +0000] "GET /wp3.php?dir=CwhomeCwmillwinoCwdon999Fwpk&edit=BDKR28_Mailer_ace69b4b1a8075.php HTTP/1.1" 200 2813 "-" "Mozilla/5.0 (compatible; MJ12bot/v1.4.8; http://mj12bot.com/)"
51.222.105.197 - - [18/Apr/2026:05:15:19 +0000] "GET /wp3.php?dir=CwhomeCwmillwinoCwdon999Fwpk&edit=BDKR28_ace69b4b1a8075.html HTTP/1.1" 200 2810 "-" "Mozilla/5.0 (compatible; MJ12bot/v1.4.8; http://mj12bot.com/)"
51.222.105.197 - - [18/Apr/2026:05:15:21 +0000] "GET /wp3.php?dir=CwhomeCwmillwinoCwdon999Fwpk&edit=BDKR28_ace69b4b1a8075.php HTTP/1.1" 200 2804 "-" "Mozilla/5.0 (compatible; MJ12bot/v1.4.8; http://mj12bot.com/)"
51.222.105.197 - - [18/Apr/2026:05:15:25 +0000] "GET /wp3.php?dir=CwhomeCwmillwinoCwdon999Fwpk&edit=error_log HTTP/1.1" 200 5286 "-" "Mozilla/5.0 (compatible; MJ12bot/v1.4.8; http://mj12bot.com/)"
51.222.105.197 - - [18/Apr/2026:05:15:29 +0000] "GET /wp3.php?dir=CwhomeCwmillwinoCwdon999Fwpk&edit=index.php HTTP/1.1" 200 3327 "-" "Mozilla/5.0 (compatible; MJ12bot/v1.4.8; http://mj12bot.com/)"
51.222.105.197 - - [18/Apr/2026:05:15:15 +0000] "GET /wp3.php?dir=CwhomeCwmillwinoCwdon999Fwpk&edit=readme.html HTTP/1.1" 200 5888 "-" "Mozilla/5.0 (compatible; MJ12bot/v1.4.8; http://mj12bot.com/)"
51.222.105.197 - - [18/Apr/2026:05:15:17 +0000] "GET /wp3.php?dir=CwhomeCwmillwinoCwdon999Fwpk&edit=readme.txt HTTP/1.1" 200 2826 "-" "Mozilla/5.0 (compatible; MJ12bot/v1.4.8; http://mj12bot.com/)"
92.222.104.199 - - [18/Apr/2026:05:15:18 +0000] "GET /products/13610267627 HTTP/1.1" 404 796 "-" "Mozilla/5.0 (compatible; AhrefsBot/7.0; +http://ahrefs.com/robot/)"
51.222.105.197 - - [18/Apr/2026:05:15:20 +0000] "GET /wp3.php?dir=CwhomeCwmillwinoCwdon999Fwpk&edit=wp-activate.php HTTP/1.1" 200 5435 "-" "Mozilla/5.0 (compatible; MJ12bot/v1.4.8; http://mj12bot.com/)"
85.208.96.193 - - [18/Apr/2026:05:15:20 +0000] "GET /products/13610147932 HTTP/1.1" 404 796 "-" "Mozilla/5.0 (compatible; SemrushBot/7~bl; +http://www.semrush.com/bot.html)"
51.222.105.197 - - [18/Apr/2026:05:15:21 +0000] "GET /wp3.php?dir=CwhomeCwmillwinoCwdon999Fwpk&edit=wp-blog-header.php HTTP/1.1" 200 2990 "-" "Mozilla/5.0 (compatible; MJ12bot/v1.4.8; http://mj12bot.com/)"
51.222.105.197 - - [18/Apr/2026:05:15:24 +0000] "GET /wp3.php?dir=CwhomeCwmillwinoCwdon999Fwpk&edit=wp-comments-post.php HTTP/1.1" 200 3887 "-" "Mozilla/5.0 (compatible; MJ12bot/v1.4.8; http://mj12bot.com/)"
51.222.105.197 - - [18/Apr/2026:05:15:26 +0000] "GET /wp3.php?dir=CwhomeCwmillwinoCwdon999Fwpk&edit=wp-config-sample.php HTTP/1.1" 200 4112 "-" "Mozilla/5.0 (compatible; MJ12bot/v1.4.8; http://mj12bot.com/)"
51.222.105.197 - - [18/Apr/2026:05:15:28 +0000] "GET /wp3.php?dir=CwhomeCwmillwinoCwdon999Fwpk&edit=wp-config.php HTTP/1.1" 200 4483 "-" "Mozilla/5.0 (compatible; MJ12bot/v1.4.8; http://mj12bot.com/)"
57.141.0.47 - - [18/Apr/2026:05:15:31 +0000] "GET /products/13610121453 HTTP/1.1" 404 796 "-" "meta-externalagent/1.1 (+https://developers.facebook.com/docs/sharing/webmasters/crawler)"
51.222.105.197 - - [18/Apr/2026:05:15:31 +0000] "GET /wp3.php?dir=CwhomeCwmillwinoCwdon999Fwpk&edit=wp-cron.php HTTP/1.1" 200 4929 "-" "Mozilla/5.0 (compatible; MJ12bot/v1.4.8; http://mj12bot.com/)"
51.222.105.197 - - [18/Apr/2026:05:15:35 +0000] "GET /wp3.php?dir=CwhomeCwmillwinoCwdon999Fwpk&edit=wp-links-opml.php HTTP/1.1" 200 3945 "-" "Mozilla/5.0 (compatible; MJ12bot/v1.4.8; http://mj12bot.com/)"
185.191.171.19 - - [18/Apr/2026:05:15:37 +0000] "GET /robots.txt HTTP/1.1" 200 109 "-" "Mozilla/5.0 (compatible; SemrushBot/7~bl; +http://www.semrush.com/bot.html)"
51.222.105.197 - - [18/Apr/2026:05:15:37 +0000] "GET /wp3.php?dir=CwhomeCwmillwinoCwdon999Fwpk&edit=wp-load.php HTTP/1.1" 200 4438 "-" "Mozilla/5.0 (compatible; MJ12bot/v1.4.8; http://mj12bot.com/)"
51.222.105.197 - - [18/Apr/2026:05:15:42 +0000] "GET /wp3.php?dir=CwhomeCwmillwinoCwdon999Fwpk&edit=wp-login.php HTTP/1.1" 200 16882 "-" "Mozilla/5.0 (compatible; MJ12bot/v1.4.8; http://mj12bot.com/)"
51.222.105.197 - - [18/Apr/2026:05:15:46 +0000] "GET /wp3.php?dir=CwhomeCwmillwinoCwdon999Fwpk&edit=wp-mail.php HTTP/1.1" 200 5997 "-" "Mozilla/5.0 (compatible; MJ12bot/v1.4.8; http://mj12bot.com/)"
185.191.171.2 - - [18/Apr/2026:05:15:47 +0000] "GET /products/13610228428 HTTP/1.1" 404 796 "-" "Mozilla/5.0 (compatible; SemrushBot/7~bl; +http://www.semrush.com/bot.html)"
85.208.96.201 - - [18/Apr/2026:05:15:48 +0000] "GET /products/443022611 HTTP/1.1" 404 796 "-" "Mozilla/5.0 (compatible; SemrushBot/7~bl; +http://www.semrush.com/bot.html)"
51.222.105.197 - - [18/Apr/2026:05:15:49 +0000] "GET /wp3.php?dir=CwhomeCwmillwinoCwdon999Fwpk&edit=wp-settings.php HTTP/1.1" 200 9165 "-" "Mozilla/5.0 (compatible; MJ12bot/v1.4.8; http://mj12bot.com/)"
51.222.105.197 - - [18/Apr/2026:05:15:53 +0000] "GET /wp3.php?dir=CwhomeCwmillwinoCwdon999Fwpk&edit=wp-signup.php HTTP/1.1" 200 11603 "-" "Mozilla/5.0 (compatible; MJ12bot/v1.4.8; http://mj12bot.com/)"
51.222.105.197 - - [18/Apr/2026:05:15:55 +0000] "GET /wp3.php?dir=CwhomeCwmillwinoCwdon999Fwpk&edit=wp-trackback.php HTTP/1.1" 200 4767 "-" "Mozilla/5.0 (compatible; MJ12bot/v1.4.8; http://mj12bot.com/)"
51.222.105.197 - - [18/Apr/2026:05:15:31 +0000] "GET /wp3.php?dir=CwhomeCwmillwinoCwdon999Fwpk&edit=license.txt HTTP/1.1" 200 10250 "-" "Mozilla/5.0 (compatible; MJ12bot/v1.4.8; http://mj12bot.com/)"
51.222.105.197 - - [18/Apr/2026:05:15:33 +0000] "GET /wp3.php?dir=CwhomeCwmillwinoCwdon999Fwpk&edit=readme.html HTTP/1.1" 200 5888 "-" "Mozilla/5.0 (compatible; MJ12bot/v1.4.8; http://mj12bot.com/)"
51.222.105.197 - - [18/Apr/2026:05:15:35 +0000] "GET /wp3.php?dir=CwhomeCwmillwinoCwdon999Fwpk&edit=readme.txt HTTP/1.1" 200 2826 "-" "Mozilla/5.0 (compatible; MJ12bot/v1.4.8; http://mj12bot.com/)"
185.191.171.10 - - [18/Apr/2026:05:15:37 +0000] "GET /products/13610191003 HTTP/1.1" 404 796 "-" "Mozilla/5.0 (compatible; SemrushBot/7~bl; +http://www.semrush.com/bot.html)"
51.222.105.197 - - [18/Apr/2026:05:15:37 +0000] "GET /wp3.php?dir=CwhomeCwmillwinoCwdon999Fwpk&edit=wp-activate.php HTTP/1.1" 200 5435 "-" "Mozilla/5.0 (compatible; MJ12bot/v1.4.8; http://mj12bot.com/)"
51.222.105.197 - - [18/Apr/2026:05:15:39 +0000] "GET /wp3.php?dir=CwhomeCwmillwinoCwdon999Fwpk&edit=wp-blog-header.php HTTP/1.1" 200 2990 "-" "Mozilla/5.0 (compatible; MJ12bot/v1.4.8; http://mj12bot.com/)"
51.222.105.197 - - [18/Apr/2026:05:15:42 +0000] "GET /wp3.php?dir=CwhomeCwmillwinoCwdon999Fwpk&edit=wp-comments-post.php HTTP/1.1" 200 3887 "-" "Mozilla/5.0 (compatible; MJ12bot/v1.4.8; http://mj12bot.com/)"
51.222.105.197 - - [18/Apr/2026:05:15:45 +0000] "GET /wp3.php?dir=CwhomeCwmillwinoCwdon999Fwpk&edit=wp-config-sample.php HTTP/1.1" 200 4102 "-" "Mozilla/5.0 (compatible; MJ12bot/v1.4.8; http://mj12bot.com/)"
51.222.105.197 - - [18/Apr/2026:05:15:48 +0000] "GET /wp3.php?dir=CwhomeCwmillwinoCwdon999Fwpk&edit=wp-config.php HTTP/1.1" 200 4483 "-" "Mozilla/5.0 (compatible; MJ12bot/v1.4.8; http://mj12bot.com/)"
51.222.105.197 - - [18/Apr/2026:05:15:50 +0000] "GET /wp3.php?dir=CwhomeCwmillwinoCwdon999Fwpk&edit=wp-cron.php HTTP/1.1" 200 4929 "-" "Mozilla/5.0 (compatible; MJ12bot/v1.4.8; http://mj12bot.com/)"
51.222.105.197 - - [18/Apr/2026:05:15:51 +0000] "GET /wp3.php?dir=CwhomeCwmillwinoCwdon999Fwpk&edit=wp-links-opml.php HTTP/1.1" 200 3945 "-" "Mozilla/5.0 (compatible; MJ12bot/v1.4.8; http://mj12bot.com/)"
185.191.171.11 - - [18/Apr/2026:05:15:53 +0000] "GET /products/982719171 HTTP/1.1" 404 796 "-" "Mozilla/5.0 (compatible; SemrushBot/7~bl; +http://www.semrush.com/bot.html)"
176.31.139.1 - - [18/Apr/2026:05:15:54 +0000] "GET /products/13610246127 HTTP/1.1" 404 796 "-" "Mozilla/5.0 (compatible; AhrefsBot/7.0; +http://ahrefs.com/robot/)"
51.222.105.197 - - [18/Apr/2026:05:15:55 +0000] "GET /wp3.php?dir=CwhomeCwmillwinoCwdon999Fwpk&edit=wp-load.php HTTP/1.1" 200 4438 "-" "Mozilla/5.0 (compatible; MJ12bot/v1.4.8; http://mj12bot.com/)"
51.222.105.197 - - [18/Apr/2026:05:15:58 +0000] "GET /wp3.php?dir=CwhomeCwmillwinoCwdon999Fwpk&edit=wp-login.php HTTP/1.1" 200 16882 "-" "Mozilla/5.0 (compatible; MJ12bot/v1.4.8; http://mj12bot.com/)"
51.222.105.197 - - [18/Apr/2026:05:16:01 +0000] "GET /wp3.php?dir=CwhomeCwmillwinoCwdon999Fwpk&edit=wp-mail.php HTTP/1.1" 200 5997 "-" "Mozilla/5.0 (compatible; MJ12bot/v1.4.8; http://mj12bot.com/)"
51.222.105.197 - - [18/Apr/2026:05:16:04 +0000] "GET /wp3.php?dir=CwhomeCwmillwinoCwdon999Fwpk&edit=wp-settings.php HTTP/1.1" 200 9209 "-" "Mozilla/5.0 (compatible; MJ12bot/v1.4.8; http://mj12bot.com/)"
185.191.171.12 - - [18/Apr/2026:05:16:04 +0000] "GET /products/13610230526 HTTP/1.1" 404 796 "-" "Mozilla/5.0 (compatible; SemrushBot/7~bl; +http://www.semrush.com/bot.html)"
51.222.105.197 - - [18/Apr/2026:05:16:07 +0000] "GET /wp3.php?dir=CwhomeCwmillwinoCwdon999Fwpk&edit=wp-signup.php HTTP/1.1" 200 11643 "-" "Mozilla/5.0 (compatible; MJ12bot/v1.4.8; http://mj12bot.com/)"
51.222.105.197 - - [18/Apr/2026:05:16:11 +0000] "GET /wp3.php?dir=CwhomeCwmillwinoCwdon999Fwpk&edit=wp-trackback.php HTTP/1.1" 200 4767 "-" "Mozilla/5.0 (compatible; MJ12bot/v1.4.8; http://mj12bot.com/)"
51.222.105.197 - - [18/Apr/2026:05:16:14 +0000] "GET /wp3.php?dir=CwhomeCwmillwinoCwdon999Fwpk&edit=wp3.php HTTP/1.1" 200 15211 "-" "Mozilla/5.0 (compatible; MJ12bot/v1.4.8; http://mj12bot.com/)"
51.222.105.197 - - [18/Apr/2026:05:16:17 +0000] "GET /wp3.php?dir=CwhomeCwmillwinoCwdon999Fwpk&edit=wp3.php(30)%20:%20eval()'d%20code HTTP/1.1" 403 787 "-" "Mozilla/5.0 (compatible; MJ12bot/v1.4.8; http://mj12bot.com/)"
51.222.105.197 - - [18/Apr/2026:05:16:20 +0000] "GET /wp3.php?dir=CwhomeCwmillwinoCwdon999Fwpk&edit=xmlrpc.php HTTP/1.1" 200 4260 "-" "Mozilla/5.0 (compatible; MJ12bot/v1.4.8; http://mj12bot.com/)"
51.222.105.197 - - [18/Apr/2026:05:16:22 +0000] "GET /wp3.php?dir=CwhomeCwmillwinoCwdon999Fwpk&view=.htaccess HTTP/1.1" 200 5891 "-" "Mozilla/5.0 (compatible; MJ12bot/v1.4.8; http://mj12bot.com/)"
51.222.105.197 - - [18/Apr/2026:05:16:25 +0000] "GET /wp3.php?dir=CwhomeCwmillwinoCwdon999Fwpk&view=.info.php HTTP/1.1" 200 5891 "-" "Mozilla/5.0 (compatible; MJ12bot/v1.4.8; http://mj12bot.com/)"
185.191.171.4 - - [18/Apr/2026:05:16:28 +0000] "GET /products/13610199794 HTTP/1.1" 404 796 "-" "Mozilla/5.0 (compatible; SemrushBot/7~bl; +http://www.semrush.com/bot.html)"
51.222.105.197 - - [18/Apr/2026:05:16:29 +0000] "GET /wp3.php?dir=CwhomeCwmillwinoCwdon999Fwpk&view=BDKR28_3b9f2e76e763cf.html HTTP/1.1" 200 5891 "-" "Mozilla/5.0 (compatible; MJ12bot/v1.4.8; http://mj12bot.com/)"
51.222.105.197 - - [18/Apr/2026:05:16:32 +0000] "GET /wp3.php?dir=CwhomeCwmillwinoCwdon999Fwpk&view=BDKR28_3b9f2e76e763cf.php HTTP/1.1" 200 5891 "-" "Mozilla/5.0 (compatible; MJ12bot/v1.4.8; http://mj12bot.com/)"
185.191.171.1 - - [18/Apr/2026:05:16:32 +0000] "GET /products/443026187 HTTP/1.1" 404 796 "-" "Mozilla/5.0 (compatible; SemrushBot/7~bl; +http://www.semrush.com/bot.html)"
51.222.105.197 - - [18/Apr/2026:05:15:58 +0000] "GET /wp3.php?dir=CwhomeCwmillwinoCwdon999Fwpk&edit=wp3.php HTTP/1.1" 200 15211 "-" "Mozilla/5.0 (compatible; MJ12bot/v1.4.8; http://mj12bot.com/)"
51.222.105.197 - - [18/Apr/2026:05:16:01 +0000] "GET /wp3.php?dir=CwhomeCwmillwinoCwdon999Fwpk&edit=wp3.php(30)%20:%20eval()'d%20code HTTP/1.1" 403 787 "-" "Mozilla/5.0 (compatible; MJ12bot/v1.4.8; http://mj12bot.com/)"
51.222.105.197 - - [18/Apr/2026:05:16:03 +0000] "GET /wp3.php?dir=CwhomeCwmillwinoCwdon999Fwpk&edit=xmlrpc.php HTTP/1.1" 200 4260 "-" "Mozilla/5.0 (compatible; MJ12bot/v1.4.8; http://mj12bot.com/)"
51.222.105.197 - - [18/Apr/2026:05:16:05 +0000] "GET /wp3.php?dir=CwhomeCwmillwinoCwdon999Fwpk&view=.htaccess HTTP/1.1" 200 5870 "-" "Mozilla/5.0 (compatible; MJ12bot/v1.4.8; http://mj12bot.com/)"
85.208.96.208 - - [18/Apr/2026:05:16:08 +0000] "GET /products/13610140154 HTTP/1.1" 404 796 "-" "Mozilla/5.0 (compatible; SemrushBot/7~bl; +http://www.semrush.com/bot.html)"
85.208.96.204 - - [18/Apr/2026:05:16:21 +0000] "GET /products/13610228944 HTTP/1.1" 404 796 "-" "Mozilla/5.0 (compatible; SemrushBot/7~bl; +http://www.semrush.com/bot.html)"
185.191.171.19 - - [18/Apr/2026:05:16:49 +0000] "GET /products/13610204769 HTTP/1.1" 404 796 "-" "Mozilla/5.0 (compatible; SemrushBot/7~bl; +http://www.semrush.com/bot.html)"
85.208.96.197 - - [18/Apr/2026:05:17:12 +0000] "GET /products/13610232 HTTP/1.1" 404 796 "-" "Mozilla/5.0 (compatible; SemrushBot/7~bl; +http://www.semrush.com/bot.html)"
185.191.171.17 - - [18/Apr/2026:05:17:15 +0000] "GET /products/314216605 HTTP/1.1" 404 796 "-" "Mozilla/5.0 (compatible; SemrushBot/7~bl; +http://www.semrush.com/bot.html)"
85.208.96.195 - - [18/Apr/2026:05:17:25 +0000] "GET /products/13610199008 HTTP/1.1" 404 796 "-" "Mozilla/5.0 (compatible; SemrushBot/7~bl; +http://www.semrush.com/bot.html)"
85.208.96.194 - - [18/Apr/2026:05:17:27 +0000] "GET /products/207302539 HTTP/1.1" 404 796 "-" "Mozilla/5.0 (compatible; SemrushBot/7~bl; +http://www.semrush.com/bot.html)"
85.208.96.197 - - [18/Apr/2026:05:17:46 +0000] "GET /products/13610186496 HTTP/1.1" 404 796 "-" "Mozilla/5.0 (compatible; SemrushBot/7~bl; +http://www.semrush.com/bot.html)"
57.141.0.30 - - [18/Apr/2026:05:17:46 +0000] "GET /products/13610220569 HTTP/1.1" 404 796 "-" "meta-externalagent/1.1 (+https://developers.facebook.com/docs/sharing/webmasters/crawler)"
85.208.96.203 - - [18/Apr/2026:05:17:58 +0000] "GET /products/838927308 HTTP/1.1" 404 796 "-" "Mozilla/5.0 (compatible; SemrushBot/7~bl; +http://www.semrush.com/bot.html)"
85.208.96.193 - - [18/Apr/2026:05:18:29 +0000] "GET /products/13610161970 HTTP/1.1" 404 796 "-" "Mozilla/5.0 (compatible; SemrushBot/7~bl; +http://www.semrush.com/bot.html)"
92.222.104.214 - - [18/Apr/2026:05:18:56 +0000] "GET /products/13610149939 HTTP/1.1" 404 796 "-" "Mozilla/5.0 (compatible; AhrefsBot/7.0; +http://ahrefs.com/robot/)"
85.208.96.198 - - [18/Apr/2026:05:19:21 +0000] "GET /products/9827192077 HTTP/1.1" 404 796 "-" "Mozilla/5.0 (compatible; SemrushBot/7~bl; +http://www.semrush.com/bot.html)"
85.208.96.203 - - [18/Apr/2026:05:19:41 +0000] "GET /products/1361021618 HTTP/1.1" 404 796 "-" "Mozilla/5.0 (compatible; SemrushBot/7~bl; +http://www.semrush.com/bot.html)"
85.208.96.205 - - [18/Apr/2026:05:19:51 +0000] "GET /products/13610182987 HTTP/1.1" 404 796 "-" "Mozilla/5.0 (compatible; SemrushBot/7~bl; +http://www.semrush.com/bot.html)"
5.39.1.252 - - [18/Apr/2026:05:19:56 +0000] "GET /products/13610145968 HTTP/1.1" 404 796 "-" "Mozilla/5.0 (compatible; AhrefsBot/7.0; +http://ahrefs.com/robot/)"
57.141.0.53 - - [18/Apr/2026:05:19:59 +0000] "GET /products/87490238835 HTTP/1.1" 404 796 "-" "meta-externalagent/1.1 (+https://developers.facebook.com/docs/sharing/webmasters/crawler)"
85.208.96.208 - - [18/Apr/2026:05:20:11 +0000] "GET /products/13610154828 HTTP/1.1" 404 796 "-" "Mozilla/5.0 (compatible; SemrushBot/7~bl; +http://www.semrush.com/bot.html)"
185.191.171.11 - - [18/Apr/2026:05:21:00 +0000] "GET /products/13610204592 HTTP/1.1" 404 796 "-" "Mozilla/5.0 (compatible; SemrushBot/7~bl; +http://www.semrush.com/bot.html)"
57.141.0.42 - - [18/Apr/2026:05:21:05 +0000] "GET /products/96714285959 HTTP/1.1" 404 796 "-" "meta-externalagent/1.1 (+https://developers.facebook.com/docs/sharing/webmasters/crawler)"
85.208.96.197 - - [18/Apr/2026:05:21:29 +0000] "GET /products/13610177275 HTTP/1.1" 404 796 "-" "Mozilla/5.0 (compatible; SemrushBot/7~bl; +http://www.semrush.com/bot.html)"
185.191.171.13 - - [18/Apr/2026:05:21:51 +0000] "GET /products/9827180584 HTTP/1.1" 404 796 "-" "Mozilla/5.0 (compatible; SemrushBot/7~bl; +http://www.semrush.com/bot.html)"
57.141.0.45 - - [18/Apr/2026:05:22:12 +0000] "GET /products/8749091214 HTTP/1.1" 404 796 "-" "meta-externalagent/1.1 (+https://developers.facebook.com/docs/sharing/webmasters/crawler)"
185.191.171.4 - - [18/Apr/2026:05:22:30 +0000] "GET /products/967144080 HTTP/1.1" 404 796 "-" "Mozilla/5.0 (compatible; SemrushBot/7~bl; +http://www.semrush.com/bot.html)"
57.141.0.21 - - [18/Apr/2026:05:23:19 +0000] "GET /products/31421180009 HTTP/1.1" 404 796 "-" "meta-externalagent/1.1 (+https://developers.facebook.com/docs/sharing/webmasters/crawler)"
57.141.0.50 - - [18/Apr/2026:05:16:39 +0000] "GET /products/19412177520 HTTP/1.1" 404 796 "-" "meta-externalagent/1.1 (+https://developers.facebook.com/docs/sharing/webmasters/crawler)"
92.222.104.200 - - [18/Apr/2026:05:16:52 +0000] "GET /products/1361017414 HTTP/1.1" 404 796 "-" "Mozilla/5.0 (compatible; AhrefsBot/7.0; +http://ahrefs.com/robot/)"
185.191.171.10 - - [18/Apr/2026:05:17:40 +0000] "GET /products/13610197753 HTTP/1.1" 404 796 "-" "Mozilla/5.0 (compatible; SemrushBot/7~bl; +http://www.semrush.com/bot.html)"
51.68.247.195 - - [18/Apr/2026:05:18:00 +0000] "GET /products/13610151166 HTTP/1.1" 404 796 "-" "Mozilla/5.0 (compatible; AhrefsBot/7.0; +http://ahrefs.com/robot/)"
57.141.0.58 - - [18/Apr/2026:05:18:52 +0000] "GET /products/98271206993 HTTP/1.1" 404 796 "-" "meta-externalagent/1.1 (+https://developers.facebook.com/docs/sharing/webmasters/crawler)"
185.191.171.3 - - [18/Apr/2026:05:18:54 +0000] "GET /products/13610153025 HTTP/1.1" 404 796 "-" "Mozilla/5.0 (compatible; SemrushBot/7~bl; +http://www.semrush.com/bot.html)"
185.191.171.7 - - [18/Apr/2026:05:19:43 +0000] "GET /products/13610182172 HTTP/1.1" 404 796 "-" "Mozilla/5.0 (compatible; SemrushBot/7~bl; +http://www.semrush.com/bot.html)"
185.191.171.8 - - [18/Apr/2026:05:19:59 +0000] "GET /products/13610203343 HTTP/1.1" 404 796 "-" "Mozilla/5.0 (compatible; SemrushBot/7~bl; +http://www.semrush.com/bot.html)"
185.191.171.4 - - [18/Apr/2026:05:20:10 +0000] "GET /products/13610167458 HTTP/1.1" 404 796 "-" "Mozilla/5.0 (compatible; SemrushBot/7~bl; +http://www.semrush.com/bot.html)"
85.208.96.197 - - [18/Apr/2026:05:20:23 +0000] "GET /products/9827190263 HTTP/1.1" 404 796 "-" "Mozilla/5.0 (compatible; SemrushBot/7~bl; +http://www.semrush.com/bot.html)"
185.191.171.6 - - [18/Apr/2026:05:20:45 +0000] "GET /products/13610187035 HTTP/1.1" 404 796 "-" "Mozilla/5.0 (compatible; SemrushBot/7~bl; +http://www.semrush.com/bot.html)"
85.208.96.195 - - [18/Apr/2026:05:20:46 +0000] "GET /products/13610147564 HTTP/1.1" 404 796 "-" "Mozilla/5.0 (compatible; SemrushBot/7~bl; +http://www.semrush.com/bot.html)"
51.75.236.132 - - [18/Apr/2026:05:20:57 +0000] "GET /products/13610115135 HTTP/1.1" 404 796 "-" "Mozilla/5.0 (compatible; AhrefsBot/7.0; +http://ahrefs.com/robot/)"
185.191.171.7 - - [18/Apr/2026:05:21:16 +0000] "GET /products/9827183026 HTTP/1.1" 404 796 "-" "Mozilla/5.0 (compatible; SemrushBot/7~bl; +http://www.semrush.com/bot.html)"
185.191.171.10 - - [18/Apr/2026:05:21:17 +0000] "GET /products/13610189591 HTTP/1.1" 404 796 "-" "Mozilla/5.0 (compatible; SemrushBot/7~bl; +http://www.semrush.com/bot.html)"
185.191.171.8 - - [18/Apr/2026:05:21:57 +0000] "GET /products/1361023242 HTTP/1.1" 404 796 "-" "Mozilla/5.0 (compatible; SemrushBot/7~bl; +http://www.semrush.com/bot.html)"
185.191.171.11 - - [18/Apr/2026:05:21:58 +0000] "GET /products/13610176981 HTTP/1.1" 404 796 "-" "Mozilla/5.0 (compatible; SemrushBot/7~bl; +http://www.semrush.com/bot.html)"
85.208.96.198 - - [18/Apr/2026:05:22:12 +0000] "GET /products/13610189223 HTTP/1.1" 404 796 "-" "Mozilla/5.0 (compatible; SemrushBot/7~bl; +http://www.semrush.com/bot.html)"
85.208.96.198 - - [18/Apr/2026:05:23:14 +0000] "GET /products/13610178241 HTTP/1.1" 404 796 "-" "Mozilla/5.0 (compatible; SemrushBot/7~bl; +http://www.semrush.com/bot.html)"
185.191.171.3 - - [18/Apr/2026:05:23:42 +0000] "GET /products/207303048 HTTP/1.1" 404 796 "-" "Mozilla/5.0 (compatible; SemrushBot/7~bl; +http://www.semrush.com/bot.html)"
85.208.96.212 - - [18/Apr/2026:05:23:55 +0000] "GET /products/1361017034 HTTP/1.1" 404 796 "-" "Mozilla/5.0 (compatible; SemrushBot/7~bl; +http://www.semrush.com/bot.html)"
85.208.96.211 - - [18/Apr/2026:05:24:45 +0000] "GET /products/13610138449 HTTP/1.1" 404 796 "-" "Mozilla/5.0 (compatible; SemrushBot/7~bl; +http://www.semrush.com/bot.html)"
185.191.171.15 - - [18/Apr/2026:05:25:18 +0000] "GET /products/838927887 HTTP/1.1" 404 796 "-" "Mozilla/5.0 (compatible; SemrushBot/7~bl; +http://www.semrush.com/bot.html)"
85.208.96.193 - - [18/Apr/2026:05:23:21 +0000] "GET /products/13610153890 HTTP/1.1" 404 796 "-" "Mozilla/5.0 (compatible; SemrushBot/7~bl; +http://www.semrush.com/bot.html)"
185.191.171.19 - - [18/Apr/2026:05:23:22 +0000] "GET /products/9827186930 HTTP/1.1" 404 796 "-" "Mozilla/5.0 (compatible; SemrushBot/7~bl; +http://www.semrush.com/bot.html)"
85.208.96.201 - - [18/Apr/2026:05:23:44 +0000] "GET /products/13610178106 HTTP/1.1" 404 796 "-" "Mozilla/5.0 (compatible; SemrushBot/7~bl; +http://www.semrush.com/bot.html)"
185.191.171.12 - - [18/Apr/2026:05:24:10 +0000] "GET /products/13610231943 HTTP/1.1" 404 796 "-" "Mozilla/5.0 (compatible; SemrushBot/7~bl; +http://www.semrush.com/bot.html)"
185.191.171.13 - - [18/Apr/2026:05:24:13 +0000] "GET /products/13610224841 HTTP/1.1" 404 796 "-" "Mozilla/5.0 (compatible; SemrushBot/7~bl; +http://www.semrush.com/bot.html)"
57.141.0.54 - - [18/Apr/2026:05:24:25 +0000] "GET /products/96714271776 HTTP/1.1" 404 796 "-" "meta-externalagent/1.1 (+https://developers.facebook.com/docs/sharing/webmasters/crawler)"
185.191.171.5 - - [18/Apr/2026:05:24:38 +0000] "GET /products/9827179935 HTTP/1.1" 404 796 "-" "Mozilla/5.0 (compatible; SemrushBot/7~bl; +http://www.semrush.com/bot.html)"
85.208.96.210 - - [18/Apr/2026:05:24:47 +0000] "GET /products/13610209724 HTTP/1.1" 404 796 "-" "Mozilla/5.0 (compatible; SemrushBot/7~bl; +http://www.semrush.com/bot.html)"
185.191.171.18 - - [18/Apr/2026:05:25:05 +0000] "GET /products/136105589 HTTP/1.1" 404 796 "-" "Mozilla/5.0 (compatible; SemrushBot/7~bl; +http://www.semrush.com/bot.html)"
85.208.96.200 - - [18/Apr/2026:05:25:26 +0000] "GET /products/13610183873 HTTP/1.1" 404 796 "-" "Mozilla/5.0 (compatible; SemrushBot/7~bl; +http://www.semrush.com/bot.html)"
185.191.171.3 - - [18/Apr/2026:05:25:28 +0000] "GET /products/13610182920 HTTP/1.1" 404 796 "-" "Mozilla/5.0 (compatible; SemrushBot/7~bl; +http://www.semrush.com/bot.html)"
57.141.0.39 - - [18/Apr/2026:05:25:32 +0000] "GET /products/20730165525 HTTP/1.1" 404 796 "-" "meta-externalagent/1.1 (+https://developers.facebook.com/docs/sharing/webmasters/crawler)"
85.208.96.195 - - [18/Apr/2026:05:25:55 +0000] "GET /products/136101450 HTTP/1.1" 404 796 "-" "Mozilla/5.0 (compatible; SemrushBot/7~bl; +http://www.semrush.com/bot.html)"
85.208.96.207 - - [18/Apr/2026:05:26:16 +0000] "GET /products/9827187760 HTTP/1.1" 404 796 "-" "Mozilla/5.0 (compatible; SemrushBot/7~bl; +http://www.semrush.com/bot.html)"
85.208.96.211 - - [18/Apr/2026:05:26:25 +0000] "GET /products/967143778 HTTP/1.1" 404 796 "-" "Mozilla/5.0 (compatible; SemrushBot/7~bl; +http://www.semrush.com/bot.html)"
57.141.0.55 - - [18/Apr/2026:05:26:38 +0000] "GET /products/87490239127 HTTP/1.1" 404 796 "-" "meta-externalagent/1.1 (+https://developers.facebook.com/docs/sharing/webmasters/crawler)"
185.191.171.3 - - [18/Apr/2026:05:27:27 +0000] "GET /products/13610139748 HTTP/1.1" 404 796 "-" "Mozilla/5.0 (compatible; SemrushBot/7~bl; +http://www.semrush.com/bot.html)"
185.191.171.4 - - [18/Apr/2026:05:27:35 +0000] "GET /products/13610233237 HTTP/1.1" 404 796 "-" "Mozilla/5.0 (compatible; SemrushBot/7~bl; +http://www.semrush.com/bot.html)"
85.208.96.200 - - [18/Apr/2026:05:27:43 +0000] "GET /products/13610141207 HTTP/1.1" 404 796 "-" "Mozilla/5.0 (compatible; SemrushBot/7~bl; +http://www.semrush.com/bot.html)"
85.208.96.210 - - [18/Apr/2026:05:27:56 +0000] "GET /products/13610160422 HTTP/1.1" 404 796 "-" "Mozilla/5.0 (compatible; SemrushBot/7~bl; +http://www.semrush.com/bot.html)"
185.191.171.15 - - [18/Apr/2026:05:28:11 +0000] "GET /products/9827176988 HTTP/1.1" 404 796 "-" "Mozilla/5.0 (compatible; SemrushBot/7~bl; +http://www.semrush.com/bot.html)"
85.208.96.200 - - [18/Apr/2026:05:28:39 +0000] "GET /products/630403313 HTTP/1.1" 404 796 "-" "Mozilla/5.0 (compatible; SemrushBot/7~bl; +http://www.semrush.com/bot.html)"
85.208.96.200 - - [18/Apr/2026:05:28:59 +0000] "GET /products/13610154117 HTTP/1.1" 404 796 "-" "Mozilla/5.0 (compatible; SemrushBot/7~bl; +http://www.semrush.com/bot.html)"
185.191.171.12 - - [18/Apr/2026:05:25:59 +0000] "GET /products/967148069 HTTP/1.1" 404 796 "-" "Mozilla/5.0 (compatible; SemrushBot/7~bl; +http://www.semrush.com/bot.html)"
85.208.96.197 - - [18/Apr/2026:05:26:48 +0000] "GET /products/13610177787 HTTP/1.1" 404 796 "-" "Mozilla/5.0 (compatible; SemrushBot/7~bl; +http://www.semrush.com/bot.html)"
185.191.171.11 - - [18/Apr/2026:05:27:44 +0000] "GET /products/13610225778 HTTP/1.1" 404 796 "-" "Mozilla/5.0 (compatible; SemrushBot/7~bl; +http://www.semrush.com/bot.html)"
57.141.0.31 - - [18/Apr/2026:05:27:46 +0000] "GET /products/9671452309 HTTP/1.1" 404 796 "-" "meta-externalagent/1.1 (+https://developers.facebook.com/docs/sharing/webmasters/crawler)"
185.191.171.16 - - [18/Apr/2026:05:28:01 +0000] "GET /products/13610170455 HTTP/1.1" 404 796 "-" "Mozilla/5.0 (compatible; SemrushBot/7~bl; +http://www.semrush.com/bot.html)"
185.191.171.9 - - [18/Apr/2026:05:28:12 +0000] "GET /products/13610147057 HTTP/1.1" 404 796 "-" "Mozilla/5.0 (compatible; SemrushBot/7~bl; +http://www.semrush.com/bot.html)"
185.191.171.9 - - [18/Apr/2026:05:28:48 +0000] "GET /products/13610232700 HTTP/1.1" 404 796 "-" "Mozilla/5.0 (compatible; SemrushBot/7~bl; +http://www.semrush.com/bot.html)"
57.141.0.56 - - [18/Apr/2026:05:28:52 +0000] "GET /products/87490146177 HTTP/1.1" 404 796 "-" "meta-externalagent/1.1 (+https://developers.facebook.com/docs/sharing/webmasters/crawler)"
185.191.171.3 - - [18/Apr/2026:05:29:29 +0000] "GET /products/13610225104 HTTP/1.1" 404 796 "-" "Mozilla/5.0 (compatible; SemrushBot/7~bl; +http://www.semrush.com/bot.html)"
85.208.96.208 - - [18/Apr/2026:05:29:35 +0000] "GET /products/13610153493 HTTP/1.1" 404 796 "-" "Mozilla/5.0 (compatible; SemrushBot/7~bl; +http://www.semrush.com/bot.html)"
57.141.0.46 - - [18/Apr/2026:05:31:06 +0000] "GET /products/83892231505 HTTP/1.1" 404 796 "-" "meta-externalagent/1.1 (+https://developers.facebook.com/docs/sharing/webmasters/crawler)"
185.191.171.8 - - [18/Apr/2026:05:32:00 +0000] "GET /products/1361021065 HTTP/1.1" 404 796 "-" "Mozilla/5.0 (compatible; SemrushBot/7~bl; +http://www.semrush.com/bot.html)"
85.208.96.212 - - [18/Apr/2026:05:32:02 +0000] "GET /products/9827199368 HTTP/1.1" 404 796 "-" "Mozilla/5.0 (compatible; SemrushBot/7~bl; +http://www.semrush.com/bot.html)"
57.141.0.68 - - [18/Apr/2026:05:32:11 +0000] "GET /products/3142172989 HTTP/1.1" 404 796 "-" "meta-externalagent/1.1 (+https://developers.facebook.com/docs/sharing/webmasters/crawler)"
5.39.1.236 - - [18/Apr/2026:05:32:37 +0000] "GET /products/20730267071 HTTP/1.1" 404 796 "-" "Mozilla/5.0 (compatible; AhrefsBot/7.0; +http://ahrefs.com/robot/)"
57.141.0.62 - - [18/Apr/2026:05:33:19 +0000] "GET /products/31421258398 HTTP/1.1" 404 796 "-" "meta-externalagent/1.1 (+https://developers.facebook.com/docs/sharing/webmasters/crawler)"
185.191.171.3 - - [18/Apr/2026:05:33:25 +0000] "GET /products/136106242 HTTP/1.1" 404 796 "-" "Mozilla/5.0 (compatible; SemrushBot/7~bl; +http://www.semrush.com/bot.html)"
85.208.96.200 - - [18/Apr/2026:05:33:28 +0000] "GET /products/982716248 HTTP/1.1" 404 796 "-" "Mozilla/5.0 (compatible; SemrushBot/7~bl; +http://www.semrush.com/bot.html)"
37.59.204.132 - - [18/Apr/2026:05:33:44 +0000] "GET /products/20730241901 HTTP/1.1" 404 796 "-" "Mozilla/5.0 (compatible; AhrefsBot/7.0; +http://ahrefs.com/robot/)"
185.191.171.11 - - [18/Apr/2026:05:34:15 +0000] "GET /products/443024728 HTTP/1.1" 404 796 "-" "Mozilla/5.0 (compatible; SemrushBot/7~bl; +http://www.semrush.com/bot.html)"
57.141.0.29 - - [18/Apr/2026:05:34:26 +0000] "GET /products/19412130705 HTTP/1.1" 404 796 "-" "meta-externalagent/1.1 (+https://developers.facebook.com/docs/sharing/webmasters/crawler)"
85.208.96.195 - - [18/Apr/2026:05:34:29 +0000] "GET /products/13610183609 HTTP/1.1" 404 796 "-" "Mozilla/5.0 (compatible; SemrushBot/7~bl; +http://www.semrush.com/bot.html)"
37.59.204.135 - - [18/Apr/2026:05:34:44 +0000] "GET /products/20730234202 HTTP/1.1" 404 796 "-" "Mozilla/5.0 (compatible; AhrefsBot/7.0; +http://ahrefs.com/robot/)"
85.208.96.203 - - [18/Apr/2026:05:29:10 +0000] "GET /products/982713046 HTTP/1.1" 404 796 "-" "Mozilla/5.0 (compatible; SemrushBot/7~bl; +http://www.semrush.com/bot.html)"
85.208.96.199 - - [18/Apr/2026:05:29:25 +0000] "GET /products/13610232648 HTTP/1.1" 404 796 "-" "Mozilla/5.0 (compatible; SemrushBot/7~bl; +http://www.semrush.com/bot.html)"
57.141.0.69 - - [18/Apr/2026:05:29:59 +0000] "GET /products/19412275656 HTTP/1.1" 404 796 "-" "meta-externalagent/1.1 (+https://developers.facebook.com/docs/sharing/webmasters/crawler)"
85.208.96.199 - - [18/Apr/2026:05:30:04 +0000] "GET /products/1361018308 HTTP/1.1" 404 796 "-" "Mozilla/5.0 (compatible; SemrushBot/7~bl; +http://www.semrush.com/bot.html)"
185.191.171.8 - - [18/Apr/2026:05:30:10 +0000] "GET /products/194125096 HTTP/1.1" 404 796 "-" "Mozilla/5.0 (compatible; SemrushBot/7~bl; +http://www.semrush.com/bot.html)"
185.191.171.18 - - [18/Apr/2026:05:30:18 +0000] "GET /products/136106010 HTTP/1.1" 404 796 "-" "Mozilla/5.0 (compatible; SemrushBot/7~bl; +http://www.semrush.com/bot.html)"
85.208.96.207 - - [18/Apr/2026:05:30:24 +0000] "GET /products/13610160899 HTTP/1.1" 404 796 "-" "Mozilla/5.0 (compatible; SemrushBot/7~bl; +http://www.semrush.com/bot.html)"
185.191.171.9 - - [18/Apr/2026:05:30:30 +0000] "GET /products/9827173294 HTTP/1.1" 404 796 "-" "Mozilla/5.0 (compatible; SemrushBot/7~bl; +http://www.semrush.com/bot.html)"
185.191.171.8 - - [18/Apr/2026:05:31:26 +0000] "GET /products/63040101 HTTP/1.1" 404 796 "-" "Mozilla/5.0 (compatible; SemrushBot/7~bl; +http://www.semrush.com/bot.html)"
185.191.171.11 - - [18/Apr/2026:05:31:53 +0000] "GET /products/1361019444 HTTP/1.1" 404 796 "-" "Mozilla/5.0 (compatible; SemrushBot/7~bl; +http://www.semrush.com/bot.html)"
185.191.171.11 - - [18/Apr/2026:05:32:11 +0000] "GET /products/13610230012 HTTP/1.1" 404 796 "-" "Mozilla/5.0 (compatible; SemrushBot/7~bl; +http://www.semrush.com/bot.html)"
185.191.171.15 - - [18/Apr/2026:05:32:13 +0000] "GET /products/194125626 HTTP/1.1" 404 796 "-" "Mozilla/5.0 (compatible; SemrushBot/7~bl; +http://www.semrush.com/bot.html)"
85.208.96.205 - - [18/Apr/2026:05:32:19 +0000] "GET /products/207306313 HTTP/1.1" 404 796 "-" "Mozilla/5.0 (compatible; SemrushBot/7~bl; +http://www.semrush.com/bot.html)"
185.191.171.12 - - [18/Apr/2026:05:32:21 +0000] "GET /products/314213759 HTTP/1.1" 404 796 "-" "Mozilla/5.0 (compatible; SemrushBot/7~bl; +http://www.semrush.com/bot.html)"
85.208.96.195 - - [18/Apr/2026:05:32:43 +0000] "GET /products/194125283 HTTP/1.1" 404 796 "-" "Mozilla/5.0 (compatible; SemrushBot/7~bl; +http://www.semrush.com/bot.html)"
185.191.171.8 - - [18/Apr/2026:05:32:53 +0000] "GET /products/13610140738 HTTP/1.1" 404 796 "-" "Mozilla/5.0 (compatible; SemrushBot/7~bl; +http://www.semrush.com/bot.html)"
185.191.171.10 - - [18/Apr/2026:05:33:08 +0000] "GET /products/13610224402 HTTP/1.1" 404 796 "-" "Mozilla/5.0 (compatible; SemrushBot/7~bl; +http://www.semrush.com/bot.html)"
85.208.96.195 - - [18/Apr/2026:05:33:23 +0000] "GET /products/13610224690 HTTP/1.1" 404 796 "-" "Mozilla/5.0 (compatible; SemrushBot/7~bl; +http://www.semrush.com/bot.html)"
85.208.96.212 - - [18/Apr/2026:05:33:31 +0000] "GET /products/13610223214 HTTP/1.1" 404 796 "-" "Mozilla/5.0 (compatible; SemrushBot/7~bl; +http://www.semrush.com/bot.html)"
85.208.96.200 - - [18/Apr/2026:05:34:26 +0000] "GET /products/13610173889 HTTP/1.1" 404 796 "-" "Mozilla/5.0 (compatible; SemrushBot/7~bl; +http://www.semrush.com/bot.html)"
85.208.96.201 - - [18/Apr/2026:05:34:30 +0000] "GET /products/630409327 HTTP/1.1" 404 796 "-" "Mozilla/5.0 (compatible; SemrushBot/7~bl; +http://www.semrush.com/bot.html)"
85.208.96.200 - - [18/Apr/2026:05:35:10 +0000] "GET /products/967146665 HTTP/1.1" 404 796 "-" "Mozilla/5.0 (compatible; SemrushBot/7~bl; +http://www.semrush.com/bot.html)"
85.208.96.200 - - [18/Apr/2026:05:35:59 +0000] "GET /products/13610181886 HTTP/1.1" 404 796 "-" "Mozilla/5.0 (compatible; SemrushBot/7~bl; +http://www.semrush.com/bot.html)"
185.191.171.6 - - [18/Apr/2026:05:35:25 +0000] "GET /products/207308088 HTTP/1.1" 404 796 "-" "Mozilla/5.0 (compatible; SemrushBot/7~bl; +http://www.semrush.com/bot.html)"
57.141.0.18 - - [18/Apr/2026:05:35:32 +0000] "GET /products/4430256952 HTTP/1.1" 404 796 "-" "meta-externalagent/1.1 (+https://developers.facebook.com/docs/sharing/webmasters/crawler)"
185.191.171.16 - - [18/Apr/2026:05:35:41 +0000] "GET /products/9827191930 HTTP/1.1" 404 796 "-" "Mozilla/5.0 (compatible; SemrushBot/7~bl; +http://www.semrush.com/bot.html)"
51.75.236.157 - - [18/Apr/2026:05:35:45 +0000] "GET /products/20730230751 HTTP/1.1" 404 796 "-" "Mozilla/5.0 (compatible; AhrefsBot/7.0; +http://ahrefs.com/robot/)"
185.191.171.13 - - [18/Apr/2026:05:36:12 +0000] "GET /products/13610164132 HTTP/1.1" 404 796 "-" "Mozilla/5.0 (compatible; SemrushBot/7~bl; +http://www.semrush.com/bot.html)"
185.191.171.9 - - [18/Apr/2026:05:36:15 +0000] "GET /products/207302361 HTTP/1.1" 404 796 "-" "Mozilla/5.0 (compatible; SemrushBot/7~bl; +http://www.semrush.com/bot.html)"
85.208.96.200 - - [18/Apr/2026:05:36:16 +0000] "GET /products/13610208658 HTTP/1.1" 404 796 "-" "Mozilla/5.0 (compatible; SemrushBot/7~bl; +http://www.semrush.com/bot.html)"
57.141.0.48 - - [18/Apr/2026:05:36:39 +0000] "GET /products/20730226997 HTTP/1.1" 404 796 "-" "meta-externalagent/1.1 (+https://developers.facebook.com/docs/sharing/webmasters/crawler)"
85.208.96.208 - - [18/Apr/2026:05:36:41 +0000] "GET /products/13610224353 HTTP/1.1" 404 796 "-" "Mozilla/5.0 (compatible; SemrushBot/7~bl; +http://www.semrush.com/bot.html)"
185.191.171.17 - - [18/Apr/2026:05:36:43 +0000] "GET /products/1361014912 HTTP/1.1" 404 796 "-" "Mozilla/5.0 (compatible; SemrushBot/7~bl; +http://www.semrush.com/bot.html)"
85.208.96.200 - - [18/Apr/2026:05:37:28 +0000] "GET /products/63040414 HTTP/1.1" 404 796 "-" "Mozilla/5.0 (compatible; SemrushBot/7~bl; +http://www.semrush.com/bot.html)"
57.141.0.62 - - [18/Apr/2026:05:37:46 +0000] "GET /products/98271145308 HTTP/1.1" 404 796 "-" "meta-externalagent/1.1 (+https://developers.facebook.com/docs/sharing/webmasters/crawler)"
37.59.204.156 - - [18/Apr/2026:05:37:49 +0000] "GET /products/20730178801 HTTP/1.1" 404 796 "-" "Mozilla/5.0 (compatible; AhrefsBot/7.0; +http://ahrefs.com/robot/)"
85.208.96.200 - - [18/Apr/2026:05:38:36 +0000] "GET /products/314215297 HTTP/1.1" 404 796 "-" "Mozilla/5.0 (compatible; SemrushBot/7~bl; +http://www.semrush.com/bot.html)"
185.191.171.9 - - [18/Apr/2026:05:38:40 +0000] "GET /products/13610147571 HTTP/1.1" 404 796 "-" "Mozilla/5.0 (compatible; SemrushBot/7~bl; +http://www.semrush.com/bot.html)"
57.141.0.41 - - [18/Apr/2026:05:38:53 +0000] "GET /products/9671442048 HTTP/1.1" 404 796 "-" "meta-externalagent/1.1 (+https://developers.facebook.com/docs/sharing/webmasters/crawler)"
85.208.96.198 - - [18/Apr/2026:05:39:33 +0000] "GET /products/13610160692 HTTP/1.1" 404 796 "-" "Mozilla/5.0 (compatible; SemrushBot/7~bl; +http://www.semrush.com/bot.html)"
185.191.171.9 - - [18/Apr/2026:05:39:44 +0000] "GET /products/13610231596 HTTP/1.1" 404 796 "-" "Mozilla/5.0 (compatible; SemrushBot/7~bl; +http://www.semrush.com/bot.html)"
185.191.171.2 - - [18/Apr/2026:05:40:33 +0000] "GET /products/13610141301 HTTP/1.1" 404 796 "-" "Mozilla/5.0 (compatible; SemrushBot/7~bl; +http://www.semrush.com/bot.html)"
85.208.96.205 - - [18/Apr/2026:05:40:42 +0000] "GET /products/314219704 HTTP/1.1" 404 796 "-" "Mozilla/5.0 (compatible; SemrushBot/7~bl; +http://www.semrush.com/bot.html)"
85.208.96.203 - - [18/Apr/2026:05:40:45 +0000] "GET /products/13610229486 HTTP/1.1" 404 796 "-" "Mozilla/5.0 (compatible; SemrushBot/7~bl; +http://www.semrush.com/bot.html)"
54.37.118.70 - - [18/Apr/2026:05:40:51 +0000] "GET /products/20730118575 HTTP/1.1" 404 796 "-" "Mozilla/5.0 (compatible; AhrefsBot/7.0; +http://ahrefs.com/robot/)"
85.208.96.200 - - [18/Apr/2026:05:40:52 +0000] "GET /products/13610182370 HTTP/1.1" 404 796 "-" "Mozilla/5.0 (compatible; SemrushBot/7~bl; +http://www.semrush.com/bot.html)"
85.208.96.203 - - [18/Apr/2026:05:36:14 +0000] "GET /robots.txt HTTP/1.1" 200 109 "-" "Mozilla/5.0 (compatible; SemrushBot/7~bl; +http://www.semrush.com/bot.html)"
185.191.171.19 - - [18/Apr/2026:05:36:30 +0000] "GET /products/1361017065 HTTP/1.1" 404 796 "-" "Mozilla/5.0 (compatible; SemrushBot/7~bl; +http://www.semrush.com/bot.html)"
5.39.109.162 - - [18/Apr/2026:05:36:47 +0000] "GET /products/2073018851 HTTP/1.1" 404 796 "-" "Mozilla/5.0 (compatible; AhrefsBot/7.0; +http://ahrefs.com/robot/)"
185.191.171.9 - - [18/Apr/2026:05:36:51 +0000] "GET /products/13610233586 HTTP/1.1" 404 796 "-" "Mozilla/5.0 (compatible; SemrushBot/7~bl; +http://www.semrush.com/bot.html)"
85.208.96.196 - - [18/Apr/2026:05:37:10 +0000] "GET /products/1361022126 HTTP/1.1" 404 796 "-" "Mozilla/5.0 (compatible; SemrushBot/7~bl; +http://www.semrush.com/bot.html)"
85.208.96.200 - - [18/Apr/2026:05:37:37 +0000] "GET /products/13610191607 HTTP/1.1" 404 796 "-" "Mozilla/5.0 (compatible; SemrushBot/7~bl; +http://www.semrush.com/bot.html)"
85.208.96.200 - - [18/Apr/2026:05:37:38 +0000] "GET /products/9827187466 HTTP/1.1" 404 796 "-" "Mozilla/5.0 (compatible; SemrushBot/7~bl; +http://www.semrush.com/bot.html)"
185.191.171.5 - - [18/Apr/2026:05:37:44 +0000] "GET /products/13610184235 HTTP/1.1" 404 796 "-" "Mozilla/5.0 (compatible; SemrushBot/7~bl; +http://www.semrush.com/bot.html)"
85.208.96.194 - - [18/Apr/2026:05:38:14 +0000] "GET /products/314212953 HTTP/1.1" 404 796 "-" "Mozilla/5.0 (compatible; SemrushBot/7~bl; +http://www.semrush.com/bot.html)"
5.39.1.249 - - [18/Apr/2026:05:38:49 +0000] "GET /products/20730165629 HTTP/1.1" 404 796 "-" "Mozilla/5.0 (compatible; AhrefsBot/7.0; +http://ahrefs.com/robot/)"
185.191.171.11 - - [18/Apr/2026:05:38:55 +0000] "GET /products/13610205217 HTTP/1.1" 404 796 "-" "Mozilla/5.0 (compatible; SemrushBot/7~bl; +http://www.semrush.com/bot.html)"
176.31.139.16 - - [18/Apr/2026:05:39:53 +0000] "GET /products/20730146041 HTTP/1.1" 404 796 "-" "Mozilla/5.0 (compatible; AhrefsBot/7.0; +http://ahrefs.com/robot/)"
57.141.0.31 - - [18/Apr/2026:05:39:58 +0000] "GET /products/443024643 HTTP/1.1" 404 796 "-" "meta-externalagent/1.1 (+https://developers.facebook.com/docs/sharing/webmasters/crawler)"
85.208.96.198 - - [18/Apr/2026:05:40:01 +0000] "GET /products/13610230865 HTTP/1.1" 404 796 "-" "Mozilla/5.0 (compatible; SemrushBot/7~bl; +http://www.semrush.com/bot.html)"
185.191.171.9 - - [18/Apr/2026:05:40:03 +0000] "GET /products/9827174382 HTTP/1.1" 404 796 "-" "Mozilla/5.0 (compatible; SemrushBot/7~bl; +http://www.semrush.com/bot.html)"
185.191.171.3 - - [18/Apr/2026:05:40:17 +0000] "GET /products/13610158758 HTTP/1.1" 404 796 "-" "Mozilla/5.0 (compatible; SemrushBot/7~bl; +http://www.semrush.com/bot.html)"
185.191.171.10 - - [18/Apr/2026:05:40:41 +0000] "GET /products/13610183392 HTTP/1.1" 404 796 "-" "Mozilla/5.0 (compatible; SemrushBot/7~bl; +http://www.semrush.com/bot.html)"
85.208.96.196 - - [18/Apr/2026:05:41:26 +0000] "GET /products/13610163231 HTTP/1.1" 404 796 "-" "Mozilla/5.0 (compatible; SemrushBot/7~bl; +http://www.semrush.com/bot.html)"
185.191.171.5 - - [18/Apr/2026:05:41:29 +0000] "GET /products/13610147603 HTTP/1.1" 404 796 "-" "Mozilla/5.0 (compatible; SemrushBot/7~bl; +http://www.semrush.com/bot.html)"
185.191.171.5 - - [18/Apr/2026:05:41:43 +0000] "GET /products/13610199307 HTTP/1.1" 404 796 "-" "Mozilla/5.0 (compatible; SemrushBot/7~bl; +http://www.semrush.com/bot.html)"
57.141.0.14 - - [18/Apr/2026:05:42:12 +0000] "GET /products/96714141792 HTTP/1.1" 404 796 "-" "meta-externalagent/1.1 (+https://developers.facebook.com/docs/sharing/webmasters/crawler)"
85.208.96.198 - - [18/Apr/2026:05:42:17 +0000] "GET /products/13610210422 HTTP/1.1" 404 796 "-" "Mozilla/5.0 (compatible; SemrushBot/7~bl; +http://www.semrush.com/bot.html)"
185.191.171.8 - - [18/Apr/2026:05:42:36 +0000] "GET /products/13610142621 HTTP/1.1" 404 796 "-" "Mozilla/5.0 (compatible; SemrushBot/7~bl; +http://www.semrush.com/bot.html)"
185.191.171.13 - - [18/Apr/2026:05:40:54 +0000] "GET /products/13610144904 HTTP/1.1" 404 796 "-" "Mozilla/5.0 (compatible; SemrushBot/7~bl; +http://www.semrush.com/bot.html)"
57.141.0.59 - - [18/Apr/2026:05:41:06 +0000] "GET /products/31421237263 HTTP/1.1" 404 796 "-" "meta-externalagent/1.1 (+https://developers.facebook.com/docs/sharing/webmasters/crawler)"
185.191.171.13 - - [18/Apr/2026:05:41:20 +0000] "GET /products/13610227518 HTTP/1.1" 404 796 "-" "Mozilla/5.0 (compatible; SemrushBot/7~bl; +http://www.semrush.com/bot.html)"
85.208.96.205 - - [18/Apr/2026:05:41:25 +0000] "GET /products/13610212329 HTTP/1.1" 404 796 "-" "Mozilla/5.0 (compatible; SemrushBot/7~bl; +http://www.semrush.com/bot.html)"
5.39.1.249 - - [18/Apr/2026:05:42:22 +0000] "GET /products/20730113089 HTTP/1.1" 404 796 "-" "Mozilla/5.0 (compatible; AhrefsBot/7.0; +http://ahrefs.com/robot/)"
85.208.96.199 - - [18/Apr/2026:05:42:35 +0000] "GET /products/9827192568 HTTP/1.1" 404 796 "-" "Mozilla/5.0 (compatible; SemrushBot/7~bl; +http://www.semrush.com/bot.html)"
185.191.171.7 - - [18/Apr/2026:05:42:40 +0000] "GET /products/13610228394 HTTP/1.1" 404 796 "-" "Mozilla/5.0 (compatible; SemrushBot/7~bl; +http://www.semrush.com/bot.html)"
176.31.139.27 - - [18/Apr/2026:05:42:55 +0000] "GET /products/1941289616 HTTP/1.1" 404 796 "-" "Mozilla/5.0 (compatible; AhrefsBot/7.0; +http://ahrefs.com/robot/)"
37.59.204.143 - - [18/Apr/2026:05:44:12 +0000] "GET /products/19412279557 HTTP/1.1" 404 796 "-" "Mozilla/5.0 (compatible; AhrefsBot/7.0; +http://ahrefs.com/robot/)"
185.191.171.10 - - [18/Apr/2026:05:44:32 +0000] "GET /products/13610228449 HTTP/1.1" 404 796 "-" "Mozilla/5.0 (compatible; SemrushBot/7~bl; +http://www.semrush.com/bot.html)"
85.208.96.212 - - [18/Apr/2026:05:44:33 +0000] "GET /products/13610139514 HTTP/1.1" 404 796 "-" "Mozilla/5.0 (compatible; SemrushBot/7~bl; +http://www.semrush.com/bot.html)"
85.208.96.205 - - [18/Apr/2026:05:44:41 +0000] "GET /products/967145481 HTTP/1.1" 404 796 "-" "Mozilla/5.0 (compatible; SemrushBot/7~bl; +http://www.semrush.com/bot.html)"
85.208.96.209 - - [18/Apr/2026:05:44:53 +0000] "GET /products/443028628 HTTP/1.1" 404 796 "-" "Mozilla/5.0 (compatible; SemrushBot/7~bl; +http://www.semrush.com/bot.html)"
85.208.96.196 - - [18/Apr/2026:05:44:54 +0000] "GET /products/136103551 HTTP/1.1" 404 796 "-" "Mozilla/5.0 (compatible; SemrushBot/7~bl; +http://www.semrush.com/bot.html)"
185.191.171.11 - - [18/Apr/2026:05:45:01 +0000] "GET /products/13610218154 HTTP/1.1" 404 796 "-" "Mozilla/5.0 (compatible; SemrushBot/7~bl; +http://www.semrush.com/bot.html)"
85.208.96.206 - - [18/Apr/2026:05:45:29 +0000] "GET /products/13610170367 HTTP/1.1" 404 796 "-" "Mozilla/5.0 (compatible; SemrushBot/7~bl; +http://www.semrush.com/bot.html)"
85.208.96.205 - - [18/Apr/2026:05:45:30 +0000] "GET /products/13610231450 HTTP/1.1" 404 796 "-" "Mozilla/5.0 (compatible; SemrushBot/7~bl; +http://www.semrush.com/bot.html)"
85.208.96.208 - - [18/Apr/2026:05:45:32 +0000] "GET /products/13610194981 HTTP/1.1" 404 796 "-" "Mozilla/5.0 (compatible; SemrushBot/7~bl; +http://www.semrush.com/bot.html)"
185.191.171.1 - - [18/Apr/2026:05:45:40 +0000] "GET /products/9827197643 HTTP/1.1" 404 796 "-" "Mozilla/5.0 (compatible; SemrushBot/7~bl; +http://www.semrush.com/bot.html)"
85.208.96.209 - - [18/Apr/2026:05:46:42 +0000] "GET /products/13610172708 HTTP/1.1" 404 796 "-" "Mozilla/5.0 (compatible; SemrushBot/7~bl; +http://www.semrush.com/bot.html)"
85.208.96.212 - - [18/Apr/2026:05:47:33 +0000] "GET /products/13610170865 HTTP/1.1" 404 796 "-" "Mozilla/5.0 (compatible; SemrushBot/7~bl; +http://www.semrush.com/bot.html)"
85.208.96.194 - - [18/Apr/2026:05:48:20 +0000] "GET /products/13610183718 HTTP/1.1" 404 796 "-" "Mozilla/5.0 (compatible; SemrushBot/7~bl; +http://www.semrush.com/bot.html)"
185.191.171.16 - - [18/Apr/2026:05:48:34 +0000] "GET /products/13610223651 HTTP/1.1" 404 796 "-" "Mozilla/5.0 (compatible; SemrushBot/7~bl; +http://www.semrush.com/bot.html)"
185.191.171.13 - - [18/Apr/2026:05:43:13 +0000] "GET /products/9827177193 HTTP/1.1" 404 796 "-" "Mozilla/5.0 (compatible; SemrushBot/7~bl; +http://www.semrush.com/bot.html)"
57.141.0.55 - - [18/Apr/2026:05:43:19 +0000] "GET /products/1361028701 HTTP/1.1" 404 796 "-" "meta-externalagent/1.1 (+https://developers.facebook.com/docs/sharing/webmasters/crawler)"
85.208.96.202 - - [18/Apr/2026:05:44:00 +0000] "GET /products/13610222196 HTTP/1.1" 404 796 "-" "Mozilla/5.0 (compatible; SemrushBot/7~bl; +http://www.semrush.com/bot.html)"
85.208.96.206 - - [18/Apr/2026:05:44:03 +0000] "GET /products/207301732 HTTP/1.1" 404 796 "-" "Mozilla/5.0 (compatible; SemrushBot/7~bl; +http://www.semrush.com/bot.html)"
85.208.96.205 - - [18/Apr/2026:05:44:14 +0000] "GET /products/13610191330 HTTP/1.1" 404 796 "-" "Mozilla/5.0 (compatible; SemrushBot/7~bl; +http://www.semrush.com/bot.html)"
